{"id":34202,"date":"2025-12-12T18:51:39","date_gmt":"2025-12-12T17:51:39","guid":{"rendered":"https:\/\/test.ecbeaute.com\/?post_type=product&#038;p=34202"},"modified":"2025-12-12T18:51:45","modified_gmt":"2025-12-12T17:51:45","slug":"aderma-cutalgan-spray-rafraichissant-ultra-calmant-100-ml","status":"publish","type":"product","link":"https:\/\/paracherkaoui.ma\/index.php\/produit\/aderma-cutalgan-spray-rafraichissant-ultra-calmant-100-ml\/","title":{"rendered":"ADERMA CUTALGAN SPRAY RAFRAICHISSANT ULTRA CALMANT 100 ML"},"content":{"rendered":"<p>Ce spray apaise la peau lorsqu&rsquo;elle chauffe, pique ou gratte. Avec ses 12 ingr\u00e9dients, dont l&rsquo;extrait de Plantules d&rsquo;Avoine Rhealba et la liane du P\u00e9rou et avec 98% d&rsquo;ingr\u00e9dients d&rsquo;origine naturelle, il devient le r\u00e9flexe apaisant et ultra-calmant de la peau. Il agit imm\u00e9diatement et durant six heures\u00b9 pour donner du r\u00e9pit \u00e0 l&rsquo;\u00e9piderme tiraill\u00e9 ou inconfortable. Les sensations cutan\u00e9es d\u00e9sagr\u00e9ables ou pouvant m\u00eame \u00eatre ressenties comme douloureuses du visage, du corps, du cuir chevelu et des zones intimes externes trouvent en lui un r\u00e9confort imm\u00e9diat et durable. CUTALGAN Spray rafra\u00eechissant ultra-calmant s&rsquo;applique en quelques vaporisations, d\u00e8s que n\u00e9cessaire, et jusqu&rsquo;\u00e0 six fois par jour. Adapt\u00e9 \u00e0 toutes les peaux<br \/>\nLes bienfaits :<br \/>\n\u2022 APAISE les sensations cutan\u00e9es pouvant \u00eatre ressenties comme douloureuses imm\u00e9diatement et jusqu\u2019\u00e0 six heures apr\u00e8s application.<br \/>\n\u2022 RAFRA\u00ceCHIT instantan\u00e9ment le corps, le visage, les mains, le cuir chevelu et les zones intimes externes.<br \/>\nInfo Vegan : sans ingr\u00e9dient d&rsquo;origine animale<br \/>\nConseils d&rsquo;utilisation:<br \/>\nUtiliser jusqu\u2019\u00e0 6 fois par jour.<br \/>\nPour une meilleure sprayabilit\u00e9, agiter et vaporiser \u00e0 20 cm de la peau.<br \/>\nEtaler si besoin.<br \/>\nNe pas vaporiser vers les yeux.<br \/>\nPour une application visage, sprayer dans la main et appliquer.<\/p>\n","protected":false},"excerpt":{"rendered":"<p>Ce spray apaise la peau lorsqu&rsquo;elle chauffe, pique ou gratte. Avec ses 12 ingr\u00e9dients, dont l&rsquo;extrait de Plantules d&rsquo;Avoine Rhealba<\/p>\n","protected":false},"featured_media":34238,"comment_status":"open","ping_status":"closed","template":"","meta":[],"product_brand":[372],"product_cat":[618],"product_tag":[],"class_list":{"0":"post-34202","1":"product","2":"type-product","3":"status-publish","4":"has-post-thumbnail","6":"product_brand-a-derma","7":"product_cat-hydratation-corps-corps","9":"first","10":"instock","11":"sale","12":"shipping-taxable","13":"purchasable","14":"product-type-simple"},"yoast_head":"<!-- This site is optimized with the Yoast SEO plugin v26.6 - https:\/\/yoast.com\/wordpress\/plugins\/seo\/ -->\r\n<title>ADERMA CUTALGAN SPRAY RAFRAICHISSANT ULTRA CALMANT 100 ML - Paracherkaoui.ma<\/title>\r\n<meta name=\"robots\" content=\"index, follow, max-snippet:-1, max-image-preview:large, max-video-preview:-1\" \/>\r\n<link rel=\"canonical\" href=\"https:\/\/paracherkaoui.ma\/index.php\/produit\/aderma-cutalgan-spray-rafraichissant-ultra-calmant-100-ml\/\" \/>\r\n<meta property=\"og:locale\" content=\"fr_FR\" \/>\r\n<meta property=\"og:type\" content=\"article\" \/>\r\n<meta property=\"og:title\" content=\"ADERMA CUTALGAN SPRAY RAFRAICHISSANT ULTRA CALMANT 100 ML - Paracherkaoui.ma\" \/>\r\n<meta property=\"og:description\" content=\"Ce spray apaise la peau lorsqu&rsquo;elle chauffe, pique ou gratte. Avec ses 12 ingr\u00e9dients, dont l&rsquo;extrait de Plantules d&rsquo;Avoine Rhealba\" \/>\r\n<meta property=\"og:url\" content=\"https:\/\/paracherkaoui.ma\/index.php\/produit\/aderma-cutalgan-spray-rafraichissant-ultra-calmant-100-ml\/\" \/>\r\n<meta property=\"og:site_name\" content=\"Paracherkaoui.ma\" \/>\r\n<meta property=\"article:modified_time\" content=\"2025-12-12T17:51:45+00:00\" \/>\r\n<meta property=\"og:image\" content=\"https:\/\/paracherkaoui.ma\/wp-content\/uploads\/2025\/12\/a-derma-aderma-cutalgan-spray-rafraichissant-ultra-calmant-100-ml-hydratation-corps.jpg\" \/>\r\n\t<meta property=\"og:image:width\" content=\"700\" \/>\r\n\t<meta property=\"og:image:height\" content=\"700\" \/>\r\n\t<meta property=\"og:image:type\" content=\"image\/jpeg\" \/>\r\n<meta name=\"twitter:card\" content=\"summary_large_image\" \/>\r\n<meta name=\"twitter:label1\" content=\"Dur\u00e9e de lecture estim\u00e9e\" \/>\n\t<meta name=\"twitter:data1\" content=\"1 minute\" \/>\r\n<script type=\"application\/ld+json\" class=\"yoast-schema-graph\">{\"@context\":\"https:\/\/schema.org\",\"@graph\":[{\"@type\":\"WebPage\",\"@id\":\"https:\/\/paracherkaoui.ma\/index.php\/produit\/aderma-cutalgan-spray-rafraichissant-ultra-calmant-100-ml\/\",\"url\":\"https:\/\/paracherkaoui.ma\/index.php\/produit\/aderma-cutalgan-spray-rafraichissant-ultra-calmant-100-ml\/\",\"name\":\"ADERMA CUTALGAN SPRAY RAFRAICHISSANT ULTRA CALMANT 100 ML - Paracherkaoui.ma\",\"isPartOf\":{\"@id\":\"https:\/\/paracherkaoui.ma\/#website\"},\"primaryImageOfPage\":{\"@id\":\"https:\/\/paracherkaoui.ma\/index.php\/produit\/aderma-cutalgan-spray-rafraichissant-ultra-calmant-100-ml\/#primaryimage\"},\"image\":{\"@id\":\"https:\/\/paracherkaoui.ma\/index.php\/produit\/aderma-cutalgan-spray-rafraichissant-ultra-calmant-100-ml\/#primaryimage\"},\"thumbnailUrl\":\"https:\/\/paracherkaoui.ma\/wp-content\/uploads\/2025\/12\/a-derma-aderma-cutalgan-spray-rafraichissant-ultra-calmant-100-ml-hydratation-corps.jpg\",\"datePublished\":\"2025-12-12T17:51:39+00:00\",\"dateModified\":\"2025-12-12T17:51:45+00:00\",\"breadcrumb\":{\"@id\":\"https:\/\/paracherkaoui.ma\/index.php\/produit\/aderma-cutalgan-spray-rafraichissant-ultra-calmant-100-ml\/#breadcrumb\"},\"inLanguage\":\"fr-FR\",\"potentialAction\":[{\"@type\":\"ReadAction\",\"target\":[\"https:\/\/paracherkaoui.ma\/index.php\/produit\/aderma-cutalgan-spray-rafraichissant-ultra-calmant-100-ml\/\"]}]},{\"@type\":\"ImageObject\",\"inLanguage\":\"fr-FR\",\"@id\":\"https:\/\/paracherkaoui.ma\/index.php\/produit\/aderma-cutalgan-spray-rafraichissant-ultra-calmant-100-ml\/#primaryimage\",\"url\":\"https:\/\/paracherkaoui.ma\/wp-content\/uploads\/2025\/12\/a-derma-aderma-cutalgan-spray-rafraichissant-ultra-calmant-100-ml-hydratation-corps.jpg\",\"contentUrl\":\"https:\/\/paracherkaoui.ma\/wp-content\/uploads\/2025\/12\/a-derma-aderma-cutalgan-spray-rafraichissant-ultra-calmant-100-ml-hydratation-corps.jpg\",\"width\":700,\"height\":700},{\"@type\":\"BreadcrumbList\",\"@id\":\"https:\/\/paracherkaoui.ma\/index.php\/produit\/aderma-cutalgan-spray-rafraichissant-ultra-calmant-100-ml\/#breadcrumb\",\"itemListElement\":[{\"@type\":\"ListItem\",\"position\":1,\"name\":\"Accueil\",\"item\":\"https:\/\/paracherkaoui.ma\/\"},{\"@type\":\"ListItem\",\"position\":2,\"name\":\"Boutique\",\"item\":\"https:\/\/paracherkaoui.ma\/index.php\/boutique\/\"},{\"@type\":\"ListItem\",\"position\":3,\"name\":\"ADERMA CUTALGAN SPRAY RAFRAICHISSANT ULTRA CALMANT 100 ML\"}]},{\"@type\":\"WebSite\",\"@id\":\"https:\/\/paracherkaoui.ma\/#website\",\"url\":\"https:\/\/paracherkaoui.ma\/\",\"name\":\"Paracherkaoui.ma\",\"description\":\"Achetez en ligne sur Paracherkaoui.ma\",\"potentialAction\":[{\"@type\":\"SearchAction\",\"target\":{\"@type\":\"EntryPoint\",\"urlTemplate\":\"https:\/\/paracherkaoui.ma\/?s={search_term_string}\"},\"query-input\":{\"@type\":\"PropertyValueSpecification\",\"valueRequired\":true,\"valueName\":\"search_term_string\"}}],\"inLanguage\":\"fr-FR\"}]}<\/script>\r\n<!-- \/ Yoast SEO plugin. -->","yoast_head_json":{"title":"ADERMA CUTALGAN SPRAY RAFRAICHISSANT ULTRA CALMANT 100 ML - Paracherkaoui.ma","robots":{"index":"index","follow":"follow","max-snippet":"max-snippet:-1","max-image-preview":"max-image-preview:large","max-video-preview":"max-video-preview:-1"},"canonical":"https:\/\/paracherkaoui.ma\/index.php\/produit\/aderma-cutalgan-spray-rafraichissant-ultra-calmant-100-ml\/","og_locale":"fr_FR","og_type":"article","og_title":"ADERMA CUTALGAN SPRAY RAFRAICHISSANT ULTRA CALMANT 100 ML - Paracherkaoui.ma","og_description":"Ce spray apaise la peau lorsqu&rsquo;elle chauffe, pique ou gratte. Avec ses 12 ingr\u00e9dients, dont l&rsquo;extrait de Plantules d&rsquo;Avoine Rhealba","og_url":"https:\/\/paracherkaoui.ma\/index.php\/produit\/aderma-cutalgan-spray-rafraichissant-ultra-calmant-100-ml\/","og_site_name":"Paracherkaoui.ma","article_modified_time":"2025-12-12T17:51:45+00:00","og_image":[{"width":700,"height":700,"url":"https:\/\/paracherkaoui.ma\/wp-content\/uploads\/2025\/12\/a-derma-aderma-cutalgan-spray-rafraichissant-ultra-calmant-100-ml-hydratation-corps.jpg","type":"image\/jpeg"}],"twitter_card":"summary_large_image","twitter_misc":{"Dur\u00e9e de lecture estim\u00e9e":"1 minute"},"schema":{"@context":"https:\/\/schema.org","@graph":[{"@type":"WebPage","@id":"https:\/\/paracherkaoui.ma\/index.php\/produit\/aderma-cutalgan-spray-rafraichissant-ultra-calmant-100-ml\/","url":"https:\/\/paracherkaoui.ma\/index.php\/produit\/aderma-cutalgan-spray-rafraichissant-ultra-calmant-100-ml\/","name":"ADERMA CUTALGAN SPRAY RAFRAICHISSANT ULTRA CALMANT 100 ML - Paracherkaoui.ma","isPartOf":{"@id":"https:\/\/paracherkaoui.ma\/#website"},"primaryImageOfPage":{"@id":"https:\/\/paracherkaoui.ma\/index.php\/produit\/aderma-cutalgan-spray-rafraichissant-ultra-calmant-100-ml\/#primaryimage"},"image":{"@id":"https:\/\/paracherkaoui.ma\/index.php\/produit\/aderma-cutalgan-spray-rafraichissant-ultra-calmant-100-ml\/#primaryimage"},"thumbnailUrl":"https:\/\/paracherkaoui.ma\/wp-content\/uploads\/2025\/12\/a-derma-aderma-cutalgan-spray-rafraichissant-ultra-calmant-100-ml-hydratation-corps.jpg","datePublished":"2025-12-12T17:51:39+00:00","dateModified":"2025-12-12T17:51:45+00:00","breadcrumb":{"@id":"https:\/\/paracherkaoui.ma\/index.php\/produit\/aderma-cutalgan-spray-rafraichissant-ultra-calmant-100-ml\/#breadcrumb"},"inLanguage":"fr-FR","potentialAction":[{"@type":"ReadAction","target":["https:\/\/paracherkaoui.ma\/index.php\/produit\/aderma-cutalgan-spray-rafraichissant-ultra-calmant-100-ml\/"]}]},{"@type":"ImageObject","inLanguage":"fr-FR","@id":"https:\/\/paracherkaoui.ma\/index.php\/produit\/aderma-cutalgan-spray-rafraichissant-ultra-calmant-100-ml\/#primaryimage","url":"https:\/\/paracherkaoui.ma\/wp-content\/uploads\/2025\/12\/a-derma-aderma-cutalgan-spray-rafraichissant-ultra-calmant-100-ml-hydratation-corps.jpg","contentUrl":"https:\/\/paracherkaoui.ma\/wp-content\/uploads\/2025\/12\/a-derma-aderma-cutalgan-spray-rafraichissant-ultra-calmant-100-ml-hydratation-corps.jpg","width":700,"height":700},{"@type":"BreadcrumbList","@id":"https:\/\/paracherkaoui.ma\/index.php\/produit\/aderma-cutalgan-spray-rafraichissant-ultra-calmant-100-ml\/#breadcrumb","itemListElement":[{"@type":"ListItem","position":1,"name":"Accueil","item":"https:\/\/paracherkaoui.ma\/"},{"@type":"ListItem","position":2,"name":"Boutique","item":"https:\/\/paracherkaoui.ma\/index.php\/boutique\/"},{"@type":"ListItem","position":3,"name":"ADERMA CUTALGAN SPRAY RAFRAICHISSANT ULTRA CALMANT 100 ML"}]},{"@type":"WebSite","@id":"https:\/\/paracherkaoui.ma\/#website","url":"https:\/\/paracherkaoui.ma\/","name":"Paracherkaoui.ma","description":"Achetez en ligne sur Paracherkaoui.ma","potentialAction":[{"@type":"SearchAction","target":{"@type":"EntryPoint","urlTemplate":"https:\/\/paracherkaoui.ma\/?s={search_term_string}"},"query-input":{"@type":"PropertyValueSpecification","valueRequired":true,"valueName":"search_term_string"}}],"inLanguage":"fr-FR"}]}},"_links":{"self":[{"href":"https:\/\/paracherkaoui.ma\/index.php\/wp-json\/wp\/v2\/product\/34202","targetHints":{"allow":["GET"]}}],"collection":[{"href":"https:\/\/paracherkaoui.ma\/index.php\/wp-json\/wp\/v2\/product"}],"about":[{"href":"https:\/\/paracherkaoui.ma\/index.php\/wp-json\/wp\/v2\/types\/product"}],"replies":[{"embeddable":true,"href":"https:\/\/paracherkaoui.ma\/index.php\/wp-json\/wp\/v2\/comments?post=34202"}],"version-history":[{"count":1,"href":"https:\/\/paracherkaoui.ma\/index.php\/wp-json\/wp\/v2\/product\/34202\/revisions"}],"predecessor-version":[{"id":34239,"href":"https:\/\/paracherkaoui.ma\/index.php\/wp-json\/wp\/v2\/product\/34202\/revisions\/34239"}],"wp:featuredmedia":[{"embeddable":true,"href":"https:\/\/paracherkaoui.ma\/index.php\/wp-json\/wp\/v2\/media\/34238"}],"wp:attachment":[{"href":"https:\/\/paracherkaoui.ma\/index.php\/wp-json\/wp\/v2\/media?parent=34202"}],"wp:term":[{"taxonomy":"product_brand","embeddable":true,"href":"https:\/\/paracherkaoui.ma\/index.php\/wp-json\/wp\/v2\/product_brand?post=34202"},{"taxonomy":"product_cat","embeddable":true,"href":"https:\/\/paracherkaoui.ma\/index.php\/wp-json\/wp\/v2\/product_cat?post=34202"},{"taxonomy":"product_tag","embeddable":true,"href":"https:\/\/paracherkaoui.ma\/index.php\/wp-json\/wp\/v2\/product_tag?post=34202"}],"curies":[{"name":"wp","href":"https:\/\/api.w.org\/{rel}","templated":true}]}}