{"id":34201,"date":"2025-12-12T18:51:39","date_gmt":"2025-12-12T17:51:39","guid":{"rendered":"https:\/\/test.ecbeaute.com\/?post_type=product&#038;p=34201"},"modified":"2025-12-12T18:51:44","modified_gmt":"2025-12-12T17:51:44","slug":"excipial-u-10-lipolotion-200ml","status":"publish","type":"product","link":"https:\/\/paracherkaoui.ma\/index.php\/produit\/excipial-u-10-lipolotion-200ml\/","title":{"rendered":"EXCIPIAL U 10 LIPOLOTION 200ml"},"content":{"rendered":"<p>Excipial Pruri lotion est formul\u00e9e pour le soin des peaux s\u00e8ches et prurigineuses li\u00e9es \u00e0 une s\u00e9cheresse cutan\u00e9e due \u00e0 l\u2019\u00e2ge ou \u00e0 des conditions climatiques telles qu\u2019une faible humidit\u00e9 atmosph\u00e9rique en hiver ou dans des pi\u00e8ces chauff\u00e9es.La Excipial Pruri lotion contient du menthol pour soulager les d\u00e9mangeaisons et procurer une action rafra\u00eechissante. En effet, il contient des composants capables de stimuler les r\u00e9cepteurs chimiques r\u00e9actifs au froid, qui sont situ\u00e9s en dessous de la peau.<br \/>\nConseils d&rsquo;utilisation:<br \/>\nAppliquer une \u00e0 plusieurs fois par jour.<br \/>\nUtiliser d\u00e8s les premiers signes de d\u00e9mangeaisons.<\/p>\n","protected":false},"excerpt":{"rendered":"<p>Excipial Pruri lotion est formul\u00e9e pour le soin des peaux s\u00e8ches et prurigineuses li\u00e9es \u00e0 une s\u00e9cheresse cutan\u00e9e due \u00e0<\/p>\n","protected":false},"featured_media":34236,"comment_status":"open","ping_status":"closed","template":"","meta":[],"product_brand":[612],"product_cat":[618],"product_tag":[],"class_list":{"0":"post-34201","1":"product","2":"type-product","3":"status-publish","4":"has-post-thumbnail","6":"product_brand-galderma","7":"product_cat-hydratation-corps-corps","9":"first","10":"instock","11":"sale","12":"shipping-taxable","13":"purchasable","14":"product-type-simple"},"yoast_head":"<!-- This site is optimized with the Yoast SEO plugin v26.6 - https:\/\/yoast.com\/wordpress\/plugins\/seo\/ -->\r\n<title>EXCIPIAL U 10 LIPOLOTION 200ml - Paracherkaoui.ma<\/title>\r\n<meta name=\"robots\" content=\"index, follow, max-snippet:-1, max-image-preview:large, max-video-preview:-1\" \/>\r\n<link rel=\"canonical\" href=\"https:\/\/paracherkaoui.ma\/index.php\/produit\/excipial-u-10-lipolotion-200ml\/\" \/>\r\n<meta property=\"og:locale\" content=\"fr_FR\" \/>\r\n<meta property=\"og:type\" content=\"article\" \/>\r\n<meta property=\"og:title\" content=\"EXCIPIAL U 10 LIPOLOTION 200ml - Paracherkaoui.ma\" \/>\r\n<meta property=\"og:description\" content=\"Excipial Pruri lotion est formul\u00e9e pour le soin des peaux s\u00e8ches et prurigineuses li\u00e9es \u00e0 une s\u00e9cheresse cutan\u00e9e due \u00e0\" \/>\r\n<meta property=\"og:url\" content=\"https:\/\/paracherkaoui.ma\/index.php\/produit\/excipial-u-10-lipolotion-200ml\/\" \/>\r\n<meta property=\"og:site_name\" content=\"Paracherkaoui.ma\" \/>\r\n<meta property=\"article:modified_time\" content=\"2025-12-12T17:51:44+00:00\" \/>\r\n<meta property=\"og:image\" content=\"https:\/\/paracherkaoui.ma\/wp-content\/uploads\/2025\/12\/galderma-excipial-u-10-lipolotion-200ml-hydratation-corps.jpg\" \/>\r\n\t<meta property=\"og:image:width\" content=\"700\" \/>\r\n\t<meta property=\"og:image:height\" content=\"700\" \/>\r\n\t<meta property=\"og:image:type\" content=\"image\/jpeg\" \/>\r\n<meta name=\"twitter:card\" content=\"summary_large_image\" \/>\r\n<meta name=\"twitter:label1\" content=\"Dur\u00e9e de lecture estim\u00e9e\" \/>\n\t<meta name=\"twitter:data1\" content=\"1 minute\" \/>\r\n<script type=\"application\/ld+json\" class=\"yoast-schema-graph\">{\"@context\":\"https:\/\/schema.org\",\"@graph\":[{\"@type\":\"WebPage\",\"@id\":\"https:\/\/paracherkaoui.ma\/index.php\/produit\/excipial-u-10-lipolotion-200ml\/\",\"url\":\"https:\/\/paracherkaoui.ma\/index.php\/produit\/excipial-u-10-lipolotion-200ml\/\",\"name\":\"EXCIPIAL U 10 LIPOLOTION 200ml - Paracherkaoui.ma\",\"isPartOf\":{\"@id\":\"https:\/\/paracherkaoui.ma\/#website\"},\"primaryImageOfPage\":{\"@id\":\"https:\/\/paracherkaoui.ma\/index.php\/produit\/excipial-u-10-lipolotion-200ml\/#primaryimage\"},\"image\":{\"@id\":\"https:\/\/paracherkaoui.ma\/index.php\/produit\/excipial-u-10-lipolotion-200ml\/#primaryimage\"},\"thumbnailUrl\":\"https:\/\/paracherkaoui.ma\/wp-content\/uploads\/2025\/12\/galderma-excipial-u-10-lipolotion-200ml-hydratation-corps.jpg\",\"datePublished\":\"2025-12-12T17:51:39+00:00\",\"dateModified\":\"2025-12-12T17:51:44+00:00\",\"breadcrumb\":{\"@id\":\"https:\/\/paracherkaoui.ma\/index.php\/produit\/excipial-u-10-lipolotion-200ml\/#breadcrumb\"},\"inLanguage\":\"fr-FR\",\"potentialAction\":[{\"@type\":\"ReadAction\",\"target\":[\"https:\/\/paracherkaoui.ma\/index.php\/produit\/excipial-u-10-lipolotion-200ml\/\"]}]},{\"@type\":\"ImageObject\",\"inLanguage\":\"fr-FR\",\"@id\":\"https:\/\/paracherkaoui.ma\/index.php\/produit\/excipial-u-10-lipolotion-200ml\/#primaryimage\",\"url\":\"https:\/\/paracherkaoui.ma\/wp-content\/uploads\/2025\/12\/galderma-excipial-u-10-lipolotion-200ml-hydratation-corps.jpg\",\"contentUrl\":\"https:\/\/paracherkaoui.ma\/wp-content\/uploads\/2025\/12\/galderma-excipial-u-10-lipolotion-200ml-hydratation-corps.jpg\",\"width\":700,\"height\":700},{\"@type\":\"BreadcrumbList\",\"@id\":\"https:\/\/paracherkaoui.ma\/index.php\/produit\/excipial-u-10-lipolotion-200ml\/#breadcrumb\",\"itemListElement\":[{\"@type\":\"ListItem\",\"position\":1,\"name\":\"Accueil\",\"item\":\"https:\/\/paracherkaoui.ma\/\"},{\"@type\":\"ListItem\",\"position\":2,\"name\":\"Boutique\",\"item\":\"https:\/\/paracherkaoui.ma\/index.php\/boutique\/\"},{\"@type\":\"ListItem\",\"position\":3,\"name\":\"EXCIPIAL U 10 LIPOLOTION 200ml\"}]},{\"@type\":\"WebSite\",\"@id\":\"https:\/\/paracherkaoui.ma\/#website\",\"url\":\"https:\/\/paracherkaoui.ma\/\",\"name\":\"Paracherkaoui.ma\",\"description\":\"Achetez en ligne sur Paracherkaoui.ma\",\"potentialAction\":[{\"@type\":\"SearchAction\",\"target\":{\"@type\":\"EntryPoint\",\"urlTemplate\":\"https:\/\/paracherkaoui.ma\/?s={search_term_string}\"},\"query-input\":{\"@type\":\"PropertyValueSpecification\",\"valueRequired\":true,\"valueName\":\"search_term_string\"}}],\"inLanguage\":\"fr-FR\"}]}<\/script>\r\n<!-- \/ Yoast SEO plugin. -->","yoast_head_json":{"title":"EXCIPIAL U 10 LIPOLOTION 200ml - Paracherkaoui.ma","robots":{"index":"index","follow":"follow","max-snippet":"max-snippet:-1","max-image-preview":"max-image-preview:large","max-video-preview":"max-video-preview:-1"},"canonical":"https:\/\/paracherkaoui.ma\/index.php\/produit\/excipial-u-10-lipolotion-200ml\/","og_locale":"fr_FR","og_type":"article","og_title":"EXCIPIAL U 10 LIPOLOTION 200ml - Paracherkaoui.ma","og_description":"Excipial Pruri lotion est formul\u00e9e pour le soin des peaux s\u00e8ches et prurigineuses li\u00e9es \u00e0 une s\u00e9cheresse cutan\u00e9e due \u00e0","og_url":"https:\/\/paracherkaoui.ma\/index.php\/produit\/excipial-u-10-lipolotion-200ml\/","og_site_name":"Paracherkaoui.ma","article_modified_time":"2025-12-12T17:51:44+00:00","og_image":[{"width":700,"height":700,"url":"https:\/\/paracherkaoui.ma\/wp-content\/uploads\/2025\/12\/galderma-excipial-u-10-lipolotion-200ml-hydratation-corps.jpg","type":"image\/jpeg"}],"twitter_card":"summary_large_image","twitter_misc":{"Dur\u00e9e de lecture estim\u00e9e":"1 minute"},"schema":{"@context":"https:\/\/schema.org","@graph":[{"@type":"WebPage","@id":"https:\/\/paracherkaoui.ma\/index.php\/produit\/excipial-u-10-lipolotion-200ml\/","url":"https:\/\/paracherkaoui.ma\/index.php\/produit\/excipial-u-10-lipolotion-200ml\/","name":"EXCIPIAL U 10 LIPOLOTION 200ml - Paracherkaoui.ma","isPartOf":{"@id":"https:\/\/paracherkaoui.ma\/#website"},"primaryImageOfPage":{"@id":"https:\/\/paracherkaoui.ma\/index.php\/produit\/excipial-u-10-lipolotion-200ml\/#primaryimage"},"image":{"@id":"https:\/\/paracherkaoui.ma\/index.php\/produit\/excipial-u-10-lipolotion-200ml\/#primaryimage"},"thumbnailUrl":"https:\/\/paracherkaoui.ma\/wp-content\/uploads\/2025\/12\/galderma-excipial-u-10-lipolotion-200ml-hydratation-corps.jpg","datePublished":"2025-12-12T17:51:39+00:00","dateModified":"2025-12-12T17:51:44+00:00","breadcrumb":{"@id":"https:\/\/paracherkaoui.ma\/index.php\/produit\/excipial-u-10-lipolotion-200ml\/#breadcrumb"},"inLanguage":"fr-FR","potentialAction":[{"@type":"ReadAction","target":["https:\/\/paracherkaoui.ma\/index.php\/produit\/excipial-u-10-lipolotion-200ml\/"]}]},{"@type":"ImageObject","inLanguage":"fr-FR","@id":"https:\/\/paracherkaoui.ma\/index.php\/produit\/excipial-u-10-lipolotion-200ml\/#primaryimage","url":"https:\/\/paracherkaoui.ma\/wp-content\/uploads\/2025\/12\/galderma-excipial-u-10-lipolotion-200ml-hydratation-corps.jpg","contentUrl":"https:\/\/paracherkaoui.ma\/wp-content\/uploads\/2025\/12\/galderma-excipial-u-10-lipolotion-200ml-hydratation-corps.jpg","width":700,"height":700},{"@type":"BreadcrumbList","@id":"https:\/\/paracherkaoui.ma\/index.php\/produit\/excipial-u-10-lipolotion-200ml\/#breadcrumb","itemListElement":[{"@type":"ListItem","position":1,"name":"Accueil","item":"https:\/\/paracherkaoui.ma\/"},{"@type":"ListItem","position":2,"name":"Boutique","item":"https:\/\/paracherkaoui.ma\/index.php\/boutique\/"},{"@type":"ListItem","position":3,"name":"EXCIPIAL U 10 LIPOLOTION 200ml"}]},{"@type":"WebSite","@id":"https:\/\/paracherkaoui.ma\/#website","url":"https:\/\/paracherkaoui.ma\/","name":"Paracherkaoui.ma","description":"Achetez en ligne sur Paracherkaoui.ma","potentialAction":[{"@type":"SearchAction","target":{"@type":"EntryPoint","urlTemplate":"https:\/\/paracherkaoui.ma\/?s={search_term_string}"},"query-input":{"@type":"PropertyValueSpecification","valueRequired":true,"valueName":"search_term_string"}}],"inLanguage":"fr-FR"}]}},"_links":{"self":[{"href":"https:\/\/paracherkaoui.ma\/index.php\/wp-json\/wp\/v2\/product\/34201","targetHints":{"allow":["GET"]}}],"collection":[{"href":"https:\/\/paracherkaoui.ma\/index.php\/wp-json\/wp\/v2\/product"}],"about":[{"href":"https:\/\/paracherkaoui.ma\/index.php\/wp-json\/wp\/v2\/types\/product"}],"replies":[{"embeddable":true,"href":"https:\/\/paracherkaoui.ma\/index.php\/wp-json\/wp\/v2\/comments?post=34201"}],"version-history":[{"count":1,"href":"https:\/\/paracherkaoui.ma\/index.php\/wp-json\/wp\/v2\/product\/34201\/revisions"}],"predecessor-version":[{"id":34237,"href":"https:\/\/paracherkaoui.ma\/index.php\/wp-json\/wp\/v2\/product\/34201\/revisions\/34237"}],"wp:featuredmedia":[{"embeddable":true,"href":"https:\/\/paracherkaoui.ma\/index.php\/wp-json\/wp\/v2\/media\/34236"}],"wp:attachment":[{"href":"https:\/\/paracherkaoui.ma\/index.php\/wp-json\/wp\/v2\/media?parent=34201"}],"wp:term":[{"taxonomy":"product_brand","embeddable":true,"href":"https:\/\/paracherkaoui.ma\/index.php\/wp-json\/wp\/v2\/product_brand?post=34201"},{"taxonomy":"product_cat","embeddable":true,"href":"https:\/\/paracherkaoui.ma\/index.php\/wp-json\/wp\/v2\/product_cat?post=34201"},{"taxonomy":"product_tag","embeddable":true,"href":"https:\/\/paracherkaoui.ma\/index.php\/wp-json\/wp\/v2\/product_tag?post=34201"}],"curies":[{"name":"wp","href":"https:\/\/api.w.org\/{rel}","templated":true}]}}