{"id":34200,"date":"2025-12-12T18:51:39","date_gmt":"2025-12-12T17:51:39","guid":{"rendered":"https:\/\/test.ecbeaute.com\/?post_type=product&#038;p=34200"},"modified":"2025-12-12T18:51:44","modified_gmt":"2025-12-12T17:51:44","slug":"biotherm-lait-corporel-loriginal-400-ml","status":"publish","type":"product","link":"https:\/\/paracherkaoui.ma\/index.php\/produit\/biotherm-lait-corporel-loriginal-400-ml\/","title":{"rendered":"BIOTHERM LAIT CORPOREL LORIGINAL 400 ML"},"content":{"rendered":"<p>D\u00e9couvrez le soin corps N\u00b01 de Biotherm, le Lait Corporel, un produit iconique depuis 1972 qui r\u00e9volutionne votre routine de soin. Ce lait est bien plus qu\u2019un simple hydratant ; il offre une hydratation continue pendant 48 heures, transformant instantan\u00e9ment la douceur de votre peau. Gr\u00e2ce \u00e0 sa formule innovante, ce soin anti-dess\u00e9chant restaure la barri\u00e8re protectrice de votre \u00e9piderme, lui rendant son \u00e9lasticit\u00e9 naturelle tout en la nourrissant en profondeur.<br \/>\nEnrichi en essences d&rsquo;agrumes, le Lait Corporel Biotherm est con\u00e7u pour \u00e9veiller vos sens. Son parfum signature vous enveloppe d\u2019une d\u00e9licatesse fruit\u00e9e qui \u00e9gaye votre journ\u00e9e. La texture l\u00e9g\u00e8re et non-collante p\u00e9n\u00e8tre rapidement, laissant votre peau douce, souple et agr\u00e9able au toucher. Vous pouvez dire adieu aux sensations de tiraillement et bonjour \u00e0 une peau r\u00e9g\u00e9n\u00e9r\u00e9e et \u00e9clatante.<br \/>\nConseils d\u2019utilisation :<br \/>\nPour une efficacit\u00e9 optimale, appliquez le lait corporel sur l&rsquo;ensemble du corps apr\u00e8s la douche, lorsque votre peau est encore l\u00e9g\u00e8rement humide. Massez doucement en mouvements circulaires pour favoriser l&rsquo;absorption et profiter pleinement de son parfum enivrant. R\u00e9p\u00e9tez l\u2019application matin et soir pour maintenir une hydratation durable et des r\u00e9sultats visibles.<br \/>\nComposition :<br \/>\nAQUA \/ WATER \/ EAU \u2022 OLEA EUROPAEA FRUIT OIL \/ OLIVE FRUIT OIL \u2022 GLYCERIN \u2022 DIMETHICONE \u2022 PROPYLENE GLYCOL \u2022 TRIETHANOLAMINE \u2022 LIMONENE \u2022 ISOPROPYL PALMITATE \u2022 CITRUS AURANTIUM DULCIS OIL \/ ORANGE PEEL OIL \u2022 STEARIC ACID \u2022 PARAFFINUM LIQUIDUM \/ MINERAL OIL \/ HUILE MINERALE \u2022 CETYL ALCOHOL \u2022 GLYCINE SOJA OIL \/ SOYBEAN OIL \u2022 CITRUS GRANDIS PEEL OIL \/ GRAPEFRUIT PEEL OIL \u2022 UREA \u2022 ASPARTIC ACID \u2022 PARAFFIN \u2022 CARBOMER \u2022 GLUCOSE \u2022 FRUCTOSE \u2022 GLYCERYL STEARATE \u2022 DIMETHICONOL \u2022 SODIUM LAUROYL OAT AMINO ACIDS \u2022 MYRISTIC ACID \u2022 PALMITIC ACID \u2022 ALANINE \u2022 SUCROSE \u2022 VITREOSCILLA FERMENT \u2022 XANTHAN GUM \u2022 GLUTAMIC ACID \u2022 DEXTRIN \u2022 ETHYLHEXYLGLYCERIN \u2022 HEXYL NICOTINATE \u2022 HEXYLENE GLYCOL \u2022 TOCOPHEROL \u2022 SODIUM DEHYDROACETATE \u2022 PHENOXYETHANOL \u2022 LINALOOL \u2022 CITRAL \u2022 PARFUM \/ FRAGRANCE<\/p>\n","protected":false},"excerpt":{"rendered":"<p>D\u00e9couvrez le soin corps N\u00b01 de Biotherm, le Lait Corporel, un produit iconique depuis 1972 qui r\u00e9volutionne votre routine de<\/p>\n","protected":false},"featured_media":34234,"comment_status":"open","ping_status":"closed","template":"","meta":[],"product_brand":[391],"product_cat":[618],"product_tag":[],"class_list":{"0":"post-34200","1":"product","2":"type-product","3":"status-publish","4":"has-post-thumbnail","6":"product_brand-biotherm","7":"product_cat-hydratation-corps-corps","9":"first","10":"instock","11":"shipping-taxable","12":"purchasable","13":"product-type-simple"},"yoast_head":"<!-- This site is optimized with the Yoast SEO plugin v26.6 - https:\/\/yoast.com\/wordpress\/plugins\/seo\/ -->\r\n<title>BIOTHERM LAIT CORPOREL LORIGINAL 400 ML - Paracherkaoui.ma<\/title>\r\n<meta name=\"robots\" content=\"index, follow, max-snippet:-1, max-image-preview:large, max-video-preview:-1\" \/>\r\n<link rel=\"canonical\" href=\"https:\/\/paracherkaoui.ma\/index.php\/produit\/biotherm-lait-corporel-loriginal-400-ml\/\" \/>\r\n<meta property=\"og:locale\" content=\"fr_FR\" \/>\r\n<meta property=\"og:type\" content=\"article\" \/>\r\n<meta property=\"og:title\" content=\"BIOTHERM LAIT CORPOREL LORIGINAL 400 ML - Paracherkaoui.ma\" \/>\r\n<meta property=\"og:description\" content=\"D\u00e9couvrez le soin corps N\u00b01 de Biotherm, le Lait Corporel, un produit iconique depuis 1972 qui r\u00e9volutionne votre routine de\" \/>\r\n<meta property=\"og:url\" content=\"https:\/\/paracherkaoui.ma\/index.php\/produit\/biotherm-lait-corporel-loriginal-400-ml\/\" \/>\r\n<meta property=\"og:site_name\" content=\"Paracherkaoui.ma\" \/>\r\n<meta property=\"article:modified_time\" content=\"2025-12-12T17:51:44+00:00\" \/>\r\n<meta property=\"og:image\" content=\"https:\/\/paracherkaoui.ma\/wp-content\/uploads\/2025\/12\/biotherm-lait-corporel-loriginal-400-ml.jpg\" \/>\r\n\t<meta property=\"og:image:width\" content=\"700\" \/>\r\n\t<meta property=\"og:image:height\" content=\"700\" \/>\r\n\t<meta property=\"og:image:type\" content=\"image\/jpeg\" \/>\r\n<meta name=\"twitter:card\" content=\"summary_large_image\" \/>\r\n<meta name=\"twitter:label1\" content=\"Dur\u00e9e de lecture estim\u00e9e\" \/>\n\t<meta name=\"twitter:data1\" content=\"1 minute\" \/>\r\n<script type=\"application\/ld+json\" class=\"yoast-schema-graph\">{\"@context\":\"https:\/\/schema.org\",\"@graph\":[{\"@type\":\"WebPage\",\"@id\":\"https:\/\/paracherkaoui.ma\/index.php\/produit\/biotherm-lait-corporel-loriginal-400-ml\/\",\"url\":\"https:\/\/paracherkaoui.ma\/index.php\/produit\/biotherm-lait-corporel-loriginal-400-ml\/\",\"name\":\"BIOTHERM LAIT CORPOREL LORIGINAL 400 ML - Paracherkaoui.ma\",\"isPartOf\":{\"@id\":\"https:\/\/paracherkaoui.ma\/#website\"},\"primaryImageOfPage\":{\"@id\":\"https:\/\/paracherkaoui.ma\/index.php\/produit\/biotherm-lait-corporel-loriginal-400-ml\/#primaryimage\"},\"image\":{\"@id\":\"https:\/\/paracherkaoui.ma\/index.php\/produit\/biotherm-lait-corporel-loriginal-400-ml\/#primaryimage\"},\"thumbnailUrl\":\"https:\/\/paracherkaoui.ma\/wp-content\/uploads\/2025\/12\/biotherm-lait-corporel-loriginal-400-ml.jpg\",\"datePublished\":\"2025-12-12T17:51:39+00:00\",\"dateModified\":\"2025-12-12T17:51:44+00:00\",\"breadcrumb\":{\"@id\":\"https:\/\/paracherkaoui.ma\/index.php\/produit\/biotherm-lait-corporel-loriginal-400-ml\/#breadcrumb\"},\"inLanguage\":\"fr-FR\",\"potentialAction\":[{\"@type\":\"ReadAction\",\"target\":[\"https:\/\/paracherkaoui.ma\/index.php\/produit\/biotherm-lait-corporel-loriginal-400-ml\/\"]}]},{\"@type\":\"ImageObject\",\"inLanguage\":\"fr-FR\",\"@id\":\"https:\/\/paracherkaoui.ma\/index.php\/produit\/biotherm-lait-corporel-loriginal-400-ml\/#primaryimage\",\"url\":\"https:\/\/paracherkaoui.ma\/wp-content\/uploads\/2025\/12\/biotherm-lait-corporel-loriginal-400-ml.jpg\",\"contentUrl\":\"https:\/\/paracherkaoui.ma\/wp-content\/uploads\/2025\/12\/biotherm-lait-corporel-loriginal-400-ml.jpg\",\"width\":700,\"height\":700},{\"@type\":\"BreadcrumbList\",\"@id\":\"https:\/\/paracherkaoui.ma\/index.php\/produit\/biotherm-lait-corporel-loriginal-400-ml\/#breadcrumb\",\"itemListElement\":[{\"@type\":\"ListItem\",\"position\":1,\"name\":\"Accueil\",\"item\":\"https:\/\/paracherkaoui.ma\/\"},{\"@type\":\"ListItem\",\"position\":2,\"name\":\"Boutique\",\"item\":\"https:\/\/paracherkaoui.ma\/index.php\/boutique\/\"},{\"@type\":\"ListItem\",\"position\":3,\"name\":\"BIOTHERM LAIT CORPOREL LORIGINAL 400 ML\"}]},{\"@type\":\"WebSite\",\"@id\":\"https:\/\/paracherkaoui.ma\/#website\",\"url\":\"https:\/\/paracherkaoui.ma\/\",\"name\":\"Paracherkaoui.ma\",\"description\":\"Achetez en ligne sur Paracherkaoui.ma\",\"potentialAction\":[{\"@type\":\"SearchAction\",\"target\":{\"@type\":\"EntryPoint\",\"urlTemplate\":\"https:\/\/paracherkaoui.ma\/?s={search_term_string}\"},\"query-input\":{\"@type\":\"PropertyValueSpecification\",\"valueRequired\":true,\"valueName\":\"search_term_string\"}}],\"inLanguage\":\"fr-FR\"}]}<\/script>\r\n<!-- \/ Yoast SEO plugin. -->","yoast_head_json":{"title":"BIOTHERM LAIT CORPOREL LORIGINAL 400 ML - Paracherkaoui.ma","robots":{"index":"index","follow":"follow","max-snippet":"max-snippet:-1","max-image-preview":"max-image-preview:large","max-video-preview":"max-video-preview:-1"},"canonical":"https:\/\/paracherkaoui.ma\/index.php\/produit\/biotherm-lait-corporel-loriginal-400-ml\/","og_locale":"fr_FR","og_type":"article","og_title":"BIOTHERM LAIT CORPOREL LORIGINAL 400 ML - Paracherkaoui.ma","og_description":"D\u00e9couvrez le soin corps N\u00b01 de Biotherm, le Lait Corporel, un produit iconique depuis 1972 qui r\u00e9volutionne votre routine de","og_url":"https:\/\/paracherkaoui.ma\/index.php\/produit\/biotherm-lait-corporel-loriginal-400-ml\/","og_site_name":"Paracherkaoui.ma","article_modified_time":"2025-12-12T17:51:44+00:00","og_image":[{"width":700,"height":700,"url":"https:\/\/paracherkaoui.ma\/wp-content\/uploads\/2025\/12\/biotherm-lait-corporel-loriginal-400-ml.jpg","type":"image\/jpeg"}],"twitter_card":"summary_large_image","twitter_misc":{"Dur\u00e9e de lecture estim\u00e9e":"1 minute"},"schema":{"@context":"https:\/\/schema.org","@graph":[{"@type":"WebPage","@id":"https:\/\/paracherkaoui.ma\/index.php\/produit\/biotherm-lait-corporel-loriginal-400-ml\/","url":"https:\/\/paracherkaoui.ma\/index.php\/produit\/biotherm-lait-corporel-loriginal-400-ml\/","name":"BIOTHERM LAIT CORPOREL LORIGINAL 400 ML - Paracherkaoui.ma","isPartOf":{"@id":"https:\/\/paracherkaoui.ma\/#website"},"primaryImageOfPage":{"@id":"https:\/\/paracherkaoui.ma\/index.php\/produit\/biotherm-lait-corporel-loriginal-400-ml\/#primaryimage"},"image":{"@id":"https:\/\/paracherkaoui.ma\/index.php\/produit\/biotherm-lait-corporel-loriginal-400-ml\/#primaryimage"},"thumbnailUrl":"https:\/\/paracherkaoui.ma\/wp-content\/uploads\/2025\/12\/biotherm-lait-corporel-loriginal-400-ml.jpg","datePublished":"2025-12-12T17:51:39+00:00","dateModified":"2025-12-12T17:51:44+00:00","breadcrumb":{"@id":"https:\/\/paracherkaoui.ma\/index.php\/produit\/biotherm-lait-corporel-loriginal-400-ml\/#breadcrumb"},"inLanguage":"fr-FR","potentialAction":[{"@type":"ReadAction","target":["https:\/\/paracherkaoui.ma\/index.php\/produit\/biotherm-lait-corporel-loriginal-400-ml\/"]}]},{"@type":"ImageObject","inLanguage":"fr-FR","@id":"https:\/\/paracherkaoui.ma\/index.php\/produit\/biotherm-lait-corporel-loriginal-400-ml\/#primaryimage","url":"https:\/\/paracherkaoui.ma\/wp-content\/uploads\/2025\/12\/biotherm-lait-corporel-loriginal-400-ml.jpg","contentUrl":"https:\/\/paracherkaoui.ma\/wp-content\/uploads\/2025\/12\/biotherm-lait-corporel-loriginal-400-ml.jpg","width":700,"height":700},{"@type":"BreadcrumbList","@id":"https:\/\/paracherkaoui.ma\/index.php\/produit\/biotherm-lait-corporel-loriginal-400-ml\/#breadcrumb","itemListElement":[{"@type":"ListItem","position":1,"name":"Accueil","item":"https:\/\/paracherkaoui.ma\/"},{"@type":"ListItem","position":2,"name":"Boutique","item":"https:\/\/paracherkaoui.ma\/index.php\/boutique\/"},{"@type":"ListItem","position":3,"name":"BIOTHERM LAIT CORPOREL LORIGINAL 400 ML"}]},{"@type":"WebSite","@id":"https:\/\/paracherkaoui.ma\/#website","url":"https:\/\/paracherkaoui.ma\/","name":"Paracherkaoui.ma","description":"Achetez en ligne sur Paracherkaoui.ma","potentialAction":[{"@type":"SearchAction","target":{"@type":"EntryPoint","urlTemplate":"https:\/\/paracherkaoui.ma\/?s={search_term_string}"},"query-input":{"@type":"PropertyValueSpecification","valueRequired":true,"valueName":"search_term_string"}}],"inLanguage":"fr-FR"}]}},"_links":{"self":[{"href":"https:\/\/paracherkaoui.ma\/index.php\/wp-json\/wp\/v2\/product\/34200","targetHints":{"allow":["GET"]}}],"collection":[{"href":"https:\/\/paracherkaoui.ma\/index.php\/wp-json\/wp\/v2\/product"}],"about":[{"href":"https:\/\/paracherkaoui.ma\/index.php\/wp-json\/wp\/v2\/types\/product"}],"replies":[{"embeddable":true,"href":"https:\/\/paracherkaoui.ma\/index.php\/wp-json\/wp\/v2\/comments?post=34200"}],"version-history":[{"count":1,"href":"https:\/\/paracherkaoui.ma\/index.php\/wp-json\/wp\/v2\/product\/34200\/revisions"}],"predecessor-version":[{"id":34235,"href":"https:\/\/paracherkaoui.ma\/index.php\/wp-json\/wp\/v2\/product\/34200\/revisions\/34235"}],"wp:featuredmedia":[{"embeddable":true,"href":"https:\/\/paracherkaoui.ma\/index.php\/wp-json\/wp\/v2\/media\/34234"}],"wp:attachment":[{"href":"https:\/\/paracherkaoui.ma\/index.php\/wp-json\/wp\/v2\/media?parent=34200"}],"wp:term":[{"taxonomy":"product_brand","embeddable":true,"href":"https:\/\/paracherkaoui.ma\/index.php\/wp-json\/wp\/v2\/product_brand?post=34200"},{"taxonomy":"product_cat","embeddable":true,"href":"https:\/\/paracherkaoui.ma\/index.php\/wp-json\/wp\/v2\/product_cat?post=34200"},{"taxonomy":"product_tag","embeddable":true,"href":"https:\/\/paracherkaoui.ma\/index.php\/wp-json\/wp\/v2\/product_tag?post=34200"}],"curies":[{"name":"wp","href":"https:\/\/api.w.org\/{rel}","templated":true}]}}