{"id":34129,"date":"2025-12-12T18:51:22","date_gmt":"2025-12-12T17:51:22","guid":{"rendered":"https:\/\/test.ecbeaute.com\/?post_type=product&#038;p=34129"},"modified":"2025-12-12T18:51:24","modified_gmt":"2025-12-12T17:51:24","slug":"recuderm-hydra-lait-150-ml","status":"publish","type":"product","link":"https:\/\/paracherkaoui.ma\/index.php\/produit\/recuderm-hydra-lait-150-ml\/","title":{"rendered":"RECUDERM HYDRA LAIT 150 ML"},"content":{"rendered":"<p>RECUDERM hydra Lait\u00a0est un soin qui d\u00e8s les premi\u00e8res applications, ravive l\u2019\u00e9clat de votre peau.<br \/>\nSa formule met en synergie des actifs naturels hautement performants et dont l\u2019efficacit\u00e9 est prouv\u00e9e, pour une action hydratante optimale qui convient \u00e0 tout type de peau. L\u2019association unique d\u2019actifs soigneusement s\u00e9lectionn\u00e9s (L\u2019HYDRA-PLUS, L\u2019ALOE VERA, LA D-PANTHENOL LA NIACINAMIDE) stimule l\u2019hydratation en profondeur et permet de lutter contre les facteurs agression ext\u00e9rieurs tels que (pollution, soleil froid) pour une peau durablement hydrat\u00e9e et saine.<br \/>\nHYDRA-PLUS\u00a0actif naturel innovant capture et retient l\u2019eau tout en aidant \u00e0 son assimilation imm\u00e9diate dans la peau de mani\u00e8re durable.<br \/>\nL\u2019ALOE VERA\u00a0concentre les bienfaits hydratants, r\u00e9g\u00e9n\u00e9rant et apaisants pour une efficacit\u00e9 intense et prolong\u00e9e.<br \/>\nLA D-PANTHENOL\u00a0est un actif r\u00e9put\u00e9 pour son action hydratante et ses propri\u00e9t\u00e9s r\u00e9g\u00e9n\u00e9ratrices et apaisantes.<br \/>\nLA NIACINAMIDE, agit de l\u2019int\u00e9rieur de la peau en l\u2019aidant \u00e0 construire la k\u00e9ratine, prot\u00e9ine qui maintient a peau ferme et saine, et booste aussi le d\u00e9veloppement de c\u00e9ramides au sein de la peau pour le plus grand bienfait quel que soit votre type de peau.<\/p>\n","protected":false},"excerpt":{"rendered":"<p>RECUDERM hydra Lait\u00a0est un soin qui d\u00e8s les premi\u00e8res applications, ravive l\u2019\u00e9clat de votre peau. Sa formule met en synergie<\/p>\n","protected":false},"featured_media":34149,"comment_status":"open","ping_status":"closed","template":"","meta":[],"product_brand":[512],"product_cat":[618],"product_tag":[],"class_list":{"0":"post-34129","1":"product","2":"type-product","3":"status-publish","4":"has-post-thumbnail","6":"product_brand-recuderm","7":"product_cat-hydratation-corps-corps","9":"first","10":"instock","11":"sale","12":"shipping-taxable","13":"purchasable","14":"product-type-simple"},"yoast_head":"<!-- This site is optimized with the Yoast SEO plugin v26.6 - https:\/\/yoast.com\/wordpress\/plugins\/seo\/ -->\r\n<title>RECUDERM HYDRA LAIT 150 ML - Paracherkaoui.ma<\/title>\r\n<meta name=\"robots\" content=\"index, follow, max-snippet:-1, max-image-preview:large, max-video-preview:-1\" \/>\r\n<link rel=\"canonical\" href=\"https:\/\/paracherkaoui.ma\/index.php\/produit\/recuderm-hydra-lait-150-ml\/\" \/>\r\n<meta property=\"og:locale\" content=\"fr_FR\" \/>\r\n<meta property=\"og:type\" content=\"article\" \/>\r\n<meta property=\"og:title\" content=\"RECUDERM HYDRA LAIT 150 ML - Paracherkaoui.ma\" \/>\r\n<meta property=\"og:description\" content=\"RECUDERM hydra Lait\u00a0est un soin qui d\u00e8s les premi\u00e8res applications, ravive l\u2019\u00e9clat de votre peau. Sa formule met en synergie\" \/>\r\n<meta property=\"og:url\" content=\"https:\/\/paracherkaoui.ma\/index.php\/produit\/recuderm-hydra-lait-150-ml\/\" \/>\r\n<meta property=\"og:site_name\" content=\"Paracherkaoui.ma\" \/>\r\n<meta property=\"article:modified_time\" content=\"2025-12-12T17:51:24+00:00\" \/>\r\n<meta property=\"og:image\" content=\"https:\/\/paracherkaoui.ma\/wp-content\/uploads\/2025\/12\/recuderm-recuderm-hydra-lait-150-ml-hydratation-corps.jpg\" \/>\r\n\t<meta property=\"og:image:width\" content=\"700\" \/>\r\n\t<meta property=\"og:image:height\" content=\"700\" \/>\r\n\t<meta property=\"og:image:type\" content=\"image\/jpeg\" \/>\r\n<meta name=\"twitter:card\" content=\"summary_large_image\" \/>\r\n<meta name=\"twitter:label1\" content=\"Dur\u00e9e de lecture estim\u00e9e\" \/>\n\t<meta name=\"twitter:data1\" content=\"1 minute\" \/>\r\n<script type=\"application\/ld+json\" class=\"yoast-schema-graph\">{\"@context\":\"https:\/\/schema.org\",\"@graph\":[{\"@type\":\"WebPage\",\"@id\":\"https:\/\/paracherkaoui.ma\/index.php\/produit\/recuderm-hydra-lait-150-ml\/\",\"url\":\"https:\/\/paracherkaoui.ma\/index.php\/produit\/recuderm-hydra-lait-150-ml\/\",\"name\":\"RECUDERM HYDRA LAIT 150 ML - Paracherkaoui.ma\",\"isPartOf\":{\"@id\":\"https:\/\/paracherkaoui.ma\/#website\"},\"primaryImageOfPage\":{\"@id\":\"https:\/\/paracherkaoui.ma\/index.php\/produit\/recuderm-hydra-lait-150-ml\/#primaryimage\"},\"image\":{\"@id\":\"https:\/\/paracherkaoui.ma\/index.php\/produit\/recuderm-hydra-lait-150-ml\/#primaryimage\"},\"thumbnailUrl\":\"https:\/\/paracherkaoui.ma\/wp-content\/uploads\/2025\/12\/recuderm-recuderm-hydra-lait-150-ml-hydratation-corps.jpg\",\"datePublished\":\"2025-12-12T17:51:22+00:00\",\"dateModified\":\"2025-12-12T17:51:24+00:00\",\"breadcrumb\":{\"@id\":\"https:\/\/paracherkaoui.ma\/index.php\/produit\/recuderm-hydra-lait-150-ml\/#breadcrumb\"},\"inLanguage\":\"fr-FR\",\"potentialAction\":[{\"@type\":\"ReadAction\",\"target\":[\"https:\/\/paracherkaoui.ma\/index.php\/produit\/recuderm-hydra-lait-150-ml\/\"]}]},{\"@type\":\"ImageObject\",\"inLanguage\":\"fr-FR\",\"@id\":\"https:\/\/paracherkaoui.ma\/index.php\/produit\/recuderm-hydra-lait-150-ml\/#primaryimage\",\"url\":\"https:\/\/paracherkaoui.ma\/wp-content\/uploads\/2025\/12\/recuderm-recuderm-hydra-lait-150-ml-hydratation-corps.jpg\",\"contentUrl\":\"https:\/\/paracherkaoui.ma\/wp-content\/uploads\/2025\/12\/recuderm-recuderm-hydra-lait-150-ml-hydratation-corps.jpg\",\"width\":700,\"height\":700},{\"@type\":\"BreadcrumbList\",\"@id\":\"https:\/\/paracherkaoui.ma\/index.php\/produit\/recuderm-hydra-lait-150-ml\/#breadcrumb\",\"itemListElement\":[{\"@type\":\"ListItem\",\"position\":1,\"name\":\"Accueil\",\"item\":\"https:\/\/paracherkaoui.ma\/\"},{\"@type\":\"ListItem\",\"position\":2,\"name\":\"Boutique\",\"item\":\"https:\/\/paracherkaoui.ma\/index.php\/boutique\/\"},{\"@type\":\"ListItem\",\"position\":3,\"name\":\"RECUDERM HYDRA LAIT 150 ML\"}]},{\"@type\":\"WebSite\",\"@id\":\"https:\/\/paracherkaoui.ma\/#website\",\"url\":\"https:\/\/paracherkaoui.ma\/\",\"name\":\"Paracherkaoui.ma\",\"description\":\"Achetez en ligne sur Paracherkaoui.ma\",\"potentialAction\":[{\"@type\":\"SearchAction\",\"target\":{\"@type\":\"EntryPoint\",\"urlTemplate\":\"https:\/\/paracherkaoui.ma\/?s={search_term_string}\"},\"query-input\":{\"@type\":\"PropertyValueSpecification\",\"valueRequired\":true,\"valueName\":\"search_term_string\"}}],\"inLanguage\":\"fr-FR\"}]}<\/script>\r\n<!-- \/ Yoast SEO plugin. -->","yoast_head_json":{"title":"RECUDERM HYDRA LAIT 150 ML - Paracherkaoui.ma","robots":{"index":"index","follow":"follow","max-snippet":"max-snippet:-1","max-image-preview":"max-image-preview:large","max-video-preview":"max-video-preview:-1"},"canonical":"https:\/\/paracherkaoui.ma\/index.php\/produit\/recuderm-hydra-lait-150-ml\/","og_locale":"fr_FR","og_type":"article","og_title":"RECUDERM HYDRA LAIT 150 ML - Paracherkaoui.ma","og_description":"RECUDERM hydra Lait\u00a0est un soin qui d\u00e8s les premi\u00e8res applications, ravive l\u2019\u00e9clat de votre peau. Sa formule met en synergie","og_url":"https:\/\/paracherkaoui.ma\/index.php\/produit\/recuderm-hydra-lait-150-ml\/","og_site_name":"Paracherkaoui.ma","article_modified_time":"2025-12-12T17:51:24+00:00","og_image":[{"width":700,"height":700,"url":"https:\/\/paracherkaoui.ma\/wp-content\/uploads\/2025\/12\/recuderm-recuderm-hydra-lait-150-ml-hydratation-corps.jpg","type":"image\/jpeg"}],"twitter_card":"summary_large_image","twitter_misc":{"Dur\u00e9e de lecture estim\u00e9e":"1 minute"},"schema":{"@context":"https:\/\/schema.org","@graph":[{"@type":"WebPage","@id":"https:\/\/paracherkaoui.ma\/index.php\/produit\/recuderm-hydra-lait-150-ml\/","url":"https:\/\/paracherkaoui.ma\/index.php\/produit\/recuderm-hydra-lait-150-ml\/","name":"RECUDERM HYDRA LAIT 150 ML - Paracherkaoui.ma","isPartOf":{"@id":"https:\/\/paracherkaoui.ma\/#website"},"primaryImageOfPage":{"@id":"https:\/\/paracherkaoui.ma\/index.php\/produit\/recuderm-hydra-lait-150-ml\/#primaryimage"},"image":{"@id":"https:\/\/paracherkaoui.ma\/index.php\/produit\/recuderm-hydra-lait-150-ml\/#primaryimage"},"thumbnailUrl":"https:\/\/paracherkaoui.ma\/wp-content\/uploads\/2025\/12\/recuderm-recuderm-hydra-lait-150-ml-hydratation-corps.jpg","datePublished":"2025-12-12T17:51:22+00:00","dateModified":"2025-12-12T17:51:24+00:00","breadcrumb":{"@id":"https:\/\/paracherkaoui.ma\/index.php\/produit\/recuderm-hydra-lait-150-ml\/#breadcrumb"},"inLanguage":"fr-FR","potentialAction":[{"@type":"ReadAction","target":["https:\/\/paracherkaoui.ma\/index.php\/produit\/recuderm-hydra-lait-150-ml\/"]}]},{"@type":"ImageObject","inLanguage":"fr-FR","@id":"https:\/\/paracherkaoui.ma\/index.php\/produit\/recuderm-hydra-lait-150-ml\/#primaryimage","url":"https:\/\/paracherkaoui.ma\/wp-content\/uploads\/2025\/12\/recuderm-recuderm-hydra-lait-150-ml-hydratation-corps.jpg","contentUrl":"https:\/\/paracherkaoui.ma\/wp-content\/uploads\/2025\/12\/recuderm-recuderm-hydra-lait-150-ml-hydratation-corps.jpg","width":700,"height":700},{"@type":"BreadcrumbList","@id":"https:\/\/paracherkaoui.ma\/index.php\/produit\/recuderm-hydra-lait-150-ml\/#breadcrumb","itemListElement":[{"@type":"ListItem","position":1,"name":"Accueil","item":"https:\/\/paracherkaoui.ma\/"},{"@type":"ListItem","position":2,"name":"Boutique","item":"https:\/\/paracherkaoui.ma\/index.php\/boutique\/"},{"@type":"ListItem","position":3,"name":"RECUDERM HYDRA LAIT 150 ML"}]},{"@type":"WebSite","@id":"https:\/\/paracherkaoui.ma\/#website","url":"https:\/\/paracherkaoui.ma\/","name":"Paracherkaoui.ma","description":"Achetez en ligne sur Paracherkaoui.ma","potentialAction":[{"@type":"SearchAction","target":{"@type":"EntryPoint","urlTemplate":"https:\/\/paracherkaoui.ma\/?s={search_term_string}"},"query-input":{"@type":"PropertyValueSpecification","valueRequired":true,"valueName":"search_term_string"}}],"inLanguage":"fr-FR"}]}},"_links":{"self":[{"href":"https:\/\/paracherkaoui.ma\/index.php\/wp-json\/wp\/v2\/product\/34129","targetHints":{"allow":["GET"]}}],"collection":[{"href":"https:\/\/paracherkaoui.ma\/index.php\/wp-json\/wp\/v2\/product"}],"about":[{"href":"https:\/\/paracherkaoui.ma\/index.php\/wp-json\/wp\/v2\/types\/product"}],"replies":[{"embeddable":true,"href":"https:\/\/paracherkaoui.ma\/index.php\/wp-json\/wp\/v2\/comments?post=34129"}],"version-history":[{"count":1,"href":"https:\/\/paracherkaoui.ma\/index.php\/wp-json\/wp\/v2\/product\/34129\/revisions"}],"predecessor-version":[{"id":34150,"href":"https:\/\/paracherkaoui.ma\/index.php\/wp-json\/wp\/v2\/product\/34129\/revisions\/34150"}],"wp:featuredmedia":[{"embeddable":true,"href":"https:\/\/paracherkaoui.ma\/index.php\/wp-json\/wp\/v2\/media\/34149"}],"wp:attachment":[{"href":"https:\/\/paracherkaoui.ma\/index.php\/wp-json\/wp\/v2\/media?parent=34129"}],"wp:term":[{"taxonomy":"product_brand","embeddable":true,"href":"https:\/\/paracherkaoui.ma\/index.php\/wp-json\/wp\/v2\/product_brand?post=34129"},{"taxonomy":"product_cat","embeddable":true,"href":"https:\/\/paracherkaoui.ma\/index.php\/wp-json\/wp\/v2\/product_cat?post=34129"},{"taxonomy":"product_tag","embeddable":true,"href":"https:\/\/paracherkaoui.ma\/index.php\/wp-json\/wp\/v2\/product_tag?post=34129"}],"curies":[{"name":"wp","href":"https:\/\/api.w.org\/{rel}","templated":true}]}}