{"id":34051,"date":"2025-12-12T18:51:14","date_gmt":"2025-12-12T17:51:14","guid":{"rendered":"https:\/\/test.ecbeaute.com\/?post_type=product&#038;p=34051"},"modified":"2025-12-12T18:51:17","modified_gmt":"2025-12-12T17:51:17","slug":"vaseline-gluta-hya-serum-burst-lotion-dewy-radiance-330ml","status":"publish","type":"product","link":"https:\/\/paracherkaoui.ma\/index.php\/produit\/vaseline-gluta-hya-serum-burst-lotion-dewy-radiance-330ml\/","title":{"rendered":"VASELINE GLUTA HYA SERUM BURST LOTION DEWY RADIANCE 330ML"},"content":{"rendered":"<p>Illuminez votre teint avec la Lotion S\u00e9rum Vaseline Gluta-Hya ! C&rsquo;est une promesse tenue gr\u00e2ce \u00e0 une formule r\u00e9volutionnaire, cliniquement prouv\u00e9e pour offrir une peau lumineuse et \u00e9clatante avec une utilisation r\u00e9guli\u00e8re. Pr\u00e9parez-vous \u00e0 voir votre peau se transformer, jour apr\u00e8s jour.<br \/>\nAu c\u0153ur de cette innovation, la technologie GlutaGlow, un complexe d&rsquo;ingr\u00e9dients qui se distingue par sa puissance : des tests en laboratoire ont d\u00e9montr\u00e9 qu&rsquo;elle est 10 fois plus efficace que la vitamine C pour r\u00e9v\u00e9ler l&rsquo;\u00e9clat de la peau. Si la vitamine C est d\u00e9j\u00e0 reconnue pour ses vertus illuminatrices, GlutaGlow va bien au-del\u00e0, travaillant activement pour r\u00e9duire le teint terne et uniformiser la pigmentation, laissant votre peau visiblement plus lumineuse.<br \/>\nCette lotion est \u00e9galement enrichie en acide hyaluronique, l&rsquo;hydratant star de la cosm\u00e9tique. Il agit comme un puissant aimant \u00e0 eau, apportant un boost d&rsquo;hydratation imm\u00e9diat qui d\u00e9salt\u00e8re votre peau en profondeur, la laissant fra\u00eeche, souple et incroyablement douce au toucher. L&rsquo;hydratation est la cl\u00e9 d&rsquo;un teint lumineux, et cette formule excelle dans ce domaine.<br \/>\nMais les atouts ne s&rsquo;arr\u00eatent pas l\u00e0. La lotion contient 10 fois plus de niacinamide active (compar\u00e9 \u00e0 la Lotion Vaseline SPF 24 PA++), un ingr\u00e9dient polyvalent et puissant qui aide \u00e0 sublimer l&rsquo;\u00e9clat naturel de la peau. La niacinamide est reconnue pour ses capacit\u00e9s \u00e0 am\u00e9liorer la texture de la peau, \u00e0 r\u00e9duire l&rsquo;apparence des pores et \u00e0 uniformiser le teint, contribuant ainsi \u00e0 une peau visiblement plus belle et plus saine.<br \/>\nEnfin, la pr\u00e9sence embl\u00e9matique de la Vaseline Gel\u00e9e R\u00e9paratrice dans la formule garantit une hydratation en profondeur et durable. Elle aide \u00e0 restaurer l&rsquo;\u00e9quilibre naturel de la peau en formant une barri\u00e8re qui retient l&rsquo;humidit\u00e9 essentielle, assurant ainsi une peau douce et confortable tout au long de la journ\u00e9e. La formule unique de cette lotion se distingue par sa texture l\u00e9g\u00e8re qui se transforme en gouttelettes d&rsquo;eau et p\u00e9n\u00e8tre instantan\u00e9ment d\u00e8s l&rsquo;application, vous offrant une exp\u00e9rience sensorielle des plus agr\u00e9ables, sans aucun fini collant. Offrez \u00e0 votre peau le pouvoir de la Vaseline Gluta-Hya et r\u00e9v\u00e9lez un \u00e9clat ros\u00e9 naturel et une hydratation sans pr\u00e9c\u00e9dent.<br \/>\nConseils d&rsquo;utilisation :<br \/>\nAppliquez cette lotion quotidiennement, de pr\u00e9f\u00e9rence le matin, apr\u00e8s la douche ou le bain. Une utilisation r\u00e9guli\u00e8re est essentielle pour observer les effets d&rsquo;\u00e9clat et d&rsquo;hydratation.<br \/>\nComposition :<br \/>\nEau ; dim\u00e9thicone ; isohexad\u00e9cane ; niacinamide ; glyc\u00e9rine ; glutathion ; hyaluronate de sodium ; glycine ; cystine ; sodium PCA ; vaseline ; carbom\u00e8re ; ph\u00e9noxy\u00e9thanol ; parfum ; m\u00e9thylparab\u00e8ne ; hydroxyde de sodium ; acrylates\/polym\u00e8re crois\u00e9 d&rsquo;acrylate d&rsquo;alkyle en C10-30 ; EDTA disodique ; dioxyde de titane<\/p>\n","protected":false},"excerpt":{"rendered":"<p>Illuminez votre teint avec la Lotion S\u00e9rum Vaseline Gluta-Hya ! C&rsquo;est une promesse tenue gr\u00e2ce \u00e0 une formule r\u00e9volutionnaire, cliniquement<\/p>\n","protected":false},"featured_media":34086,"comment_status":"open","ping_status":"closed","template":"","meta":[],"product_brand":[538],"product_cat":[618],"product_tag":[],"class_list":{"0":"post-34051","1":"product","2":"type-product","3":"status-publish","4":"has-post-thumbnail","6":"product_brand-vaseline","7":"product_cat-hydratation-corps-corps","9":"first","10":"instock","11":"shipping-taxable","12":"purchasable","13":"product-type-simple"},"yoast_head":"<!-- This site is optimized with the Yoast SEO plugin v26.6 - https:\/\/yoast.com\/wordpress\/plugins\/seo\/ -->\r\n<title>VASELINE GLUTA HYA SERUM BURST LOTION DEWY RADIANCE 330ML - Paracherkaoui.ma<\/title>\r\n<meta name=\"robots\" content=\"index, follow, max-snippet:-1, max-image-preview:large, max-video-preview:-1\" \/>\r\n<link rel=\"canonical\" href=\"https:\/\/paracherkaoui.ma\/index.php\/produit\/vaseline-gluta-hya-serum-burst-lotion-dewy-radiance-330ml\/\" \/>\r\n<meta property=\"og:locale\" content=\"fr_FR\" \/>\r\n<meta property=\"og:type\" content=\"article\" \/>\r\n<meta property=\"og:title\" content=\"VASELINE GLUTA HYA SERUM BURST LOTION DEWY RADIANCE 330ML - Paracherkaoui.ma\" \/>\r\n<meta property=\"og:description\" content=\"Illuminez votre teint avec la Lotion S\u00e9rum Vaseline Gluta-Hya ! C&rsquo;est une promesse tenue gr\u00e2ce \u00e0 une formule r\u00e9volutionnaire, cliniquement\" \/>\r\n<meta property=\"og:url\" content=\"https:\/\/paracherkaoui.ma\/index.php\/produit\/vaseline-gluta-hya-serum-burst-lotion-dewy-radiance-330ml\/\" \/>\r\n<meta property=\"og:site_name\" content=\"Paracherkaoui.ma\" \/>\r\n<meta property=\"article:modified_time\" content=\"2025-12-12T17:51:17+00:00\" \/>\r\n<meta property=\"og:image\" content=\"https:\/\/paracherkaoui.ma\/wp-content\/uploads\/2025\/12\/vaseline-gluta-hya-serum-burst-lotion-dewy-radiance-330ml.jpg\" \/>\r\n\t<meta property=\"og:image:width\" content=\"700\" \/>\r\n\t<meta property=\"og:image:height\" content=\"700\" \/>\r\n\t<meta property=\"og:image:type\" content=\"image\/jpeg\" \/>\r\n<meta name=\"twitter:card\" content=\"summary_large_image\" \/>\r\n<meta name=\"twitter:label1\" content=\"Dur\u00e9e de lecture estim\u00e9e\" \/>\n\t<meta name=\"twitter:data1\" content=\"2 minutes\" \/>\r\n<script type=\"application\/ld+json\" class=\"yoast-schema-graph\">{\"@context\":\"https:\/\/schema.org\",\"@graph\":[{\"@type\":\"WebPage\",\"@id\":\"https:\/\/paracherkaoui.ma\/index.php\/produit\/vaseline-gluta-hya-serum-burst-lotion-dewy-radiance-330ml\/\",\"url\":\"https:\/\/paracherkaoui.ma\/index.php\/produit\/vaseline-gluta-hya-serum-burst-lotion-dewy-radiance-330ml\/\",\"name\":\"VASELINE GLUTA HYA SERUM BURST LOTION DEWY RADIANCE 330ML - Paracherkaoui.ma\",\"isPartOf\":{\"@id\":\"https:\/\/paracherkaoui.ma\/#website\"},\"primaryImageOfPage\":{\"@id\":\"https:\/\/paracherkaoui.ma\/index.php\/produit\/vaseline-gluta-hya-serum-burst-lotion-dewy-radiance-330ml\/#primaryimage\"},\"image\":{\"@id\":\"https:\/\/paracherkaoui.ma\/index.php\/produit\/vaseline-gluta-hya-serum-burst-lotion-dewy-radiance-330ml\/#primaryimage\"},\"thumbnailUrl\":\"https:\/\/paracherkaoui.ma\/wp-content\/uploads\/2025\/12\/vaseline-gluta-hya-serum-burst-lotion-dewy-radiance-330ml.jpg\",\"datePublished\":\"2025-12-12T17:51:14+00:00\",\"dateModified\":\"2025-12-12T17:51:17+00:00\",\"breadcrumb\":{\"@id\":\"https:\/\/paracherkaoui.ma\/index.php\/produit\/vaseline-gluta-hya-serum-burst-lotion-dewy-radiance-330ml\/#breadcrumb\"},\"inLanguage\":\"fr-FR\",\"potentialAction\":[{\"@type\":\"ReadAction\",\"target\":[\"https:\/\/paracherkaoui.ma\/index.php\/produit\/vaseline-gluta-hya-serum-burst-lotion-dewy-radiance-330ml\/\"]}]},{\"@type\":\"ImageObject\",\"inLanguage\":\"fr-FR\",\"@id\":\"https:\/\/paracherkaoui.ma\/index.php\/produit\/vaseline-gluta-hya-serum-burst-lotion-dewy-radiance-330ml\/#primaryimage\",\"url\":\"https:\/\/paracherkaoui.ma\/wp-content\/uploads\/2025\/12\/vaseline-gluta-hya-serum-burst-lotion-dewy-radiance-330ml.jpg\",\"contentUrl\":\"https:\/\/paracherkaoui.ma\/wp-content\/uploads\/2025\/12\/vaseline-gluta-hya-serum-burst-lotion-dewy-radiance-330ml.jpg\",\"width\":700,\"height\":700},{\"@type\":\"BreadcrumbList\",\"@id\":\"https:\/\/paracherkaoui.ma\/index.php\/produit\/vaseline-gluta-hya-serum-burst-lotion-dewy-radiance-330ml\/#breadcrumb\",\"itemListElement\":[{\"@type\":\"ListItem\",\"position\":1,\"name\":\"Accueil\",\"item\":\"https:\/\/paracherkaoui.ma\/\"},{\"@type\":\"ListItem\",\"position\":2,\"name\":\"Boutique\",\"item\":\"https:\/\/paracherkaoui.ma\/index.php\/boutique\/\"},{\"@type\":\"ListItem\",\"position\":3,\"name\":\"VASELINE GLUTA HYA SERUM BURST LOTION DEWY RADIANCE 330ML\"}]},{\"@type\":\"WebSite\",\"@id\":\"https:\/\/paracherkaoui.ma\/#website\",\"url\":\"https:\/\/paracherkaoui.ma\/\",\"name\":\"Paracherkaoui.ma\",\"description\":\"Achetez en ligne sur Paracherkaoui.ma\",\"potentialAction\":[{\"@type\":\"SearchAction\",\"target\":{\"@type\":\"EntryPoint\",\"urlTemplate\":\"https:\/\/paracherkaoui.ma\/?s={search_term_string}\"},\"query-input\":{\"@type\":\"PropertyValueSpecification\",\"valueRequired\":true,\"valueName\":\"search_term_string\"}}],\"inLanguage\":\"fr-FR\"}]}<\/script>\r\n<!-- \/ Yoast SEO plugin. -->","yoast_head_json":{"title":"VASELINE GLUTA HYA SERUM BURST LOTION DEWY RADIANCE 330ML - Paracherkaoui.ma","robots":{"index":"index","follow":"follow","max-snippet":"max-snippet:-1","max-image-preview":"max-image-preview:large","max-video-preview":"max-video-preview:-1"},"canonical":"https:\/\/paracherkaoui.ma\/index.php\/produit\/vaseline-gluta-hya-serum-burst-lotion-dewy-radiance-330ml\/","og_locale":"fr_FR","og_type":"article","og_title":"VASELINE GLUTA HYA SERUM BURST LOTION DEWY RADIANCE 330ML - Paracherkaoui.ma","og_description":"Illuminez votre teint avec la Lotion S\u00e9rum Vaseline Gluta-Hya ! C&rsquo;est une promesse tenue gr\u00e2ce \u00e0 une formule r\u00e9volutionnaire, cliniquement","og_url":"https:\/\/paracherkaoui.ma\/index.php\/produit\/vaseline-gluta-hya-serum-burst-lotion-dewy-radiance-330ml\/","og_site_name":"Paracherkaoui.ma","article_modified_time":"2025-12-12T17:51:17+00:00","og_image":[{"width":700,"height":700,"url":"https:\/\/paracherkaoui.ma\/wp-content\/uploads\/2025\/12\/vaseline-gluta-hya-serum-burst-lotion-dewy-radiance-330ml.jpg","type":"image\/jpeg"}],"twitter_card":"summary_large_image","twitter_misc":{"Dur\u00e9e de lecture estim\u00e9e":"2 minutes"},"schema":{"@context":"https:\/\/schema.org","@graph":[{"@type":"WebPage","@id":"https:\/\/paracherkaoui.ma\/index.php\/produit\/vaseline-gluta-hya-serum-burst-lotion-dewy-radiance-330ml\/","url":"https:\/\/paracherkaoui.ma\/index.php\/produit\/vaseline-gluta-hya-serum-burst-lotion-dewy-radiance-330ml\/","name":"VASELINE GLUTA HYA SERUM BURST LOTION DEWY RADIANCE 330ML - Paracherkaoui.ma","isPartOf":{"@id":"https:\/\/paracherkaoui.ma\/#website"},"primaryImageOfPage":{"@id":"https:\/\/paracherkaoui.ma\/index.php\/produit\/vaseline-gluta-hya-serum-burst-lotion-dewy-radiance-330ml\/#primaryimage"},"image":{"@id":"https:\/\/paracherkaoui.ma\/index.php\/produit\/vaseline-gluta-hya-serum-burst-lotion-dewy-radiance-330ml\/#primaryimage"},"thumbnailUrl":"https:\/\/paracherkaoui.ma\/wp-content\/uploads\/2025\/12\/vaseline-gluta-hya-serum-burst-lotion-dewy-radiance-330ml.jpg","datePublished":"2025-12-12T17:51:14+00:00","dateModified":"2025-12-12T17:51:17+00:00","breadcrumb":{"@id":"https:\/\/paracherkaoui.ma\/index.php\/produit\/vaseline-gluta-hya-serum-burst-lotion-dewy-radiance-330ml\/#breadcrumb"},"inLanguage":"fr-FR","potentialAction":[{"@type":"ReadAction","target":["https:\/\/paracherkaoui.ma\/index.php\/produit\/vaseline-gluta-hya-serum-burst-lotion-dewy-radiance-330ml\/"]}]},{"@type":"ImageObject","inLanguage":"fr-FR","@id":"https:\/\/paracherkaoui.ma\/index.php\/produit\/vaseline-gluta-hya-serum-burst-lotion-dewy-radiance-330ml\/#primaryimage","url":"https:\/\/paracherkaoui.ma\/wp-content\/uploads\/2025\/12\/vaseline-gluta-hya-serum-burst-lotion-dewy-radiance-330ml.jpg","contentUrl":"https:\/\/paracherkaoui.ma\/wp-content\/uploads\/2025\/12\/vaseline-gluta-hya-serum-burst-lotion-dewy-radiance-330ml.jpg","width":700,"height":700},{"@type":"BreadcrumbList","@id":"https:\/\/paracherkaoui.ma\/index.php\/produit\/vaseline-gluta-hya-serum-burst-lotion-dewy-radiance-330ml\/#breadcrumb","itemListElement":[{"@type":"ListItem","position":1,"name":"Accueil","item":"https:\/\/paracherkaoui.ma\/"},{"@type":"ListItem","position":2,"name":"Boutique","item":"https:\/\/paracherkaoui.ma\/index.php\/boutique\/"},{"@type":"ListItem","position":3,"name":"VASELINE GLUTA HYA SERUM BURST LOTION DEWY RADIANCE 330ML"}]},{"@type":"WebSite","@id":"https:\/\/paracherkaoui.ma\/#website","url":"https:\/\/paracherkaoui.ma\/","name":"Paracherkaoui.ma","description":"Achetez en ligne sur Paracherkaoui.ma","potentialAction":[{"@type":"SearchAction","target":{"@type":"EntryPoint","urlTemplate":"https:\/\/paracherkaoui.ma\/?s={search_term_string}"},"query-input":{"@type":"PropertyValueSpecification","valueRequired":true,"valueName":"search_term_string"}}],"inLanguage":"fr-FR"}]}},"_links":{"self":[{"href":"https:\/\/paracherkaoui.ma\/index.php\/wp-json\/wp\/v2\/product\/34051","targetHints":{"allow":["GET"]}}],"collection":[{"href":"https:\/\/paracherkaoui.ma\/index.php\/wp-json\/wp\/v2\/product"}],"about":[{"href":"https:\/\/paracherkaoui.ma\/index.php\/wp-json\/wp\/v2\/types\/product"}],"replies":[{"embeddable":true,"href":"https:\/\/paracherkaoui.ma\/index.php\/wp-json\/wp\/v2\/comments?post=34051"}],"version-history":[{"count":1,"href":"https:\/\/paracherkaoui.ma\/index.php\/wp-json\/wp\/v2\/product\/34051\/revisions"}],"predecessor-version":[{"id":34087,"href":"https:\/\/paracherkaoui.ma\/index.php\/wp-json\/wp\/v2\/product\/34051\/revisions\/34087"}],"wp:featuredmedia":[{"embeddable":true,"href":"https:\/\/paracherkaoui.ma\/index.php\/wp-json\/wp\/v2\/media\/34086"}],"wp:attachment":[{"href":"https:\/\/paracherkaoui.ma\/index.php\/wp-json\/wp\/v2\/media?parent=34051"}],"wp:term":[{"taxonomy":"product_brand","embeddable":true,"href":"https:\/\/paracherkaoui.ma\/index.php\/wp-json\/wp\/v2\/product_brand?post=34051"},{"taxonomy":"product_cat","embeddable":true,"href":"https:\/\/paracherkaoui.ma\/index.php\/wp-json\/wp\/v2\/product_cat?post=34051"},{"taxonomy":"product_tag","embeddable":true,"href":"https:\/\/paracherkaoui.ma\/index.php\/wp-json\/wp\/v2\/product_tag?post=34051"}],"curies":[{"name":"wp","href":"https:\/\/api.w.org\/{rel}","templated":true}]}}