{"id":33725,"date":"2025-12-12T18:50:36","date_gmt":"2025-12-12T17:50:36","guid":{"rendered":"https:\/\/test.ecbeaute.com\/?post_type=product&#038;p=33725"},"modified":"2025-12-12T18:50:40","modified_gmt":"2025-12-12T17:50:40","slug":"patyka-creme-corps-raffermissante-180-ml","status":"publish","type":"product","link":"https:\/\/paracherkaoui.ma\/index.php\/produit\/patyka-creme-corps-raffermissante-180-ml\/","title":{"rendered":"PATYKA CREME CORPS RAFFERMISSANTE 180 ML"},"content":{"rendered":"<p>Enrichie en huile de poivre rose, cette cr\u00e8me combat efficacement l&rsquo;apparence de la cellulite en r\u00e9duisant visiblement les capitons et en affinant la silhouette. L&rsquo;extrait de gingembre, reconnu pour ses propri\u00e9t\u00e9s tonifiantes, redessine et raffermit la peau en profondeur. De plus, les polysaccharides d&rsquo;avoine offrent un effet lissant imm\u00e9diat, contribuant \u00e0 une peau plus douce, plus \u00e9lastique, et visiblement plus jeune.<br \/>\nAvec 99% d&rsquo;ingr\u00e9dients d&rsquo;origine naturelle et 29% issus de l&rsquo;agriculture biologique, cette cr\u00e8me est certifi\u00e9e Cosmos Organic par Ecocert Greenlife. Adapt\u00e9e \u00e0 tous les types de peaux, m\u00eame les plus sensibles, elle est formul\u00e9e sans ingr\u00e9dients d&rsquo;origine animale, respectant ainsi vos valeurs v\u00e9ganes. Test\u00e9e sous contr\u00f4le dermatologique, elle garantit une tol\u00e9rance optimale pour un usage quotidien.<br \/>\nId\u00e9ale apr\u00e8s le bain ou la douche, la Cr\u00e8me Corps Raffermissante laisse une sensation de confort absolu. Jour apr\u00e8s jour, la peau est visiblement plus ferme, plus tonique, et la silhouette est redessin\u00e9e. Le r\u00e9sultat ? Une peau raffermie, hydrat\u00e9e, et sublim\u00e9e au naturel.<br \/>\nComposition<br \/>\nAqua (eau), st\u00e9arate de glyc\u00e9ryle Se, beurre de Butyrospermum Parkii (karit\u00e9)*, citrate de tri\u00e9thyle, triglyc\u00e9rides C10-18, huile de graines d&rsquo;Helianthus Annuus (tournesol)*, glyc\u00e9rine, alcool** d\u00e9natur\u00e9, pentyl\u00e8ne glycol, cellulose microcristalline, alcool c\u00e9t\u00e9arylique, ol\u00e9ate de d\u00e9cyle, extrait de graines de Schinus Terebinthifolia, extrait de noyau d&rsquo;Avena Sativa (avoine)**, extrait de racine de Zingiber Officinale (gingembre)*, acide palmitique, acide st\u00e9arique, parfum (parfum), st\u00e9aroyl glutamate de sodium, acide l\u00e9vulinique, gomme de cellulose, l\u00e9vulinate de sodium, gomme xanthane, hydroxyde de sodium, gomme d&rsquo;acacia du S\u00e9n\u00e9gal, tocoph\u00e9rol, poudre de jus de feuille d&rsquo;Aloe Barbadensis*, phytate de sodium, huile de glycine soja (soja), benzoate de sodium, sorbate de potassium, Citrate de glyc\u00e9rides v\u00e9g\u00e9taux hydrog\u00e9n\u00e9s.<br \/>\nConseils d\u2019utilisation<br \/>\nApr\u00e8s le bain ou la douche, appliquez g\u00e9n\u00e9reusement la cr\u00e8me sur l\u2019ensemble du corps. Insistez particuli\u00e8rement sur les zones cibl\u00e9es comme la taille, les cuisses, les fesses et les bras. Massez en effectuant des mouvements circulaires jusqu\u2019\u00e0 absorption compl\u00e8te. Pour des r\u00e9sultats optimaux, utilisez quotidiennement.<\/p>\n","protected":false},"excerpt":{"rendered":"<p>Enrichie en huile de poivre rose, cette cr\u00e8me combat efficacement l&rsquo;apparence de la cellulite en r\u00e9duisant visiblement les capitons et<\/p>\n","protected":false},"featured_media":33766,"comment_status":"open","ping_status":"closed","template":"","meta":[],"product_brand":[443],"product_cat":[618],"product_tag":[],"class_list":{"0":"post-33725","1":"product","2":"type-product","3":"status-publish","4":"has-post-thumbnail","6":"product_brand-patyka","7":"product_cat-hydratation-corps-corps","9":"first","10":"instock","11":"sale","12":"shipping-taxable","13":"purchasable","14":"product-type-simple"},"yoast_head":"<!-- This site is optimized with the Yoast SEO plugin v26.6 - https:\/\/yoast.com\/wordpress\/plugins\/seo\/ -->\r\n<title>PATYKA CREME CORPS RAFFERMISSANTE 180 ML - Paracherkaoui.ma<\/title>\r\n<meta name=\"robots\" content=\"index, follow, max-snippet:-1, max-image-preview:large, max-video-preview:-1\" \/>\r\n<link rel=\"canonical\" href=\"https:\/\/paracherkaoui.ma\/index.php\/produit\/patyka-creme-corps-raffermissante-180-ml\/\" \/>\r\n<meta property=\"og:locale\" content=\"fr_FR\" \/>\r\n<meta property=\"og:type\" content=\"article\" \/>\r\n<meta property=\"og:title\" content=\"PATYKA CREME CORPS RAFFERMISSANTE 180 ML - Paracherkaoui.ma\" \/>\r\n<meta property=\"og:description\" content=\"Enrichie en huile de poivre rose, cette cr\u00e8me combat efficacement l&rsquo;apparence de la cellulite en r\u00e9duisant visiblement les capitons et\" \/>\r\n<meta property=\"og:url\" content=\"https:\/\/paracherkaoui.ma\/index.php\/produit\/patyka-creme-corps-raffermissante-180-ml\/\" \/>\r\n<meta property=\"og:site_name\" content=\"Paracherkaoui.ma\" \/>\r\n<meta property=\"article:modified_time\" content=\"2025-12-12T17:50:40+00:00\" \/>\r\n<meta property=\"og:image\" content=\"https:\/\/paracherkaoui.ma\/wp-content\/uploads\/2025\/12\/patyka-patyka-creme-corps-raffermissante-180-ml-hydratation-corps.jpg\" \/>\r\n\t<meta property=\"og:image:width\" content=\"700\" \/>\r\n\t<meta property=\"og:image:height\" content=\"700\" \/>\r\n\t<meta property=\"og:image:type\" content=\"image\/jpeg\" \/>\r\n<meta name=\"twitter:card\" content=\"summary_large_image\" \/>\r\n<meta name=\"twitter:label1\" content=\"Dur\u00e9e de lecture estim\u00e9e\" \/>\n\t<meta name=\"twitter:data1\" content=\"2 minutes\" \/>\r\n<script type=\"application\/ld+json\" class=\"yoast-schema-graph\">{\"@context\":\"https:\/\/schema.org\",\"@graph\":[{\"@type\":\"WebPage\",\"@id\":\"https:\/\/paracherkaoui.ma\/index.php\/produit\/patyka-creme-corps-raffermissante-180-ml\/\",\"url\":\"https:\/\/paracherkaoui.ma\/index.php\/produit\/patyka-creme-corps-raffermissante-180-ml\/\",\"name\":\"PATYKA CREME CORPS RAFFERMISSANTE 180 ML - Paracherkaoui.ma\",\"isPartOf\":{\"@id\":\"https:\/\/paracherkaoui.ma\/#website\"},\"primaryImageOfPage\":{\"@id\":\"https:\/\/paracherkaoui.ma\/index.php\/produit\/patyka-creme-corps-raffermissante-180-ml\/#primaryimage\"},\"image\":{\"@id\":\"https:\/\/paracherkaoui.ma\/index.php\/produit\/patyka-creme-corps-raffermissante-180-ml\/#primaryimage\"},\"thumbnailUrl\":\"https:\/\/paracherkaoui.ma\/wp-content\/uploads\/2025\/12\/patyka-patyka-creme-corps-raffermissante-180-ml-hydratation-corps.jpg\",\"datePublished\":\"2025-12-12T17:50:36+00:00\",\"dateModified\":\"2025-12-12T17:50:40+00:00\",\"breadcrumb\":{\"@id\":\"https:\/\/paracherkaoui.ma\/index.php\/produit\/patyka-creme-corps-raffermissante-180-ml\/#breadcrumb\"},\"inLanguage\":\"fr-FR\",\"potentialAction\":[{\"@type\":\"ReadAction\",\"target\":[\"https:\/\/paracherkaoui.ma\/index.php\/produit\/patyka-creme-corps-raffermissante-180-ml\/\"]}]},{\"@type\":\"ImageObject\",\"inLanguage\":\"fr-FR\",\"@id\":\"https:\/\/paracherkaoui.ma\/index.php\/produit\/patyka-creme-corps-raffermissante-180-ml\/#primaryimage\",\"url\":\"https:\/\/paracherkaoui.ma\/wp-content\/uploads\/2025\/12\/patyka-patyka-creme-corps-raffermissante-180-ml-hydratation-corps.jpg\",\"contentUrl\":\"https:\/\/paracherkaoui.ma\/wp-content\/uploads\/2025\/12\/patyka-patyka-creme-corps-raffermissante-180-ml-hydratation-corps.jpg\",\"width\":700,\"height\":700},{\"@type\":\"BreadcrumbList\",\"@id\":\"https:\/\/paracherkaoui.ma\/index.php\/produit\/patyka-creme-corps-raffermissante-180-ml\/#breadcrumb\",\"itemListElement\":[{\"@type\":\"ListItem\",\"position\":1,\"name\":\"Accueil\",\"item\":\"https:\/\/paracherkaoui.ma\/\"},{\"@type\":\"ListItem\",\"position\":2,\"name\":\"Boutique\",\"item\":\"https:\/\/paracherkaoui.ma\/index.php\/boutique\/\"},{\"@type\":\"ListItem\",\"position\":3,\"name\":\"PATYKA CREME CORPS RAFFERMISSANTE 180 ML\"}]},{\"@type\":\"WebSite\",\"@id\":\"https:\/\/paracherkaoui.ma\/#website\",\"url\":\"https:\/\/paracherkaoui.ma\/\",\"name\":\"Paracherkaoui.ma\",\"description\":\"Achetez en ligne sur Paracherkaoui.ma\",\"potentialAction\":[{\"@type\":\"SearchAction\",\"target\":{\"@type\":\"EntryPoint\",\"urlTemplate\":\"https:\/\/paracherkaoui.ma\/?s={search_term_string}\"},\"query-input\":{\"@type\":\"PropertyValueSpecification\",\"valueRequired\":true,\"valueName\":\"search_term_string\"}}],\"inLanguage\":\"fr-FR\"}]}<\/script>\r\n<!-- \/ Yoast SEO plugin. -->","yoast_head_json":{"title":"PATYKA CREME CORPS RAFFERMISSANTE 180 ML - Paracherkaoui.ma","robots":{"index":"index","follow":"follow","max-snippet":"max-snippet:-1","max-image-preview":"max-image-preview:large","max-video-preview":"max-video-preview:-1"},"canonical":"https:\/\/paracherkaoui.ma\/index.php\/produit\/patyka-creme-corps-raffermissante-180-ml\/","og_locale":"fr_FR","og_type":"article","og_title":"PATYKA CREME CORPS RAFFERMISSANTE 180 ML - Paracherkaoui.ma","og_description":"Enrichie en huile de poivre rose, cette cr\u00e8me combat efficacement l&rsquo;apparence de la cellulite en r\u00e9duisant visiblement les capitons et","og_url":"https:\/\/paracherkaoui.ma\/index.php\/produit\/patyka-creme-corps-raffermissante-180-ml\/","og_site_name":"Paracherkaoui.ma","article_modified_time":"2025-12-12T17:50:40+00:00","og_image":[{"width":700,"height":700,"url":"https:\/\/paracherkaoui.ma\/wp-content\/uploads\/2025\/12\/patyka-patyka-creme-corps-raffermissante-180-ml-hydratation-corps.jpg","type":"image\/jpeg"}],"twitter_card":"summary_large_image","twitter_misc":{"Dur\u00e9e de lecture estim\u00e9e":"2 minutes"},"schema":{"@context":"https:\/\/schema.org","@graph":[{"@type":"WebPage","@id":"https:\/\/paracherkaoui.ma\/index.php\/produit\/patyka-creme-corps-raffermissante-180-ml\/","url":"https:\/\/paracherkaoui.ma\/index.php\/produit\/patyka-creme-corps-raffermissante-180-ml\/","name":"PATYKA CREME CORPS RAFFERMISSANTE 180 ML - Paracherkaoui.ma","isPartOf":{"@id":"https:\/\/paracherkaoui.ma\/#website"},"primaryImageOfPage":{"@id":"https:\/\/paracherkaoui.ma\/index.php\/produit\/patyka-creme-corps-raffermissante-180-ml\/#primaryimage"},"image":{"@id":"https:\/\/paracherkaoui.ma\/index.php\/produit\/patyka-creme-corps-raffermissante-180-ml\/#primaryimage"},"thumbnailUrl":"https:\/\/paracherkaoui.ma\/wp-content\/uploads\/2025\/12\/patyka-patyka-creme-corps-raffermissante-180-ml-hydratation-corps.jpg","datePublished":"2025-12-12T17:50:36+00:00","dateModified":"2025-12-12T17:50:40+00:00","breadcrumb":{"@id":"https:\/\/paracherkaoui.ma\/index.php\/produit\/patyka-creme-corps-raffermissante-180-ml\/#breadcrumb"},"inLanguage":"fr-FR","potentialAction":[{"@type":"ReadAction","target":["https:\/\/paracherkaoui.ma\/index.php\/produit\/patyka-creme-corps-raffermissante-180-ml\/"]}]},{"@type":"ImageObject","inLanguage":"fr-FR","@id":"https:\/\/paracherkaoui.ma\/index.php\/produit\/patyka-creme-corps-raffermissante-180-ml\/#primaryimage","url":"https:\/\/paracherkaoui.ma\/wp-content\/uploads\/2025\/12\/patyka-patyka-creme-corps-raffermissante-180-ml-hydratation-corps.jpg","contentUrl":"https:\/\/paracherkaoui.ma\/wp-content\/uploads\/2025\/12\/patyka-patyka-creme-corps-raffermissante-180-ml-hydratation-corps.jpg","width":700,"height":700},{"@type":"BreadcrumbList","@id":"https:\/\/paracherkaoui.ma\/index.php\/produit\/patyka-creme-corps-raffermissante-180-ml\/#breadcrumb","itemListElement":[{"@type":"ListItem","position":1,"name":"Accueil","item":"https:\/\/paracherkaoui.ma\/"},{"@type":"ListItem","position":2,"name":"Boutique","item":"https:\/\/paracherkaoui.ma\/index.php\/boutique\/"},{"@type":"ListItem","position":3,"name":"PATYKA CREME CORPS RAFFERMISSANTE 180 ML"}]},{"@type":"WebSite","@id":"https:\/\/paracherkaoui.ma\/#website","url":"https:\/\/paracherkaoui.ma\/","name":"Paracherkaoui.ma","description":"Achetez en ligne sur Paracherkaoui.ma","potentialAction":[{"@type":"SearchAction","target":{"@type":"EntryPoint","urlTemplate":"https:\/\/paracherkaoui.ma\/?s={search_term_string}"},"query-input":{"@type":"PropertyValueSpecification","valueRequired":true,"valueName":"search_term_string"}}],"inLanguage":"fr-FR"}]}},"_links":{"self":[{"href":"https:\/\/paracherkaoui.ma\/index.php\/wp-json\/wp\/v2\/product\/33725","targetHints":{"allow":["GET"]}}],"collection":[{"href":"https:\/\/paracherkaoui.ma\/index.php\/wp-json\/wp\/v2\/product"}],"about":[{"href":"https:\/\/paracherkaoui.ma\/index.php\/wp-json\/wp\/v2\/types\/product"}],"replies":[{"embeddable":true,"href":"https:\/\/paracherkaoui.ma\/index.php\/wp-json\/wp\/v2\/comments?post=33725"}],"version-history":[{"count":1,"href":"https:\/\/paracherkaoui.ma\/index.php\/wp-json\/wp\/v2\/product\/33725\/revisions"}],"predecessor-version":[{"id":33767,"href":"https:\/\/paracherkaoui.ma\/index.php\/wp-json\/wp\/v2\/product\/33725\/revisions\/33767"}],"wp:featuredmedia":[{"embeddable":true,"href":"https:\/\/paracherkaoui.ma\/index.php\/wp-json\/wp\/v2\/media\/33766"}],"wp:attachment":[{"href":"https:\/\/paracherkaoui.ma\/index.php\/wp-json\/wp\/v2\/media?parent=33725"}],"wp:term":[{"taxonomy":"product_brand","embeddable":true,"href":"https:\/\/paracherkaoui.ma\/index.php\/wp-json\/wp\/v2\/product_brand?post=33725"},{"taxonomy":"product_cat","embeddable":true,"href":"https:\/\/paracherkaoui.ma\/index.php\/wp-json\/wp\/v2\/product_cat?post=33725"},{"taxonomy":"product_tag","embeddable":true,"href":"https:\/\/paracherkaoui.ma\/index.php\/wp-json\/wp\/v2\/product_tag?post=33725"}],"curies":[{"name":"wp","href":"https:\/\/api.w.org\/{rel}","templated":true}]}}