{"id":33661,"date":"2025-12-12T18:50:28","date_gmt":"2025-12-12T17:50:28","guid":{"rendered":"https:\/\/test.ecbeaute.com\/?post_type=product&#038;p=33661"},"modified":"2025-12-12T18:50:34","modified_gmt":"2025-12-12T17:50:34","slug":"biotherm-life-plankton-lait-corps-400-ml","status":"publish","type":"product","link":"https:\/\/paracherkaoui.ma\/index.php\/produit\/biotherm-life-plankton-lait-corps-400-ml\/","title":{"rendered":"BIOTHERM LIFE PLANKTON LAIT CORPS 400 ML"},"content":{"rendered":"<p>D\u00e9couvrez le Life Plankton\u2122 Lait Corps 400 ml de Biotherm, une v\u00e9ritable r\u00e9volution pour la peau. Ce lait corporel contient la plus forte concentration de Life Plankton\u2122, un ingr\u00e9dient l\u00e9gendaire aux propri\u00e9t\u00e9s r\u00e9g\u00e9n\u00e9rantes, enrichi d\u2019un complexe d&rsquo;huiles naturelles (olive, noyau d&rsquo;abricot, ma\u00efs, riz) et de beurre de karit\u00e9. Id\u00e9al pour les peaux sensibles, il hydrate intens\u00e9ment, renforce la barri\u00e8re protectrice et redonne fermet\u00e9 et \u00e9lasticit\u00e9 \u00e0 la peau.<br \/>\nJour apr\u00e8s jour, vous constaterez une peau visiblement plus ferme, lisse et hydrat\u00e9e. Sa texture l\u00e9g\u00e8re et onctueuse p\u00e9n\u00e8tre rapidement sans laisser de film gras, pour une sensation de confort imm\u00e9diate. De plus, ce lait corporel est subtilement parfum\u00e9 d\u2019une note musqu\u00e9e raffin\u00e9e, offrant une exp\u00e9rience sensorielle unique \u00e0 chaque application. Formul\u00e9 et parfum\u00e9 pour minimiser les risques d\u2019allergies, il est test\u00e9 sous contr\u00f4le dermatologique pour garantir une tol\u00e9rance optimale.<br \/>\nEn plus de ses bienfaits pour la peau, ce soin est pr\u00e9sent\u00e9 dans un flacon respectueux de l&rsquo;environnement, compos\u00e9 \u00e0 100 % de plastique recycl\u00e9 et recyclable*, faisant de ce produit une alliance parfaite entre beaut\u00e9 et durabilit\u00e9. Faites l\u2019exp\u00e9rience de ce lait multi-correcteur qui allie soin, hydratation et respect de la nature pour une peau radieuse et prot\u00e9g\u00e9e tout au long de la journ\u00e9e.<br \/>\nConseils d&rsquo;utilisation :<br \/>\nAppliquer g\u00e9n\u00e9reusement apr\u00e8s la douche ou le bain sur une peau propre et s\u00e8che.<br \/>\nMasser d\u00e9licatement en mouvements circulaires pour faire p\u00e9n\u00e9trer la cr\u00e8me et stimuler la circulation sanguine.<br \/>\nInsister sur les zones particuli\u00e8rement s\u00e8ches ou manquant de fermet\u00e9 (bras, cuisses, ventre).<br \/>\nComposition :<br \/>\nAQUA, GLYCERIN, PROPANEDIOL, BUTYROSPERMUMPARKII BUTTER, ISOPROPYLPALMITATE, CETYLALCOHOL, MYRISTYLMYRISTATE, OLEAEUROPAEA FRUIT OIL, ZEAMAYS STARCH, ZEAMAYS OIL, PRUNUSARMENIACA KERNEL OIL, PASSIFLORAEDULIS SEED OIL, ORYZASATIVA BRAN OIL, C12-13ALKYL LACTATE, CARBOMER, SODIUMHYDROXIDE, SODIUMPOLYACRYLATE, CAPRYLYLGLYCOL, VITREOSCILLAFERMENT, CITRICACID, POLYGLYCERYL-3METHYLGLUCOSE DISTEARATE, TOCOPHEROL, ASCORBYLPALMITATE, BENZOICACID, PARFUM.<\/p>\n","protected":false},"excerpt":{"rendered":"<p>D\u00e9couvrez le Life Plankton\u2122 Lait Corps 400 ml de Biotherm, une v\u00e9ritable r\u00e9volution pour la peau. Ce lait corporel contient<\/p>\n","protected":false},"featured_media":33709,"comment_status":"open","ping_status":"closed","template":"","meta":[],"product_brand":[391],"product_cat":[618],"product_tag":[],"class_list":{"0":"post-33661","1":"product","2":"type-product","3":"status-publish","4":"has-post-thumbnail","6":"product_brand-biotherm","7":"product_cat-hydratation-corps-corps","9":"first","10":"instock","11":"shipping-taxable","12":"purchasable","13":"product-type-simple"},"yoast_head":"<!-- This site is optimized with the Yoast SEO plugin v26.6 - https:\/\/yoast.com\/wordpress\/plugins\/seo\/ -->\r\n<title>BIOTHERM LIFE PLANKTON LAIT CORPS 400 ML - Paracherkaoui.ma<\/title>\r\n<meta name=\"robots\" content=\"index, follow, max-snippet:-1, max-image-preview:large, max-video-preview:-1\" \/>\r\n<link rel=\"canonical\" href=\"https:\/\/paracherkaoui.ma\/index.php\/produit\/biotherm-life-plankton-lait-corps-400-ml\/\" \/>\r\n<meta property=\"og:locale\" content=\"fr_FR\" \/>\r\n<meta property=\"og:type\" content=\"article\" \/>\r\n<meta property=\"og:title\" content=\"BIOTHERM LIFE PLANKTON LAIT CORPS 400 ML - Paracherkaoui.ma\" \/>\r\n<meta property=\"og:description\" content=\"D\u00e9couvrez le Life Plankton\u2122 Lait Corps 400 ml de Biotherm, une v\u00e9ritable r\u00e9volution pour la peau. Ce lait corporel contient\" \/>\r\n<meta property=\"og:url\" content=\"https:\/\/paracherkaoui.ma\/index.php\/produit\/biotherm-life-plankton-lait-corps-400-ml\/\" \/>\r\n<meta property=\"og:site_name\" content=\"Paracherkaoui.ma\" \/>\r\n<meta property=\"article:modified_time\" content=\"2025-12-12T17:50:34+00:00\" \/>\r\n<meta property=\"og:image\" content=\"https:\/\/paracherkaoui.ma\/wp-content\/uploads\/2025\/12\/biotherm-life-plankton-lait-corps-400-ml.jpg\" \/>\r\n\t<meta property=\"og:image:width\" content=\"700\" \/>\r\n\t<meta property=\"og:image:height\" content=\"700\" \/>\r\n\t<meta property=\"og:image:type\" content=\"image\/jpeg\" \/>\r\n<meta name=\"twitter:card\" content=\"summary_large_image\" \/>\r\n<meta name=\"twitter:label1\" content=\"Dur\u00e9e de lecture estim\u00e9e\" \/>\n\t<meta name=\"twitter:data1\" content=\"2 minutes\" \/>\r\n<script type=\"application\/ld+json\" class=\"yoast-schema-graph\">{\"@context\":\"https:\/\/schema.org\",\"@graph\":[{\"@type\":\"WebPage\",\"@id\":\"https:\/\/paracherkaoui.ma\/index.php\/produit\/biotherm-life-plankton-lait-corps-400-ml\/\",\"url\":\"https:\/\/paracherkaoui.ma\/index.php\/produit\/biotherm-life-plankton-lait-corps-400-ml\/\",\"name\":\"BIOTHERM LIFE PLANKTON LAIT CORPS 400 ML - Paracherkaoui.ma\",\"isPartOf\":{\"@id\":\"https:\/\/paracherkaoui.ma\/#website\"},\"primaryImageOfPage\":{\"@id\":\"https:\/\/paracherkaoui.ma\/index.php\/produit\/biotherm-life-plankton-lait-corps-400-ml\/#primaryimage\"},\"image\":{\"@id\":\"https:\/\/paracherkaoui.ma\/index.php\/produit\/biotherm-life-plankton-lait-corps-400-ml\/#primaryimage\"},\"thumbnailUrl\":\"https:\/\/paracherkaoui.ma\/wp-content\/uploads\/2025\/12\/biotherm-life-plankton-lait-corps-400-ml.jpg\",\"datePublished\":\"2025-12-12T17:50:28+00:00\",\"dateModified\":\"2025-12-12T17:50:34+00:00\",\"breadcrumb\":{\"@id\":\"https:\/\/paracherkaoui.ma\/index.php\/produit\/biotherm-life-plankton-lait-corps-400-ml\/#breadcrumb\"},\"inLanguage\":\"fr-FR\",\"potentialAction\":[{\"@type\":\"ReadAction\",\"target\":[\"https:\/\/paracherkaoui.ma\/index.php\/produit\/biotherm-life-plankton-lait-corps-400-ml\/\"]}]},{\"@type\":\"ImageObject\",\"inLanguage\":\"fr-FR\",\"@id\":\"https:\/\/paracherkaoui.ma\/index.php\/produit\/biotherm-life-plankton-lait-corps-400-ml\/#primaryimage\",\"url\":\"https:\/\/paracherkaoui.ma\/wp-content\/uploads\/2025\/12\/biotherm-life-plankton-lait-corps-400-ml.jpg\",\"contentUrl\":\"https:\/\/paracherkaoui.ma\/wp-content\/uploads\/2025\/12\/biotherm-life-plankton-lait-corps-400-ml.jpg\",\"width\":700,\"height\":700},{\"@type\":\"BreadcrumbList\",\"@id\":\"https:\/\/paracherkaoui.ma\/index.php\/produit\/biotherm-life-plankton-lait-corps-400-ml\/#breadcrumb\",\"itemListElement\":[{\"@type\":\"ListItem\",\"position\":1,\"name\":\"Accueil\",\"item\":\"https:\/\/paracherkaoui.ma\/\"},{\"@type\":\"ListItem\",\"position\":2,\"name\":\"Boutique\",\"item\":\"https:\/\/paracherkaoui.ma\/index.php\/boutique\/\"},{\"@type\":\"ListItem\",\"position\":3,\"name\":\"BIOTHERM LIFE PLANKTON LAIT CORPS 400 ML\"}]},{\"@type\":\"WebSite\",\"@id\":\"https:\/\/paracherkaoui.ma\/#website\",\"url\":\"https:\/\/paracherkaoui.ma\/\",\"name\":\"Paracherkaoui.ma\",\"description\":\"Achetez en ligne sur Paracherkaoui.ma\",\"potentialAction\":[{\"@type\":\"SearchAction\",\"target\":{\"@type\":\"EntryPoint\",\"urlTemplate\":\"https:\/\/paracherkaoui.ma\/?s={search_term_string}\"},\"query-input\":{\"@type\":\"PropertyValueSpecification\",\"valueRequired\":true,\"valueName\":\"search_term_string\"}}],\"inLanguage\":\"fr-FR\"}]}<\/script>\r\n<!-- \/ Yoast SEO plugin. -->","yoast_head_json":{"title":"BIOTHERM LIFE PLANKTON LAIT CORPS 400 ML - Paracherkaoui.ma","robots":{"index":"index","follow":"follow","max-snippet":"max-snippet:-1","max-image-preview":"max-image-preview:large","max-video-preview":"max-video-preview:-1"},"canonical":"https:\/\/paracherkaoui.ma\/index.php\/produit\/biotherm-life-plankton-lait-corps-400-ml\/","og_locale":"fr_FR","og_type":"article","og_title":"BIOTHERM LIFE PLANKTON LAIT CORPS 400 ML - Paracherkaoui.ma","og_description":"D\u00e9couvrez le Life Plankton\u2122 Lait Corps 400 ml de Biotherm, une v\u00e9ritable r\u00e9volution pour la peau. Ce lait corporel contient","og_url":"https:\/\/paracherkaoui.ma\/index.php\/produit\/biotherm-life-plankton-lait-corps-400-ml\/","og_site_name":"Paracherkaoui.ma","article_modified_time":"2025-12-12T17:50:34+00:00","og_image":[{"width":700,"height":700,"url":"https:\/\/paracherkaoui.ma\/wp-content\/uploads\/2025\/12\/biotherm-life-plankton-lait-corps-400-ml.jpg","type":"image\/jpeg"}],"twitter_card":"summary_large_image","twitter_misc":{"Dur\u00e9e de lecture estim\u00e9e":"2 minutes"},"schema":{"@context":"https:\/\/schema.org","@graph":[{"@type":"WebPage","@id":"https:\/\/paracherkaoui.ma\/index.php\/produit\/biotherm-life-plankton-lait-corps-400-ml\/","url":"https:\/\/paracherkaoui.ma\/index.php\/produit\/biotherm-life-plankton-lait-corps-400-ml\/","name":"BIOTHERM LIFE PLANKTON LAIT CORPS 400 ML - Paracherkaoui.ma","isPartOf":{"@id":"https:\/\/paracherkaoui.ma\/#website"},"primaryImageOfPage":{"@id":"https:\/\/paracherkaoui.ma\/index.php\/produit\/biotherm-life-plankton-lait-corps-400-ml\/#primaryimage"},"image":{"@id":"https:\/\/paracherkaoui.ma\/index.php\/produit\/biotherm-life-plankton-lait-corps-400-ml\/#primaryimage"},"thumbnailUrl":"https:\/\/paracherkaoui.ma\/wp-content\/uploads\/2025\/12\/biotherm-life-plankton-lait-corps-400-ml.jpg","datePublished":"2025-12-12T17:50:28+00:00","dateModified":"2025-12-12T17:50:34+00:00","breadcrumb":{"@id":"https:\/\/paracherkaoui.ma\/index.php\/produit\/biotherm-life-plankton-lait-corps-400-ml\/#breadcrumb"},"inLanguage":"fr-FR","potentialAction":[{"@type":"ReadAction","target":["https:\/\/paracherkaoui.ma\/index.php\/produit\/biotherm-life-plankton-lait-corps-400-ml\/"]}]},{"@type":"ImageObject","inLanguage":"fr-FR","@id":"https:\/\/paracherkaoui.ma\/index.php\/produit\/biotherm-life-plankton-lait-corps-400-ml\/#primaryimage","url":"https:\/\/paracherkaoui.ma\/wp-content\/uploads\/2025\/12\/biotherm-life-plankton-lait-corps-400-ml.jpg","contentUrl":"https:\/\/paracherkaoui.ma\/wp-content\/uploads\/2025\/12\/biotherm-life-plankton-lait-corps-400-ml.jpg","width":700,"height":700},{"@type":"BreadcrumbList","@id":"https:\/\/paracherkaoui.ma\/index.php\/produit\/biotherm-life-plankton-lait-corps-400-ml\/#breadcrumb","itemListElement":[{"@type":"ListItem","position":1,"name":"Accueil","item":"https:\/\/paracherkaoui.ma\/"},{"@type":"ListItem","position":2,"name":"Boutique","item":"https:\/\/paracherkaoui.ma\/index.php\/boutique\/"},{"@type":"ListItem","position":3,"name":"BIOTHERM LIFE PLANKTON LAIT CORPS 400 ML"}]},{"@type":"WebSite","@id":"https:\/\/paracherkaoui.ma\/#website","url":"https:\/\/paracherkaoui.ma\/","name":"Paracherkaoui.ma","description":"Achetez en ligne sur Paracherkaoui.ma","potentialAction":[{"@type":"SearchAction","target":{"@type":"EntryPoint","urlTemplate":"https:\/\/paracherkaoui.ma\/?s={search_term_string}"},"query-input":{"@type":"PropertyValueSpecification","valueRequired":true,"valueName":"search_term_string"}}],"inLanguage":"fr-FR"}]}},"_links":{"self":[{"href":"https:\/\/paracherkaoui.ma\/index.php\/wp-json\/wp\/v2\/product\/33661","targetHints":{"allow":["GET"]}}],"collection":[{"href":"https:\/\/paracherkaoui.ma\/index.php\/wp-json\/wp\/v2\/product"}],"about":[{"href":"https:\/\/paracherkaoui.ma\/index.php\/wp-json\/wp\/v2\/types\/product"}],"replies":[{"embeddable":true,"href":"https:\/\/paracherkaoui.ma\/index.php\/wp-json\/wp\/v2\/comments?post=33661"}],"version-history":[{"count":1,"href":"https:\/\/paracherkaoui.ma\/index.php\/wp-json\/wp\/v2\/product\/33661\/revisions"}],"predecessor-version":[{"id":33710,"href":"https:\/\/paracherkaoui.ma\/index.php\/wp-json\/wp\/v2\/product\/33661\/revisions\/33710"}],"wp:featuredmedia":[{"embeddable":true,"href":"https:\/\/paracherkaoui.ma\/index.php\/wp-json\/wp\/v2\/media\/33709"}],"wp:attachment":[{"href":"https:\/\/paracherkaoui.ma\/index.php\/wp-json\/wp\/v2\/media?parent=33661"}],"wp:term":[{"taxonomy":"product_brand","embeddable":true,"href":"https:\/\/paracherkaoui.ma\/index.php\/wp-json\/wp\/v2\/product_brand?post=33661"},{"taxonomy":"product_cat","embeddable":true,"href":"https:\/\/paracherkaoui.ma\/index.php\/wp-json\/wp\/v2\/product_cat?post=33661"},{"taxonomy":"product_tag","embeddable":true,"href":"https:\/\/paracherkaoui.ma\/index.php\/wp-json\/wp\/v2\/product_tag?post=33661"}],"curies":[{"name":"wp","href":"https:\/\/api.w.org\/{rel}","templated":true}]}}