{"id":33639,"date":"2025-12-12T18:50:27","date_gmt":"2025-12-12T17:50:27","guid":{"rendered":"https:\/\/test.ecbeaute.com\/?post_type=product&#038;p=33639"},"modified":"2025-12-12T18:50:30","modified_gmt":"2025-12-12T17:50:30","slug":"puriaderm-puriactiv-lait-corporel-eclaircissant-hydratant-150-ml","status":"publish","type":"product","link":"https:\/\/paracherkaoui.ma\/index.php\/produit\/puriaderm-puriactiv-lait-corporel-eclaircissant-hydratant-150-ml\/","title":{"rendered":"PURIADERM PURIACTIV LAIT CORPOREL ECLAIRCISSANT HYDRATANT 150 ML"},"content":{"rendered":"<p>Effet \u00e9claircissant intense de l\u2019hydroquinone \u00e0 2%. Freine la surproduction du pigment de m\u00e9lanine.<br \/>\nRenouvellement cellulaire intense par effet de combinaison d\u2019AHA exclusive, d\u2019acide lactique et acide octadecenedioic.<br \/>\nRenferme de la vitamine E pour offrir un effet hydratant avec r\u00e9duction de rides et de ridules.<br \/>\nDouce et hypoallerg\u00e9nique.<br \/>\nConseils d&rsquo;utilisation :<br \/>\nApplication matin et\/ou soir sur peaux pr\u00e9alablement s\u00e9ch\u00e9es. \u00c9viter l\u2019exposition au soleil.<\/p>\n","protected":false},"excerpt":{"rendered":"<p>Effet \u00e9claircissant intense de l\u2019hydroquinone \u00e0 2%. Freine la surproduction du pigment de m\u00e9lanine. Renouvellement cellulaire intense par effet de<\/p>\n","protected":false},"featured_media":33673,"comment_status":"open","ping_status":"closed","template":"","meta":[],"product_brand":[262],"product_cat":[618],"product_tag":[],"class_list":{"0":"post-33639","1":"product","2":"type-product","3":"status-publish","4":"has-post-thumbnail","6":"product_brand-puriaderm","7":"product_cat-hydratation-corps-corps","9":"first","10":"instock","11":"sale","12":"shipping-taxable","13":"purchasable","14":"product-type-simple"},"yoast_head":"<!-- This site is optimized with the Yoast SEO plugin v26.6 - https:\/\/yoast.com\/wordpress\/plugins\/seo\/ -->\r\n<title>PURIADERM PURIACTIV LAIT CORPOREL ECLAIRCISSANT HYDRATANT 150 ML - Paracherkaoui.ma<\/title>\r\n<meta name=\"robots\" content=\"index, follow, max-snippet:-1, max-image-preview:large, max-video-preview:-1\" \/>\r\n<link rel=\"canonical\" href=\"https:\/\/paracherkaoui.ma\/index.php\/produit\/puriaderm-puriactiv-lait-corporel-eclaircissant-hydratant-150-ml\/\" \/>\r\n<meta property=\"og:locale\" content=\"fr_FR\" \/>\r\n<meta property=\"og:type\" content=\"article\" \/>\r\n<meta property=\"og:title\" content=\"PURIADERM PURIACTIV LAIT CORPOREL ECLAIRCISSANT HYDRATANT 150 ML - Paracherkaoui.ma\" \/>\r\n<meta property=\"og:description\" content=\"Effet \u00e9claircissant intense de l\u2019hydroquinone \u00e0 2%. Freine la surproduction du pigment de m\u00e9lanine. Renouvellement cellulaire intense par effet de\" \/>\r\n<meta property=\"og:url\" content=\"https:\/\/paracherkaoui.ma\/index.php\/produit\/puriaderm-puriactiv-lait-corporel-eclaircissant-hydratant-150-ml\/\" \/>\r\n<meta property=\"og:site_name\" content=\"Paracherkaoui.ma\" \/>\r\n<meta property=\"article:modified_time\" content=\"2025-12-12T17:50:30+00:00\" \/>\r\n<meta property=\"og:image\" content=\"https:\/\/paracherkaoui.ma\/wp-content\/uploads\/2025\/12\/puriaderm-puriaderm-puriactiv-lait-corporel-eclaircissant-hydratant-150-ml-hydratation-corps.jpg\" \/>\r\n\t<meta property=\"og:image:width\" content=\"700\" \/>\r\n\t<meta property=\"og:image:height\" content=\"700\" \/>\r\n\t<meta property=\"og:image:type\" content=\"image\/jpeg\" \/>\r\n<meta name=\"twitter:card\" content=\"summary_large_image\" \/>\r\n<script type=\"application\/ld+json\" class=\"yoast-schema-graph\">{\"@context\":\"https:\/\/schema.org\",\"@graph\":[{\"@type\":\"WebPage\",\"@id\":\"https:\/\/paracherkaoui.ma\/index.php\/produit\/puriaderm-puriactiv-lait-corporel-eclaircissant-hydratant-150-ml\/\",\"url\":\"https:\/\/paracherkaoui.ma\/index.php\/produit\/puriaderm-puriactiv-lait-corporel-eclaircissant-hydratant-150-ml\/\",\"name\":\"PURIADERM PURIACTIV LAIT CORPOREL ECLAIRCISSANT HYDRATANT 150 ML - Paracherkaoui.ma\",\"isPartOf\":{\"@id\":\"https:\/\/paracherkaoui.ma\/#website\"},\"primaryImageOfPage\":{\"@id\":\"https:\/\/paracherkaoui.ma\/index.php\/produit\/puriaderm-puriactiv-lait-corporel-eclaircissant-hydratant-150-ml\/#primaryimage\"},\"image\":{\"@id\":\"https:\/\/paracherkaoui.ma\/index.php\/produit\/puriaderm-puriactiv-lait-corporel-eclaircissant-hydratant-150-ml\/#primaryimage\"},\"thumbnailUrl\":\"https:\/\/paracherkaoui.ma\/wp-content\/uploads\/2025\/12\/puriaderm-puriaderm-puriactiv-lait-corporel-eclaircissant-hydratant-150-ml-hydratation-corps.jpg\",\"datePublished\":\"2025-12-12T17:50:27+00:00\",\"dateModified\":\"2025-12-12T17:50:30+00:00\",\"breadcrumb\":{\"@id\":\"https:\/\/paracherkaoui.ma\/index.php\/produit\/puriaderm-puriactiv-lait-corporel-eclaircissant-hydratant-150-ml\/#breadcrumb\"},\"inLanguage\":\"fr-FR\",\"potentialAction\":[{\"@type\":\"ReadAction\",\"target\":[\"https:\/\/paracherkaoui.ma\/index.php\/produit\/puriaderm-puriactiv-lait-corporel-eclaircissant-hydratant-150-ml\/\"]}]},{\"@type\":\"ImageObject\",\"inLanguage\":\"fr-FR\",\"@id\":\"https:\/\/paracherkaoui.ma\/index.php\/produit\/puriaderm-puriactiv-lait-corporel-eclaircissant-hydratant-150-ml\/#primaryimage\",\"url\":\"https:\/\/paracherkaoui.ma\/wp-content\/uploads\/2025\/12\/puriaderm-puriaderm-puriactiv-lait-corporel-eclaircissant-hydratant-150-ml-hydratation-corps.jpg\",\"contentUrl\":\"https:\/\/paracherkaoui.ma\/wp-content\/uploads\/2025\/12\/puriaderm-puriaderm-puriactiv-lait-corporel-eclaircissant-hydratant-150-ml-hydratation-corps.jpg\",\"width\":700,\"height\":700},{\"@type\":\"BreadcrumbList\",\"@id\":\"https:\/\/paracherkaoui.ma\/index.php\/produit\/puriaderm-puriactiv-lait-corporel-eclaircissant-hydratant-150-ml\/#breadcrumb\",\"itemListElement\":[{\"@type\":\"ListItem\",\"position\":1,\"name\":\"Accueil\",\"item\":\"https:\/\/paracherkaoui.ma\/\"},{\"@type\":\"ListItem\",\"position\":2,\"name\":\"Boutique\",\"item\":\"https:\/\/paracherkaoui.ma\/index.php\/boutique\/\"},{\"@type\":\"ListItem\",\"position\":3,\"name\":\"PURIADERM PURIACTIV LAIT CORPOREL ECLAIRCISSANT HYDRATANT 150 ML\"}]},{\"@type\":\"WebSite\",\"@id\":\"https:\/\/paracherkaoui.ma\/#website\",\"url\":\"https:\/\/paracherkaoui.ma\/\",\"name\":\"Paracherkaoui.ma\",\"description\":\"Achetez en ligne sur Paracherkaoui.ma\",\"potentialAction\":[{\"@type\":\"SearchAction\",\"target\":{\"@type\":\"EntryPoint\",\"urlTemplate\":\"https:\/\/paracherkaoui.ma\/?s={search_term_string}\"},\"query-input\":{\"@type\":\"PropertyValueSpecification\",\"valueRequired\":true,\"valueName\":\"search_term_string\"}}],\"inLanguage\":\"fr-FR\"}]}<\/script>\r\n<!-- \/ Yoast SEO plugin. -->","yoast_head_json":{"title":"PURIADERM PURIACTIV LAIT CORPOREL ECLAIRCISSANT HYDRATANT 150 ML - Paracherkaoui.ma","robots":{"index":"index","follow":"follow","max-snippet":"max-snippet:-1","max-image-preview":"max-image-preview:large","max-video-preview":"max-video-preview:-1"},"canonical":"https:\/\/paracherkaoui.ma\/index.php\/produit\/puriaderm-puriactiv-lait-corporel-eclaircissant-hydratant-150-ml\/","og_locale":"fr_FR","og_type":"article","og_title":"PURIADERM PURIACTIV LAIT CORPOREL ECLAIRCISSANT HYDRATANT 150 ML - Paracherkaoui.ma","og_description":"Effet \u00e9claircissant intense de l\u2019hydroquinone \u00e0 2%. Freine la surproduction du pigment de m\u00e9lanine. Renouvellement cellulaire intense par effet de","og_url":"https:\/\/paracherkaoui.ma\/index.php\/produit\/puriaderm-puriactiv-lait-corporel-eclaircissant-hydratant-150-ml\/","og_site_name":"Paracherkaoui.ma","article_modified_time":"2025-12-12T17:50:30+00:00","og_image":[{"width":700,"height":700,"url":"https:\/\/paracherkaoui.ma\/wp-content\/uploads\/2025\/12\/puriaderm-puriaderm-puriactiv-lait-corporel-eclaircissant-hydratant-150-ml-hydratation-corps.jpg","type":"image\/jpeg"}],"twitter_card":"summary_large_image","schema":{"@context":"https:\/\/schema.org","@graph":[{"@type":"WebPage","@id":"https:\/\/paracherkaoui.ma\/index.php\/produit\/puriaderm-puriactiv-lait-corporel-eclaircissant-hydratant-150-ml\/","url":"https:\/\/paracherkaoui.ma\/index.php\/produit\/puriaderm-puriactiv-lait-corporel-eclaircissant-hydratant-150-ml\/","name":"PURIADERM PURIACTIV LAIT CORPOREL ECLAIRCISSANT HYDRATANT 150 ML - Paracherkaoui.ma","isPartOf":{"@id":"https:\/\/paracherkaoui.ma\/#website"},"primaryImageOfPage":{"@id":"https:\/\/paracherkaoui.ma\/index.php\/produit\/puriaderm-puriactiv-lait-corporel-eclaircissant-hydratant-150-ml\/#primaryimage"},"image":{"@id":"https:\/\/paracherkaoui.ma\/index.php\/produit\/puriaderm-puriactiv-lait-corporel-eclaircissant-hydratant-150-ml\/#primaryimage"},"thumbnailUrl":"https:\/\/paracherkaoui.ma\/wp-content\/uploads\/2025\/12\/puriaderm-puriaderm-puriactiv-lait-corporel-eclaircissant-hydratant-150-ml-hydratation-corps.jpg","datePublished":"2025-12-12T17:50:27+00:00","dateModified":"2025-12-12T17:50:30+00:00","breadcrumb":{"@id":"https:\/\/paracherkaoui.ma\/index.php\/produit\/puriaderm-puriactiv-lait-corporel-eclaircissant-hydratant-150-ml\/#breadcrumb"},"inLanguage":"fr-FR","potentialAction":[{"@type":"ReadAction","target":["https:\/\/paracherkaoui.ma\/index.php\/produit\/puriaderm-puriactiv-lait-corporel-eclaircissant-hydratant-150-ml\/"]}]},{"@type":"ImageObject","inLanguage":"fr-FR","@id":"https:\/\/paracherkaoui.ma\/index.php\/produit\/puriaderm-puriactiv-lait-corporel-eclaircissant-hydratant-150-ml\/#primaryimage","url":"https:\/\/paracherkaoui.ma\/wp-content\/uploads\/2025\/12\/puriaderm-puriaderm-puriactiv-lait-corporel-eclaircissant-hydratant-150-ml-hydratation-corps.jpg","contentUrl":"https:\/\/paracherkaoui.ma\/wp-content\/uploads\/2025\/12\/puriaderm-puriaderm-puriactiv-lait-corporel-eclaircissant-hydratant-150-ml-hydratation-corps.jpg","width":700,"height":700},{"@type":"BreadcrumbList","@id":"https:\/\/paracherkaoui.ma\/index.php\/produit\/puriaderm-puriactiv-lait-corporel-eclaircissant-hydratant-150-ml\/#breadcrumb","itemListElement":[{"@type":"ListItem","position":1,"name":"Accueil","item":"https:\/\/paracherkaoui.ma\/"},{"@type":"ListItem","position":2,"name":"Boutique","item":"https:\/\/paracherkaoui.ma\/index.php\/boutique\/"},{"@type":"ListItem","position":3,"name":"PURIADERM PURIACTIV LAIT CORPOREL ECLAIRCISSANT HYDRATANT 150 ML"}]},{"@type":"WebSite","@id":"https:\/\/paracherkaoui.ma\/#website","url":"https:\/\/paracherkaoui.ma\/","name":"Paracherkaoui.ma","description":"Achetez en ligne sur Paracherkaoui.ma","potentialAction":[{"@type":"SearchAction","target":{"@type":"EntryPoint","urlTemplate":"https:\/\/paracherkaoui.ma\/?s={search_term_string}"},"query-input":{"@type":"PropertyValueSpecification","valueRequired":true,"valueName":"search_term_string"}}],"inLanguage":"fr-FR"}]}},"_links":{"self":[{"href":"https:\/\/paracherkaoui.ma\/index.php\/wp-json\/wp\/v2\/product\/33639","targetHints":{"allow":["GET"]}}],"collection":[{"href":"https:\/\/paracherkaoui.ma\/index.php\/wp-json\/wp\/v2\/product"}],"about":[{"href":"https:\/\/paracherkaoui.ma\/index.php\/wp-json\/wp\/v2\/types\/product"}],"replies":[{"embeddable":true,"href":"https:\/\/paracherkaoui.ma\/index.php\/wp-json\/wp\/v2\/comments?post=33639"}],"version-history":[{"count":1,"href":"https:\/\/paracherkaoui.ma\/index.php\/wp-json\/wp\/v2\/product\/33639\/revisions"}],"predecessor-version":[{"id":33674,"href":"https:\/\/paracherkaoui.ma\/index.php\/wp-json\/wp\/v2\/product\/33639\/revisions\/33674"}],"wp:featuredmedia":[{"embeddable":true,"href":"https:\/\/paracherkaoui.ma\/index.php\/wp-json\/wp\/v2\/media\/33673"}],"wp:attachment":[{"href":"https:\/\/paracherkaoui.ma\/index.php\/wp-json\/wp\/v2\/media?parent=33639"}],"wp:term":[{"taxonomy":"product_brand","embeddable":true,"href":"https:\/\/paracherkaoui.ma\/index.php\/wp-json\/wp\/v2\/product_brand?post=33639"},{"taxonomy":"product_cat","embeddable":true,"href":"https:\/\/paracherkaoui.ma\/index.php\/wp-json\/wp\/v2\/product_cat?post=33639"},{"taxonomy":"product_tag","embeddable":true,"href":"https:\/\/paracherkaoui.ma\/index.php\/wp-json\/wp\/v2\/product_tag?post=33639"}],"curies":[{"name":"wp","href":"https:\/\/api.w.org\/{rel}","templated":true}]}}