{"id":33354,"date":"2025-12-12T18:40:57","date_gmt":"2025-12-12T17:40:57","guid":{"rendered":"https:\/\/test.ecbeaute.com\/?post_type=product&#038;p=33354"},"modified":"2025-12-12T18:41:01","modified_gmt":"2025-12-12T17:41:01","slug":"cerave-baume-hydratant-avec-pompe-454-g-4","status":"publish","type":"product","link":"https:\/\/paracherkaoui.ma\/index.php\/produit\/cerave-baume-hydratant-avec-pompe-454-g-4\/","title":{"rendered":"CERAVE BAUME HYDRATANT AVEC POMPE 454 G"},"content":{"rendered":"<p>.elementor-208 .elementor-element.elementor-element-660ab4e7 .elementor-tab-title, .elementor-208 .elementor-element.elementor-element-660ab4e7 .elementor-tab-title:before, .elementor-208 .elementor-element.elementor-element-660ab4e7 .elementor-tab-title:after, .elementor-208 .elementor-element.elementor-element-660ab4e7 .elementor-tab-content, .elementor-208 .elementor-element.elementor-element-660ab4e7 .elementor-tabs-content-wrapper{border-width:0.5px;}.elementor-208 .elementor-element.elementor-element-660ab4e7 .elementor-tab-title{color:#000000;}.elementor-208 .elementor-element.elementor-element-660ab4e7 .elementor-tab-title.elementor-active{color:#00a28d;}.elementor-208 .elementor-element.elementor-element-660ab4e7 .elementor-tab-content{color:#000000;}.elementor-208 .elementor-element.elementor-element-72a5df3b .axps-swiper-slider .swiper-slide img{width:auto;}.elementor-208 .elementor-element.elementor-element-72a5df3b .wrapper-items:not(.swiper-container-initialized) .item{-ms-flex:0 0 calc(100%\/4);flex:0 0 calc(100%\/4);max-width:calc(100%\/4);}.elementor-208 .elementor-element.elementor-element-72a5df3b .wrapper-items .swiper-slide{padding-left:calc(30px\/2);padding-right:calc(30px\/2);}.elementor-208 .elementor-element.elementor-element-72a5df3b .wrapper-items .swiper-slide .item-inner{margin-bottom:30px;}.elementor-208 .elementor-element.elementor-element-72a5df3b .wrapper-items{margin-left:calc(-30px\/2);margin-right:calc(-30px\/2);}.elementor-208 .elementor-element.elementor-element-72a5df3b .swiper-wrapper .item-inner{text-align:center;}.elementor-208 .elementor-element.elementor-element-4ec69b6{text-align:center;}.elementor-208 .elementor-element.elementor-element-4ec69b6.elementor-widget-heading .elementor-heading-title{color:#000000;}.elementor-208 .elementor-element.elementor-element-4ec69b6 .elementor-heading-title{font-size:25px;font-weight:900;}.elementor-208 .elementor-element.elementor-element-b485622{margin-top:-16px;margin-bottom:0px;}.elementor-208 .elementor-element.elementor-element-7f3c1d2f > .elementor-widget-container{margin:-8px 0px 0px 0px;}.elementor-208 .elementor-element.elementor-element-3ef39c3f > .elementor-widget-container{margin:-8px 0px 0px 0px;}.elementor-208 .elementor-element.elementor-element-1991107c > .elementor-widget-container{margin:-8px 0px 0px 0px;}.elementor-208 .elementor-element.elementor-element-3e027a9c > .elementor-widget-container{margin:-8px 0px 0px 0px;}.elementor-208 .elementor-element.elementor-element-43d1d2ba > .elementor-widget-container{margin:-8px 0px 0px 0px;}.elementor-208 .elementor-element.elementor-element-83f5390{text-align:center;}.elementor-208 .elementor-element.elementor-element-83f5390.elementor-widget-heading .elementor-heading-title{color:#000000;}.elementor-208 .elementor-element.elementor-element-83f5390 .elementor-heading-title{font-size:25px;font-weight:900;}.elementor-208 .elementor-element.elementor-element-20366098{margin-top:-16px;margin-bottom:0px;}.elementor-208 .elementor-element.elementor-element-512cd28 > .elementor-widget-container{margin:-46px 0px 0px 0px;}.elementor-208 .elementor-element.elementor-element-39487da9 > .elementor-widget-container{margin:-46px 0px 0px 0px;}.elementor-208 .elementor-element.elementor-element-506a71e1 > .elementor-widget-container{margin:-46px 0px 0px 0px;}@media(max-width:1024px){.elementor-208 .elementor-element.elementor-element-72a5df3b .wrapper-items:not(.swiper-container-initialized) .item{-ms-flex:0 0 calc(100%\/4);flex:0 0 calc(100%\/4);max-width:calc(100%\/4);}.elementor-208 .elementor-element.elementor-element-72a5df3b .wrapper-items .swiper-slide{padding-left:calc(20px\/2);padding-right:calc(20px\/2);}.elementor-208 .elementor-element.elementor-element-72a5df3b .wrapper-items .swiper-slide .item-inner{margin-bottom:20px;}.elementor-208 .elementor-element.elementor-element-72a5df3b .wrapper-items{margin-left:calc(-20px\/2);margin-right:calc(-20px\/2);}.elementor-208 .elementor-element.elementor-element-7f3c1d2f > .elementor-widget-container{margin:-33px 0px 0px 0px;}.elementor-208 .elementor-element.elementor-element-3ef39c3f > .elementor-widget-container{margin:-33px 0px 0px 0px;}.elementor-208 .elementor-element.elementor-element-1991107c > .elementor-widget-container{margin:-33px 0px 0px 0px;}.elementor-208 .elementor-element.elementor-element-3e027a9c > .elementor-widget-container{margin:-33px 0px 0px 0px;}.elementor-208 .elementor-element.elementor-element-43d1d2ba > .elementor-widget-container{margin:-33px 0px 0px 0px;}.elementor-208 .elementor-element.elementor-element-512cd28 > .elementor-widget-container{margin:-33px 0px 0px 0px;}.elementor-208 .elementor-element.elementor-element-39487da9 > .elementor-widget-container{margin:-33px 0px 0px 0px;}.elementor-208 .elementor-element.elementor-element-506a71e1 > .elementor-widget-container{margin:-33px 0px 0px 0px;}}@media(max-width:767px){.elementor-208 .elementor-element.elementor-element-72a5df3b .wrapper-items:not(.swiper-container-initialized) .item{-ms-flex:0 0 calc(100%\/4);flex:0 0 calc(100%\/4);max-width:calc(100%\/4);}.elementor-208 .elementor-element.elementor-element-72a5df3b .wrapper-items .swiper-slide{padding-left:calc(10px\/2);padding-right:calc(10px\/2);}.elementor-208 .elementor-element.elementor-element-72a5df3b .wrapper-items .swiper-slide .item-inner{margin-bottom:10px;}.elementor-208 .elementor-element.elementor-element-72a5df3b .wrapper-items{margin-left:calc(-10px\/2);margin-right:calc(-10px\/2);}.elementor-208 .elementor-element.elementor-element-369f9334{width:50%;}.elementor-208 .elementor-element.elementor-element-7f3c1d2f > .elementor-widget-container{margin:-26px 0px 0px 0px;}.elementor-208 .elementor-element.elementor-element-77248519{width:50%;}.elementor-208 .elementor-element.elementor-element-3ef39c3f > .elementor-widget-container{margin:-26px 0px 0px 0px;}.elementor-208 .elementor-element.elementor-element-786cbb0e{width:50%;}.elementor-208 .elementor-element.elementor-element-1991107c > .elementor-widget-container{margin:-26px 0px 0px 0px;}.elementor-208 .elementor-element.elementor-element-1e6a0650{width:50%;}.elementor-208 .elementor-element.elementor-element-3e027a9c > .elementor-widget-container{margin:-26px 0px 0px 0px;}.elementor-208 .elementor-element.elementor-element-2b083a3d{width:50%;}.elementor-208 .elementor-element.elementor-element-43d1d2ba > .elementor-widget-container{margin:-26px 0px 0px 0px;}.elementor-208 .elementor-element.elementor-element-33797c80{width:50%;}.elementor-208 .elementor-element.elementor-element-512cd28 > .elementor-widget-container{margin:-26px 0px 0px 0px;}.elementor-208 .elementor-element.elementor-element-6f635c8{width:50%;}.elementor-208 .elementor-element.elementor-element-39487da9 > .elementor-widget-container{margin:-26px 0px 0px 0px;}.elementor-208 .elementor-element.elementor-element-6bf14ef4{width:50%;}.elementor-208 .elementor-element.elementor-element-506a71e1 > .elementor-widget-container{margin:-26px 0px 0px 0px;}}<br \/>\nDescription<br \/>\nConseils d&rsquo;utilisation<br \/>\nComposition<br \/>\nDescription<br \/>\nSa formule hautement performante repose sur trois c\u00e9ramides essentiels (1, 3 et 6-II), indispensables au maintien de la fonction protectrice de la peau. Associ\u00e9s \u00e0 l\u2019acide hyaluronique, reconnu pour sa capacit\u00e9 \u00e0 retenir l\u2019eau, et \u00e0 la glyc\u00e9rine, aux propri\u00e9t\u00e9s adoucissantes et protectrices, ces actifs offrent une hydratation continue pendant 24 heures, gr\u00e2ce \u00e0 la technologie brevet\u00e9e MVE (Multivesicular Emulsion).<br \/>\nSans parfum, sans parab\u00e8ne, hypoallerg\u00e9nique et non-com\u00e9dog\u00e8ne, ce baume convient \u00e0 toute la famille et \u00e0 toutes les zones du corps : visage, mains, jambes, coudes\u2026 Il apaise imm\u00e9diatement les tiraillements et les sensations d\u2019inconfort, tout en laissant la peau douce, souple et visiblement plus saine.<br \/>\nCliniquement prouv\u00e9, ce soin r\u00e9duit jusqu\u2019\u00e0 80 % de la s\u00e9cheresse cutan\u00e9e apr\u00e8s seulement 4 semaines d\u2019utilisation quotidienne*. Approuv\u00e9 par l&rsquo;Association Fran\u00e7aise de l&rsquo;Ecz\u00e9ma, il est particuli\u00e8rement adapt\u00e9 aux peaux sensibles et atopiques.<br \/>\nConseils d&rsquo;utilisation<br \/>\nAppliquez le baume hydratant CeraVe sur peau propre et s\u00e8che, aussi souvent que n\u00e9cessaire. Utilisable sur le visage, le corps et les mains, il s\u2019int\u00e8gre parfaitement dans une routine quotidienne, matin et soir. Pour un r\u00e9sultat optimal, utilisez au pr\u00e9alable un nettoyant doux de la gamme CeraVe. \u00c9vitez le contour des yeux.<br \/>\nComposition<br \/>\nAQUA\/WATER, GLYCERIN, CETEARYL ALCOHOL, PHENOXYETHANOL, STEARYL ALCOHOL, CETYL ALCOHOL, PEG-40 STEARATE, BEHENTRIMONIUM METHOSULFATE, GLYCERYL STEARATE, POLYSORBATE 20, ETHYLHEXYLGLYCERIN, POTASSIUM PHOSPHATE, DISODIUM EDTA, DIPOTASSIUM PHOSPHATE, SODIUM LAUROYL LACTYLATE, CERAMIDE NP, CERAMIDE AP, PHYTOSPHINGOSINE, CHOLESTEROL, SODIUM HYALURONATE, XANTHAN GUM, CARBOMER, TOCOPHEROL, CERAMIDE EOP<br \/>\nVotre Routine Cerave<br \/>\nAjouter au Panier<br \/>\nAjouter au Panier<br \/>\nAjouter au Panier<br \/>\nAjouter au Panier<br \/>\nAjouter au Panier<br \/>\nSoins Similaires<br \/>\nAjouter au Panier<br \/>\nAjouter au Panier<br \/>\nAjouter au Panier<\/p>\n","protected":false},"excerpt":{"rendered":"<p>.elementor-208 .elementor-element.elementor-element-660ab4e7 .elementor-tab-title, .elementor-208 .elementor-element.elementor-element-660ab4e7 .elementor-tab-title:before, .elementor-208 .elementor-element.elementor-element-660ab4e7 .elementor-tab-title:after, .elementor-208 .elementor-element.elementor-element-660ab4e7 .elementor-tab-content, .elementor-208 .elementor-element.elementor-element-660ab4e7 .elementor-tabs-content-wrapper{border-width:0.5px;}.elementor-208 .elementor-element.elementor-element-660ab4e7 .elementor-tab-title{color:#000000;}.elementor-208 .elementor-element.elementor-element-660ab4e7 .elementor-tab-title.elementor-active{color:#00a28d;}.elementor-208 .elementor-element.elementor-element-660ab4e7<\/p>\n","protected":false},"featured_media":11137,"comment_status":"open","ping_status":"closed","template":"","meta":[],"product_brand":[131],"product_cat":[618],"product_tag":[],"class_list":{"0":"post-33354","1":"product","2":"type-product","3":"status-publish","4":"has-post-thumbnail","6":"product_brand-cerave","7":"product_cat-hydratation-corps-corps","9":"first","10":"instock","11":"sale","12":"shipping-taxable","13":"purchasable","14":"product-type-simple"},"yoast_head":"<!-- This site is optimized with the Yoast SEO plugin v26.6 - https:\/\/yoast.com\/wordpress\/plugins\/seo\/ -->\r\n<title>CERAVE BAUME HYDRATANT AVEC POMPE 454 G - Paracherkaoui.ma<\/title>\r\n<meta name=\"robots\" content=\"index, follow, max-snippet:-1, max-image-preview:large, max-video-preview:-1\" \/>\r\n<link rel=\"canonical\" href=\"https:\/\/paracherkaoui.ma\/index.php\/produit\/cerave-baume-hydratant-avec-pompe-454-g-4\/\" \/>\r\n<meta property=\"og:locale\" content=\"fr_FR\" \/>\r\n<meta property=\"og:type\" content=\"article\" \/>\r\n<meta property=\"og:title\" content=\"CERAVE BAUME HYDRATANT AVEC POMPE 454 G - Paracherkaoui.ma\" \/>\r\n<meta property=\"og:description\" content=\".elementor-208 .elementor-element.elementor-element-660ab4e7 .elementor-tab-title, .elementor-208 .elementor-element.elementor-element-660ab4e7 .elementor-tab-title:before, .elementor-208 .elementor-element.elementor-element-660ab4e7 .elementor-tab-title:after, .elementor-208 .elementor-element.elementor-element-660ab4e7 .elementor-tab-content, .elementor-208 .elementor-element.elementor-element-660ab4e7 .elementor-tabs-content-wrapper{border-width:0.5px;}.elementor-208 .elementor-element.elementor-element-660ab4e7 .elementor-tab-title{color:#000000;}.elementor-208 .elementor-element.elementor-element-660ab4e7 .elementor-tab-title.elementor-active{color:#00a28d;}.elementor-208 .elementor-element.elementor-element-660ab4e7\" \/>\r\n<meta property=\"og:url\" content=\"https:\/\/paracherkaoui.ma\/index.php\/produit\/cerave-baume-hydratant-avec-pompe-454-g-4\/\" \/>\r\n<meta property=\"og:site_name\" content=\"Paracherkaoui.ma\" \/>\r\n<meta property=\"article:modified_time\" content=\"2025-12-12T17:41:01+00:00\" \/>\r\n<meta property=\"og:image\" content=\"https:\/\/paracherkaoui.ma\/wp-content\/uploads\/2025\/12\/cerave-cerave-baume-hydratant-avec-pompe-454-g-hydratation-corps.jpg\" \/>\r\n\t<meta property=\"og:image:width\" content=\"700\" \/>\r\n\t<meta property=\"og:image:height\" content=\"700\" \/>\r\n\t<meta property=\"og:image:type\" content=\"image\/jpeg\" \/>\r\n<meta name=\"twitter:card\" content=\"summary_large_image\" \/>\r\n<meta name=\"twitter:label1\" content=\"Dur\u00e9e de lecture estim\u00e9e\" \/>\n\t<meta name=\"twitter:data1\" content=\"5 minutes\" \/>\r\n<script type=\"application\/ld+json\" class=\"yoast-schema-graph\">{\"@context\":\"https:\/\/schema.org\",\"@graph\":[{\"@type\":\"WebPage\",\"@id\":\"https:\/\/paracherkaoui.ma\/index.php\/produit\/cerave-baume-hydratant-avec-pompe-454-g-4\/\",\"url\":\"https:\/\/paracherkaoui.ma\/index.php\/produit\/cerave-baume-hydratant-avec-pompe-454-g-4\/\",\"name\":\"CERAVE BAUME HYDRATANT AVEC POMPE 454 G - Paracherkaoui.ma\",\"isPartOf\":{\"@id\":\"https:\/\/paracherkaoui.ma\/#website\"},\"primaryImageOfPage\":{\"@id\":\"https:\/\/paracherkaoui.ma\/index.php\/produit\/cerave-baume-hydratant-avec-pompe-454-g-4\/#primaryimage\"},\"image\":{\"@id\":\"https:\/\/paracherkaoui.ma\/index.php\/produit\/cerave-baume-hydratant-avec-pompe-454-g-4\/#primaryimage\"},\"thumbnailUrl\":\"https:\/\/paracherkaoui.ma\/wp-content\/uploads\/2025\/12\/cerave-cerave-baume-hydratant-avec-pompe-454-g-hydratation-corps.jpg\",\"datePublished\":\"2025-12-12T17:40:57+00:00\",\"dateModified\":\"2025-12-12T17:41:01+00:00\",\"breadcrumb\":{\"@id\":\"https:\/\/paracherkaoui.ma\/index.php\/produit\/cerave-baume-hydratant-avec-pompe-454-g-4\/#breadcrumb\"},\"inLanguage\":\"fr-FR\",\"potentialAction\":[{\"@type\":\"ReadAction\",\"target\":[\"https:\/\/paracherkaoui.ma\/index.php\/produit\/cerave-baume-hydratant-avec-pompe-454-g-4\/\"]}]},{\"@type\":\"ImageObject\",\"inLanguage\":\"fr-FR\",\"@id\":\"https:\/\/paracherkaoui.ma\/index.php\/produit\/cerave-baume-hydratant-avec-pompe-454-g-4\/#primaryimage\",\"url\":\"https:\/\/paracherkaoui.ma\/wp-content\/uploads\/2025\/12\/cerave-cerave-baume-hydratant-avec-pompe-454-g-hydratation-corps.jpg\",\"contentUrl\":\"https:\/\/paracherkaoui.ma\/wp-content\/uploads\/2025\/12\/cerave-cerave-baume-hydratant-avec-pompe-454-g-hydratation-corps.jpg\",\"width\":700,\"height\":700},{\"@type\":\"BreadcrumbList\",\"@id\":\"https:\/\/paracherkaoui.ma\/index.php\/produit\/cerave-baume-hydratant-avec-pompe-454-g-4\/#breadcrumb\",\"itemListElement\":[{\"@type\":\"ListItem\",\"position\":1,\"name\":\"Accueil\",\"item\":\"https:\/\/paracherkaoui.ma\/\"},{\"@type\":\"ListItem\",\"position\":2,\"name\":\"Boutique\",\"item\":\"https:\/\/paracherkaoui.ma\/index.php\/boutique\/\"},{\"@type\":\"ListItem\",\"position\":3,\"name\":\"CERAVE BAUME HYDRATANT AVEC POMPE 454 G\"}]},{\"@type\":\"WebSite\",\"@id\":\"https:\/\/paracherkaoui.ma\/#website\",\"url\":\"https:\/\/paracherkaoui.ma\/\",\"name\":\"Paracherkaoui.ma\",\"description\":\"Achetez en ligne sur Paracherkaoui.ma\",\"potentialAction\":[{\"@type\":\"SearchAction\",\"target\":{\"@type\":\"EntryPoint\",\"urlTemplate\":\"https:\/\/paracherkaoui.ma\/?s={search_term_string}\"},\"query-input\":{\"@type\":\"PropertyValueSpecification\",\"valueRequired\":true,\"valueName\":\"search_term_string\"}}],\"inLanguage\":\"fr-FR\"}]}<\/script>\r\n<!-- \/ Yoast SEO plugin. -->","yoast_head_json":{"title":"CERAVE BAUME HYDRATANT AVEC POMPE 454 G - Paracherkaoui.ma","robots":{"index":"index","follow":"follow","max-snippet":"max-snippet:-1","max-image-preview":"max-image-preview:large","max-video-preview":"max-video-preview:-1"},"canonical":"https:\/\/paracherkaoui.ma\/index.php\/produit\/cerave-baume-hydratant-avec-pompe-454-g-4\/","og_locale":"fr_FR","og_type":"article","og_title":"CERAVE BAUME HYDRATANT AVEC POMPE 454 G - Paracherkaoui.ma","og_description":".elementor-208 .elementor-element.elementor-element-660ab4e7 .elementor-tab-title, .elementor-208 .elementor-element.elementor-element-660ab4e7 .elementor-tab-title:before, .elementor-208 .elementor-element.elementor-element-660ab4e7 .elementor-tab-title:after, .elementor-208 .elementor-element.elementor-element-660ab4e7 .elementor-tab-content, .elementor-208 .elementor-element.elementor-element-660ab4e7 .elementor-tabs-content-wrapper{border-width:0.5px;}.elementor-208 .elementor-element.elementor-element-660ab4e7 .elementor-tab-title{color:#000000;}.elementor-208 .elementor-element.elementor-element-660ab4e7 .elementor-tab-title.elementor-active{color:#00a28d;}.elementor-208 .elementor-element.elementor-element-660ab4e7","og_url":"https:\/\/paracherkaoui.ma\/index.php\/produit\/cerave-baume-hydratant-avec-pompe-454-g-4\/","og_site_name":"Paracherkaoui.ma","article_modified_time":"2025-12-12T17:41:01+00:00","og_image":[{"width":700,"height":700,"url":"https:\/\/paracherkaoui.ma\/wp-content\/uploads\/2025\/12\/cerave-cerave-baume-hydratant-avec-pompe-454-g-hydratation-corps.jpg","type":"image\/jpeg"}],"twitter_card":"summary_large_image","twitter_misc":{"Dur\u00e9e de lecture estim\u00e9e":"5 minutes"},"schema":{"@context":"https:\/\/schema.org","@graph":[{"@type":"WebPage","@id":"https:\/\/paracherkaoui.ma\/index.php\/produit\/cerave-baume-hydratant-avec-pompe-454-g-4\/","url":"https:\/\/paracherkaoui.ma\/index.php\/produit\/cerave-baume-hydratant-avec-pompe-454-g-4\/","name":"CERAVE BAUME HYDRATANT AVEC POMPE 454 G - Paracherkaoui.ma","isPartOf":{"@id":"https:\/\/paracherkaoui.ma\/#website"},"primaryImageOfPage":{"@id":"https:\/\/paracherkaoui.ma\/index.php\/produit\/cerave-baume-hydratant-avec-pompe-454-g-4\/#primaryimage"},"image":{"@id":"https:\/\/paracherkaoui.ma\/index.php\/produit\/cerave-baume-hydratant-avec-pompe-454-g-4\/#primaryimage"},"thumbnailUrl":"https:\/\/paracherkaoui.ma\/wp-content\/uploads\/2025\/12\/cerave-cerave-baume-hydratant-avec-pompe-454-g-hydratation-corps.jpg","datePublished":"2025-12-12T17:40:57+00:00","dateModified":"2025-12-12T17:41:01+00:00","breadcrumb":{"@id":"https:\/\/paracherkaoui.ma\/index.php\/produit\/cerave-baume-hydratant-avec-pompe-454-g-4\/#breadcrumb"},"inLanguage":"fr-FR","potentialAction":[{"@type":"ReadAction","target":["https:\/\/paracherkaoui.ma\/index.php\/produit\/cerave-baume-hydratant-avec-pompe-454-g-4\/"]}]},{"@type":"ImageObject","inLanguage":"fr-FR","@id":"https:\/\/paracherkaoui.ma\/index.php\/produit\/cerave-baume-hydratant-avec-pompe-454-g-4\/#primaryimage","url":"https:\/\/paracherkaoui.ma\/wp-content\/uploads\/2025\/12\/cerave-cerave-baume-hydratant-avec-pompe-454-g-hydratation-corps.jpg","contentUrl":"https:\/\/paracherkaoui.ma\/wp-content\/uploads\/2025\/12\/cerave-cerave-baume-hydratant-avec-pompe-454-g-hydratation-corps.jpg","width":700,"height":700},{"@type":"BreadcrumbList","@id":"https:\/\/paracherkaoui.ma\/index.php\/produit\/cerave-baume-hydratant-avec-pompe-454-g-4\/#breadcrumb","itemListElement":[{"@type":"ListItem","position":1,"name":"Accueil","item":"https:\/\/paracherkaoui.ma\/"},{"@type":"ListItem","position":2,"name":"Boutique","item":"https:\/\/paracherkaoui.ma\/index.php\/boutique\/"},{"@type":"ListItem","position":3,"name":"CERAVE BAUME HYDRATANT AVEC POMPE 454 G"}]},{"@type":"WebSite","@id":"https:\/\/paracherkaoui.ma\/#website","url":"https:\/\/paracherkaoui.ma\/","name":"Paracherkaoui.ma","description":"Achetez en ligne sur Paracherkaoui.ma","potentialAction":[{"@type":"SearchAction","target":{"@type":"EntryPoint","urlTemplate":"https:\/\/paracherkaoui.ma\/?s={search_term_string}"},"query-input":{"@type":"PropertyValueSpecification","valueRequired":true,"valueName":"search_term_string"}}],"inLanguage":"fr-FR"}]}},"_links":{"self":[{"href":"https:\/\/paracherkaoui.ma\/index.php\/wp-json\/wp\/v2\/product\/33354","targetHints":{"allow":["GET"]}}],"collection":[{"href":"https:\/\/paracherkaoui.ma\/index.php\/wp-json\/wp\/v2\/product"}],"about":[{"href":"https:\/\/paracherkaoui.ma\/index.php\/wp-json\/wp\/v2\/types\/product"}],"replies":[{"embeddable":true,"href":"https:\/\/paracherkaoui.ma\/index.php\/wp-json\/wp\/v2\/comments?post=33354"}],"version-history":[{"count":1,"href":"https:\/\/paracherkaoui.ma\/index.php\/wp-json\/wp\/v2\/product\/33354\/revisions"}],"predecessor-version":[{"id":33389,"href":"https:\/\/paracherkaoui.ma\/index.php\/wp-json\/wp\/v2\/product\/33354\/revisions\/33389"}],"wp:featuredmedia":[{"embeddable":true,"href":"https:\/\/paracherkaoui.ma\/index.php\/wp-json\/wp\/v2\/media\/11137"}],"wp:attachment":[{"href":"https:\/\/paracherkaoui.ma\/index.php\/wp-json\/wp\/v2\/media?parent=33354"}],"wp:term":[{"taxonomy":"product_brand","embeddable":true,"href":"https:\/\/paracherkaoui.ma\/index.php\/wp-json\/wp\/v2\/product_brand?post=33354"},{"taxonomy":"product_cat","embeddable":true,"href":"https:\/\/paracherkaoui.ma\/index.php\/wp-json\/wp\/v2\/product_cat?post=33354"},{"taxonomy":"product_tag","embeddable":true,"href":"https:\/\/paracherkaoui.ma\/index.php\/wp-json\/wp\/v2\/product_tag?post=33354"}],"curies":[{"name":"wp","href":"https:\/\/api.w.org\/{rel}","templated":true}]}}