{"id":33341,"date":"2025-12-12T18:40:56","date_gmt":"2025-12-12T17:40:56","guid":{"rendered":"https:\/\/test.ecbeaute.com\/?post_type=product&#038;p=33341"},"modified":"2025-12-12T18:41:00","modified_gmt":"2025-12-12T17:41:00","slug":"cerave-sa-creme-anti-rugosite-340g-4","status":"publish","type":"product","link":"https:\/\/paracherkaoui.ma\/index.php\/produit\/cerave-sa-creme-anti-rugosite-340g-4\/","title":{"rendered":"CERAVE SA CREME ANTI RUGOSITE 340G"},"content":{"rendered":"<p>.elementor-214 .elementor-element.elementor-element-7bec1133 .elementor-tab-title, .elementor-214 .elementor-element.elementor-element-7bec1133 .elementor-tab-title:before, .elementor-214 .elementor-element.elementor-element-7bec1133 .elementor-tab-title:after, .elementor-214 .elementor-element.elementor-element-7bec1133 .elementor-tab-content, .elementor-214 .elementor-element.elementor-element-7bec1133 .elementor-tabs-content-wrapper{border-width:0.5px;}.elementor-214 .elementor-element.elementor-element-7bec1133 .elementor-tab-title{color:#000000;}.elementor-214 .elementor-element.elementor-element-7bec1133 .elementor-tab-title.elementor-active{color:#00a28d;}.elementor-214 .elementor-element.elementor-element-7bec1133 .elementor-tab-content{color:#000000;}.elementor-214 .elementor-element.elementor-element-70c2a0a4 .axps-swiper-slider .swiper-slide img{width:auto;}.elementor-214 .elementor-element.elementor-element-70c2a0a4 .wrapper-items:not(.swiper-container-initialized) .item{-ms-flex:0 0 calc(100%\/4);flex:0 0 calc(100%\/4);max-width:calc(100%\/4);}.elementor-214 .elementor-element.elementor-element-70c2a0a4 .wrapper-items .swiper-slide{padding-left:calc(30px\/2);padding-right:calc(30px\/2);}.elementor-214 .elementor-element.elementor-element-70c2a0a4 .wrapper-items .swiper-slide .item-inner{margin-bottom:30px;}.elementor-214 .elementor-element.elementor-element-70c2a0a4 .wrapper-items{margin-left:calc(-30px\/2);margin-right:calc(-30px\/2);}.elementor-214 .elementor-element.elementor-element-70c2a0a4 .swiper-wrapper .item-inner{text-align:center;}.elementor-214 .elementor-element.elementor-element-6553a482{margin-top:-16px;margin-bottom:0px;}.elementor-214 .elementor-element.elementor-element-c78deb6 > .elementor-widget-container{margin:-8px 0px 0px 0px;}.elementor-214 .elementor-element.elementor-element-3b2a4de2 > .elementor-widget-container{margin:-8px 0px 0px 0px;}.elementor-214 .elementor-element.elementor-element-4fa7d0e5 > .elementor-widget-container{margin:-8px 0px 0px 0px;}.elementor-214 .elementor-element.elementor-element-2625c467 > .elementor-widget-container{margin:-8px 0px 0px 0px;}.elementor-214 .elementor-element.elementor-element-3cd6aeea > .elementor-widget-container{margin:-8px 0px 0px 0px;}.elementor-214 .elementor-element.elementor-element-2f7e5141{margin-top:-16px;margin-bottom:0px;}.elementor-214 .elementor-element.elementor-element-189b6970 > .elementor-widget-container{margin:-46px 0px 0px 0px;}.elementor-214 .elementor-element.elementor-element-d2cb34c > .elementor-widget-container{margin:-46px 0px 0px 0px;}.elementor-214 .elementor-element.elementor-element-d2ccdb0 > .elementor-widget-container{margin:-46px 0px 0px 0px;}@media(max-width:1024px){.elementor-214 .elementor-element.elementor-element-70c2a0a4 .wrapper-items:not(.swiper-container-initialized) .item{-ms-flex:0 0 calc(100%\/4);flex:0 0 calc(100%\/4);max-width:calc(100%\/4);}.elementor-214 .elementor-element.elementor-element-70c2a0a4 .wrapper-items .swiper-slide{padding-left:calc(20px\/2);padding-right:calc(20px\/2);}.elementor-214 .elementor-element.elementor-element-70c2a0a4 .wrapper-items .swiper-slide .item-inner{margin-bottom:20px;}.elementor-214 .elementor-element.elementor-element-70c2a0a4 .wrapper-items{margin-left:calc(-20px\/2);margin-right:calc(-20px\/2);}.elementor-214 .elementor-element.elementor-element-c78deb6 > .elementor-widget-container{margin:-33px 0px 0px 0px;}.elementor-214 .elementor-element.elementor-element-3b2a4de2 > .elementor-widget-container{margin:-33px 0px 0px 0px;}.elementor-214 .elementor-element.elementor-element-4fa7d0e5 > .elementor-widget-container{margin:-33px 0px 0px 0px;}.elementor-214 .elementor-element.elementor-element-2625c467 > .elementor-widget-container{margin:-33px 0px 0px 0px;}.elementor-214 .elementor-element.elementor-element-3cd6aeea > .elementor-widget-container{margin:-33px 0px 0px 0px;}.elementor-214 .elementor-element.elementor-element-189b6970 > .elementor-widget-container{margin:-33px 0px 0px 0px;}.elementor-214 .elementor-element.elementor-element-d2cb34c > .elementor-widget-container{margin:-33px 0px 0px 0px;}.elementor-214 .elementor-element.elementor-element-d2ccdb0 > .elementor-widget-container{margin:-33px 0px 0px 0px;}}@media(max-width:767px){.elementor-214 .elementor-element.elementor-element-70c2a0a4 .wrapper-items:not(.swiper-container-initialized) .item{-ms-flex:0 0 calc(100%\/4);flex:0 0 calc(100%\/4);max-width:calc(100%\/4);}.elementor-214 .elementor-element.elementor-element-70c2a0a4 .wrapper-items .swiper-slide{padding-left:calc(10px\/2);padding-right:calc(10px\/2);}.elementor-214 .elementor-element.elementor-element-70c2a0a4 .wrapper-items .swiper-slide .item-inner{margin-bottom:10px;}.elementor-214 .elementor-element.elementor-element-70c2a0a4 .wrapper-items{margin-left:calc(-10px\/2);margin-right:calc(-10px\/2);}.elementor-214 .elementor-element.elementor-element-facc3e6{width:50%;}.elementor-214 .elementor-element.elementor-element-c78deb6 > .elementor-widget-container{margin:-26px 0px 0px 0px;}.elementor-214 .elementor-element.elementor-element-758f0c00{width:50%;}.elementor-214 .elementor-element.elementor-element-3b2a4de2 > .elementor-widget-container{margin:-26px 0px 0px 0px;}.elementor-214 .elementor-element.elementor-element-51074027{width:50%;}.elementor-214 .elementor-element.elementor-element-4fa7d0e5 > .elementor-widget-container{margin:-26px 0px 0px 0px;}.elementor-214 .elementor-element.elementor-element-501b25f{width:50%;}.elementor-214 .elementor-element.elementor-element-2625c467 > .elementor-widget-container{margin:-26px 0px 0px 0px;}.elementor-214 .elementor-element.elementor-element-6fc28756{width:50%;}.elementor-214 .elementor-element.elementor-element-3cd6aeea > .elementor-widget-container{margin:-26px 0px 0px 0px;}.elementor-214 .elementor-element.elementor-element-1984e3b2{width:50%;}.elementor-214 .elementor-element.elementor-element-189b6970 > .elementor-widget-container{margin:-26px 0px 0px 0px;}.elementor-214 .elementor-element.elementor-element-c4fe3f4{width:50%;}.elementor-214 .elementor-element.elementor-element-d2cb34c > .elementor-widget-container{margin:-26px 0px 0px 0px;}.elementor-214 .elementor-element.elementor-element-7e07a9aa{width:50%;}.elementor-214 .elementor-element.elementor-element-d2ccdb0 > .elementor-widget-container{margin:-26px 0px 0px 0px;}}<br \/>\nDescription<br \/>\nConseils d&rsquo;utilisation<br \/>\nComposition<br \/>\nDescription<br \/>\nEnrichie en\u00a0ur\u00e9e 10%, la cr\u00e8me hydrate intens\u00e9ment et durablement tout en favorisant l\u2019\u00e9limination des cellules mortes. Associ\u00e9e \u00e0\u00a00,5% d\u2019acide salicylique, elle exfolie en douceur les rugosit\u00e9s pour une peau plus lisse et uniforme. Le tout est soutenu par un complexe de\u00a03 c\u00e9ramides essentiels (1, 3, 6-II)\u00a0qui restaurent et prot\u00e8gent la\u00a0barri\u00e8re cutan\u00e9e, garantissant une hydratation continue pendant 24h gr\u00e2ce \u00e0 la\u00a0technologie brevet\u00e9e MVE.<br \/>\nSans parfum, sans parab\u00e8ne, non-com\u00e9dog\u00e8ne et hypoallerg\u00e9nique, cette cr\u00e8me convient parfaitement aux peaux sensibles sujettes \u00e0 la\u00a0k\u00e9ratose pilaire, aux squames ou aux zones tr\u00e8s s\u00e8ches (bras, jambes, coudes\u2026). Sa\u00a0texture non-grasse et non-collante\u00a0fond sur la peau pour un confort imm\u00e9diat.<br \/>\nLa cr\u00e8me\u00a0CeraVe SA\u00a0lisse, exfolie et hydrate intens\u00e9ment les\u00a0peaux s\u00e8ches, rugueuses et squameuses. Enrichie en\u00a0ur\u00e9e 10%\u00a0et\u00a0acide salicylique, elle \u00e9limine en douceur les cellules mortes et restaure la\u00a0barri\u00e8re cutan\u00e9e\u00a0gr\u00e2ce aux\u00a03 c\u00e9ramides essentiels.<br \/>\nSans parfum, non-com\u00e9dog\u00e8ne et hypoallerg\u00e9nique, elle convient aux peaux sensibles. Sa texture non grasse p\u00e9n\u00e8tre rapidement sans laisser de film collant.<br \/>\nR\u00e9sultats visibles d\u00e8s 3 jours<br \/>\nHydratation 24h continue (Technologie MVE)<br \/>\nFormule d\u00e9velopp\u00e9e avec des dermatologues<br \/>\nR\u00e9sultats cliniquement prouv\u00e9s :<br \/>\n+94% d\u2019hydratation d\u00e8s la premi\u00e8re application<br \/>\n+94% des utilisateurs d\u00e9clarent une peau plus lisse en 3 jours<br \/>\n-76% des sympt\u00f4mes de s\u00e9cheresse apr\u00e8s 8 semaines<br \/>\nConseils d&rsquo;utilisation<br \/>\nAppliquer\u00a0g\u00e9n\u00e9reusement\u00a0sur peau propre et s\u00e8che, aussi souvent que n\u00e9cessaire.<br \/>\n\u00c9vitez le contour des yeux.<br \/>\nId\u00e9ale pour une utilisation quotidienne, notamment apr\u00e8s la douche.<br \/>\nComposition<br \/>\nAqua\/Water, Glycerin, Cetearyl Alcohol, Phenoxyethanol, Stearyl Alcohol, Cetyl Alcohol, PEG-40 Stearate, Behentrimonium Methosulfate, Glyceryl Stearate, Polysorbate 20, Ethylhexylglycerin, Potassium Phosphate, Disodium EDTA, Dipotassium Phosphate, Sodium Lauroyl Lactylate, Ceramide NP, Ceramide AP, Phytosphingosine, Cholesterol, Sodium Hyaluronate, Xanthan Gum, Carbomer, Tocopherol, Ceramide EOP<br \/>\nAjouter au Panier<br \/>\nAjouter au Panier<br \/>\nAjouter au Panier<br \/>\nAjouter au Panier<br \/>\nAjouter au Panier<br \/>\nAjouter au Panier<br \/>\nAjouter au Panier<br \/>\nAjouter au Panier<\/p>\n","protected":false},"excerpt":{"rendered":"<p>.elementor-214 .elementor-element.elementor-element-7bec1133 .elementor-tab-title, .elementor-214 .elementor-element.elementor-element-7bec1133 .elementor-tab-title:before, .elementor-214 .elementor-element.elementor-element-7bec1133 .elementor-tab-title:after, .elementor-214 .elementor-element.elementor-element-7bec1133 .elementor-tab-content, .elementor-214 .elementor-element.elementor-element-7bec1133 .elementor-tabs-content-wrapper{border-width:0.5px;}.elementor-214 .elementor-element.elementor-element-7bec1133 .elementor-tab-title{color:#000000;}.elementor-214 .elementor-element.elementor-element-7bec1133 .elementor-tab-title.elementor-active{color:#00a28d;}.elementor-214 .elementor-element.elementor-element-7bec1133<\/p>\n","protected":false},"featured_media":11462,"comment_status":"open","ping_status":"closed","template":"","meta":[],"product_brand":[131],"product_cat":[618],"product_tag":[],"class_list":{"0":"post-33341","1":"product","2":"type-product","3":"status-publish","4":"has-post-thumbnail","6":"product_brand-cerave","7":"product_cat-hydratation-corps-corps","9":"first","10":"instock","11":"sale","12":"shipping-taxable","13":"purchasable","14":"product-type-simple"},"yoast_head":"<!-- This site is optimized with the Yoast SEO plugin v26.6 - https:\/\/yoast.com\/wordpress\/plugins\/seo\/ -->\r\n<title>CERAVE SA CREME ANTI RUGOSITE 340G - Paracherkaoui.ma<\/title>\r\n<meta name=\"robots\" content=\"index, follow, max-snippet:-1, max-image-preview:large, max-video-preview:-1\" \/>\r\n<link rel=\"canonical\" href=\"https:\/\/paracherkaoui.ma\/index.php\/produit\/cerave-sa-creme-anti-rugosite-340g-4\/\" \/>\r\n<meta property=\"og:locale\" content=\"fr_FR\" \/>\r\n<meta property=\"og:type\" content=\"article\" \/>\r\n<meta property=\"og:title\" content=\"CERAVE SA CREME ANTI RUGOSITE 340G - Paracherkaoui.ma\" \/>\r\n<meta property=\"og:description\" content=\".elementor-214 .elementor-element.elementor-element-7bec1133 .elementor-tab-title, .elementor-214 .elementor-element.elementor-element-7bec1133 .elementor-tab-title:before, .elementor-214 .elementor-element.elementor-element-7bec1133 .elementor-tab-title:after, .elementor-214 .elementor-element.elementor-element-7bec1133 .elementor-tab-content, .elementor-214 .elementor-element.elementor-element-7bec1133 .elementor-tabs-content-wrapper{border-width:0.5px;}.elementor-214 .elementor-element.elementor-element-7bec1133 .elementor-tab-title{color:#000000;}.elementor-214 .elementor-element.elementor-element-7bec1133 .elementor-tab-title.elementor-active{color:#00a28d;}.elementor-214 .elementor-element.elementor-element-7bec1133\" \/>\r\n<meta property=\"og:url\" content=\"https:\/\/paracherkaoui.ma\/index.php\/produit\/cerave-sa-creme-anti-rugosite-340g-4\/\" \/>\r\n<meta property=\"og:site_name\" content=\"Paracherkaoui.ma\" \/>\r\n<meta property=\"article:modified_time\" content=\"2025-12-12T17:41:00+00:00\" \/>\r\n<meta property=\"og:image\" content=\"https:\/\/paracherkaoui.ma\/wp-content\/uploads\/2025\/12\/cerave-cerave-sa-creme-anti-rugosite-340g-hydratation-corps.jpg\" \/>\r\n\t<meta property=\"og:image:width\" content=\"700\" \/>\r\n\t<meta property=\"og:image:height\" content=\"700\" \/>\r\n\t<meta property=\"og:image:type\" content=\"image\/jpeg\" \/>\r\n<meta name=\"twitter:card\" content=\"summary_large_image\" \/>\r\n<meta name=\"twitter:label1\" content=\"Dur\u00e9e de lecture estim\u00e9e\" \/>\n\t<meta name=\"twitter:data1\" content=\"5 minutes\" \/>\r\n<script type=\"application\/ld+json\" class=\"yoast-schema-graph\">{\"@context\":\"https:\/\/schema.org\",\"@graph\":[{\"@type\":\"WebPage\",\"@id\":\"https:\/\/paracherkaoui.ma\/index.php\/produit\/cerave-sa-creme-anti-rugosite-340g-4\/\",\"url\":\"https:\/\/paracherkaoui.ma\/index.php\/produit\/cerave-sa-creme-anti-rugosite-340g-4\/\",\"name\":\"CERAVE SA CREME ANTI RUGOSITE 340G - Paracherkaoui.ma\",\"isPartOf\":{\"@id\":\"https:\/\/paracherkaoui.ma\/#website\"},\"primaryImageOfPage\":{\"@id\":\"https:\/\/paracherkaoui.ma\/index.php\/produit\/cerave-sa-creme-anti-rugosite-340g-4\/#primaryimage\"},\"image\":{\"@id\":\"https:\/\/paracherkaoui.ma\/index.php\/produit\/cerave-sa-creme-anti-rugosite-340g-4\/#primaryimage\"},\"thumbnailUrl\":\"https:\/\/paracherkaoui.ma\/wp-content\/uploads\/2025\/12\/cerave-cerave-sa-creme-anti-rugosite-340g-hydratation-corps.jpg\",\"datePublished\":\"2025-12-12T17:40:56+00:00\",\"dateModified\":\"2025-12-12T17:41:00+00:00\",\"breadcrumb\":{\"@id\":\"https:\/\/paracherkaoui.ma\/index.php\/produit\/cerave-sa-creme-anti-rugosite-340g-4\/#breadcrumb\"},\"inLanguage\":\"fr-FR\",\"potentialAction\":[{\"@type\":\"ReadAction\",\"target\":[\"https:\/\/paracherkaoui.ma\/index.php\/produit\/cerave-sa-creme-anti-rugosite-340g-4\/\"]}]},{\"@type\":\"ImageObject\",\"inLanguage\":\"fr-FR\",\"@id\":\"https:\/\/paracherkaoui.ma\/index.php\/produit\/cerave-sa-creme-anti-rugosite-340g-4\/#primaryimage\",\"url\":\"https:\/\/paracherkaoui.ma\/wp-content\/uploads\/2025\/12\/cerave-cerave-sa-creme-anti-rugosite-340g-hydratation-corps.jpg\",\"contentUrl\":\"https:\/\/paracherkaoui.ma\/wp-content\/uploads\/2025\/12\/cerave-cerave-sa-creme-anti-rugosite-340g-hydratation-corps.jpg\",\"width\":700,\"height\":700},{\"@type\":\"BreadcrumbList\",\"@id\":\"https:\/\/paracherkaoui.ma\/index.php\/produit\/cerave-sa-creme-anti-rugosite-340g-4\/#breadcrumb\",\"itemListElement\":[{\"@type\":\"ListItem\",\"position\":1,\"name\":\"Accueil\",\"item\":\"https:\/\/paracherkaoui.ma\/\"},{\"@type\":\"ListItem\",\"position\":2,\"name\":\"Boutique\",\"item\":\"https:\/\/paracherkaoui.ma\/index.php\/boutique\/\"},{\"@type\":\"ListItem\",\"position\":3,\"name\":\"CERAVE SA CREME ANTI RUGOSITE 340G\"}]},{\"@type\":\"WebSite\",\"@id\":\"https:\/\/paracherkaoui.ma\/#website\",\"url\":\"https:\/\/paracherkaoui.ma\/\",\"name\":\"Paracherkaoui.ma\",\"description\":\"Achetez en ligne sur Paracherkaoui.ma\",\"potentialAction\":[{\"@type\":\"SearchAction\",\"target\":{\"@type\":\"EntryPoint\",\"urlTemplate\":\"https:\/\/paracherkaoui.ma\/?s={search_term_string}\"},\"query-input\":{\"@type\":\"PropertyValueSpecification\",\"valueRequired\":true,\"valueName\":\"search_term_string\"}}],\"inLanguage\":\"fr-FR\"}]}<\/script>\r\n<!-- \/ Yoast SEO plugin. -->","yoast_head_json":{"title":"CERAVE SA CREME ANTI RUGOSITE 340G - Paracherkaoui.ma","robots":{"index":"index","follow":"follow","max-snippet":"max-snippet:-1","max-image-preview":"max-image-preview:large","max-video-preview":"max-video-preview:-1"},"canonical":"https:\/\/paracherkaoui.ma\/index.php\/produit\/cerave-sa-creme-anti-rugosite-340g-4\/","og_locale":"fr_FR","og_type":"article","og_title":"CERAVE SA CREME ANTI RUGOSITE 340G - Paracherkaoui.ma","og_description":".elementor-214 .elementor-element.elementor-element-7bec1133 .elementor-tab-title, .elementor-214 .elementor-element.elementor-element-7bec1133 .elementor-tab-title:before, .elementor-214 .elementor-element.elementor-element-7bec1133 .elementor-tab-title:after, .elementor-214 .elementor-element.elementor-element-7bec1133 .elementor-tab-content, .elementor-214 .elementor-element.elementor-element-7bec1133 .elementor-tabs-content-wrapper{border-width:0.5px;}.elementor-214 .elementor-element.elementor-element-7bec1133 .elementor-tab-title{color:#000000;}.elementor-214 .elementor-element.elementor-element-7bec1133 .elementor-tab-title.elementor-active{color:#00a28d;}.elementor-214 .elementor-element.elementor-element-7bec1133","og_url":"https:\/\/paracherkaoui.ma\/index.php\/produit\/cerave-sa-creme-anti-rugosite-340g-4\/","og_site_name":"Paracherkaoui.ma","article_modified_time":"2025-12-12T17:41:00+00:00","og_image":[{"width":700,"height":700,"url":"https:\/\/paracherkaoui.ma\/wp-content\/uploads\/2025\/12\/cerave-cerave-sa-creme-anti-rugosite-340g-hydratation-corps.jpg","type":"image\/jpeg"}],"twitter_card":"summary_large_image","twitter_misc":{"Dur\u00e9e de lecture estim\u00e9e":"5 minutes"},"schema":{"@context":"https:\/\/schema.org","@graph":[{"@type":"WebPage","@id":"https:\/\/paracherkaoui.ma\/index.php\/produit\/cerave-sa-creme-anti-rugosite-340g-4\/","url":"https:\/\/paracherkaoui.ma\/index.php\/produit\/cerave-sa-creme-anti-rugosite-340g-4\/","name":"CERAVE SA CREME ANTI RUGOSITE 340G - Paracherkaoui.ma","isPartOf":{"@id":"https:\/\/paracherkaoui.ma\/#website"},"primaryImageOfPage":{"@id":"https:\/\/paracherkaoui.ma\/index.php\/produit\/cerave-sa-creme-anti-rugosite-340g-4\/#primaryimage"},"image":{"@id":"https:\/\/paracherkaoui.ma\/index.php\/produit\/cerave-sa-creme-anti-rugosite-340g-4\/#primaryimage"},"thumbnailUrl":"https:\/\/paracherkaoui.ma\/wp-content\/uploads\/2025\/12\/cerave-cerave-sa-creme-anti-rugosite-340g-hydratation-corps.jpg","datePublished":"2025-12-12T17:40:56+00:00","dateModified":"2025-12-12T17:41:00+00:00","breadcrumb":{"@id":"https:\/\/paracherkaoui.ma\/index.php\/produit\/cerave-sa-creme-anti-rugosite-340g-4\/#breadcrumb"},"inLanguage":"fr-FR","potentialAction":[{"@type":"ReadAction","target":["https:\/\/paracherkaoui.ma\/index.php\/produit\/cerave-sa-creme-anti-rugosite-340g-4\/"]}]},{"@type":"ImageObject","inLanguage":"fr-FR","@id":"https:\/\/paracherkaoui.ma\/index.php\/produit\/cerave-sa-creme-anti-rugosite-340g-4\/#primaryimage","url":"https:\/\/paracherkaoui.ma\/wp-content\/uploads\/2025\/12\/cerave-cerave-sa-creme-anti-rugosite-340g-hydratation-corps.jpg","contentUrl":"https:\/\/paracherkaoui.ma\/wp-content\/uploads\/2025\/12\/cerave-cerave-sa-creme-anti-rugosite-340g-hydratation-corps.jpg","width":700,"height":700},{"@type":"BreadcrumbList","@id":"https:\/\/paracherkaoui.ma\/index.php\/produit\/cerave-sa-creme-anti-rugosite-340g-4\/#breadcrumb","itemListElement":[{"@type":"ListItem","position":1,"name":"Accueil","item":"https:\/\/paracherkaoui.ma\/"},{"@type":"ListItem","position":2,"name":"Boutique","item":"https:\/\/paracherkaoui.ma\/index.php\/boutique\/"},{"@type":"ListItem","position":3,"name":"CERAVE SA CREME ANTI RUGOSITE 340G"}]},{"@type":"WebSite","@id":"https:\/\/paracherkaoui.ma\/#website","url":"https:\/\/paracherkaoui.ma\/","name":"Paracherkaoui.ma","description":"Achetez en ligne sur Paracherkaoui.ma","potentialAction":[{"@type":"SearchAction","target":{"@type":"EntryPoint","urlTemplate":"https:\/\/paracherkaoui.ma\/?s={search_term_string}"},"query-input":{"@type":"PropertyValueSpecification","valueRequired":true,"valueName":"search_term_string"}}],"inLanguage":"fr-FR"}]}},"_links":{"self":[{"href":"https:\/\/paracherkaoui.ma\/index.php\/wp-json\/wp\/v2\/product\/33341","targetHints":{"allow":["GET"]}}],"collection":[{"href":"https:\/\/paracherkaoui.ma\/index.php\/wp-json\/wp\/v2\/product"}],"about":[{"href":"https:\/\/paracherkaoui.ma\/index.php\/wp-json\/wp\/v2\/types\/product"}],"replies":[{"embeddable":true,"href":"https:\/\/paracherkaoui.ma\/index.php\/wp-json\/wp\/v2\/comments?post=33341"}],"version-history":[{"count":1,"href":"https:\/\/paracherkaoui.ma\/index.php\/wp-json\/wp\/v2\/product\/33341\/revisions"}],"predecessor-version":[{"id":33376,"href":"https:\/\/paracherkaoui.ma\/index.php\/wp-json\/wp\/v2\/product\/33341\/revisions\/33376"}],"wp:featuredmedia":[{"embeddable":true,"href":"https:\/\/paracherkaoui.ma\/index.php\/wp-json\/wp\/v2\/media\/11462"}],"wp:attachment":[{"href":"https:\/\/paracherkaoui.ma\/index.php\/wp-json\/wp\/v2\/media?parent=33341"}],"wp:term":[{"taxonomy":"product_brand","embeddable":true,"href":"https:\/\/paracherkaoui.ma\/index.php\/wp-json\/wp\/v2\/product_brand?post=33341"},{"taxonomy":"product_cat","embeddable":true,"href":"https:\/\/paracherkaoui.ma\/index.php\/wp-json\/wp\/v2\/product_cat?post=33341"},{"taxonomy":"product_tag","embeddable":true,"href":"https:\/\/paracherkaoui.ma\/index.php\/wp-json\/wp\/v2\/product_tag?post=33341"}],"curies":[{"name":"wp","href":"https:\/\/api.w.org\/{rel}","templated":true}]}}