{"id":33280,"date":"2025-12-12T18:40:50","date_gmt":"2025-12-12T17:40:50","guid":{"rendered":"https:\/\/test.ecbeaute.com\/?post_type=product&#038;p=33280"},"modified":"2025-12-12T18:40:55","modified_gmt":"2025-12-12T17:40:55","slug":"mavala-cuticule-creme-penetrante-30-ml","status":"publish","type":"product","link":"https:\/\/paracherkaoui.ma\/index.php\/produit\/mavala-cuticule-creme-penetrante-30-ml\/","title":{"rendered":"MAVALA CUTICULE CREME PENETRANTE 30 ML"},"content":{"rendered":"<p>Gr\u00e2ce \u00e0 sa formule riche et p\u00e9n\u00e9trante, la Cr\u00e8me Cuticules Mavala agit en profondeur pour assouplir les cuticules, facilitant leur repousse en douceur. Fini les cuticules dures et les petites peaux disgracieuses ! Cette cr\u00e8me cr\u00e9e une barri\u00e8re hydratante qui pr\u00e9vient le dess\u00e8chement et la croissance excessive des cuticules sur la plaque de l&rsquo;ongle.<br \/>\nSa texture onctueuse permet une application facile et un massage agr\u00e9able, stimulant la circulation sanguine pour des ongles plus sains et plus forts. Un avantage majeur de cette cr\u00e8me est sa compatibilit\u00e9 avec le vernis \u00e0 ongles et les autres finitions artificielles. Vous pouvez l&rsquo;appliquer \u00e0 tout moment, sans craindre d&rsquo;endommager votre manucure.<br \/>\nConseils d&rsquo;utilisation<br \/>\nAppliquez une petite quantit\u00e9 de cr\u00e8me sur le contour de chaque ongle.<br \/>\nMassez d\u00e9licatement en effectuant des mouvements circulaires, en insistant sur la base de l&rsquo;ongle.<br \/>\nPour une action optimale, utilisez la cr\u00e8me le soir et laissez-la agir toute la nuit.<br \/>\nR\u00e9p\u00e9tez l&rsquo;application dans la journ\u00e9e si n\u00e9cessaire.<br \/>\nPour une manucure SPA, appliquez la cr\u00e8me avant le bain de manucure.<br \/>\nAvant d&rsquo;appliquer du vernis, assurez-vous de d\u00e9graisser la plaque de l&rsquo;ongle.<br \/>\nComposition<br \/>\nLanoline, Petrolatum, Aqua, Paraffinum Liquidum, Denat. Alcohol, Fragrance, Phenoxyethanol, Chlorphenesin, BHT, Tocopherol, Limonene, Linalool, Citronellol, Geraniol, Citral.<\/p>\n","protected":false},"excerpt":{"rendered":"<p>Gr\u00e2ce \u00e0 sa formule riche et p\u00e9n\u00e9trante, la Cr\u00e8me Cuticules Mavala agit en profondeur pour assouplir les cuticules, facilitant leur<\/p>\n","protected":false},"featured_media":33332,"comment_status":"open","ping_status":"closed","template":"","meta":[],"product_brand":[546],"product_cat":[599],"product_tag":[],"class_list":{"0":"post-33280","1":"product","2":"type-product","3":"status-publish","4":"has-post-thumbnail","6":"product_brand-mavala","7":"product_cat-soins-mains-et-pieds","9":"first","10":"instock","11":"shipping-taxable","12":"purchasable","13":"product-type-simple"},"yoast_head":"<!-- This site is optimized with the Yoast SEO plugin v26.6 - https:\/\/yoast.com\/wordpress\/plugins\/seo\/ -->\r\n<title>MAVALA CUTICULE CREME PENETRANTE 30 ML - Paracherkaoui.ma<\/title>\r\n<meta name=\"robots\" content=\"index, follow, max-snippet:-1, max-image-preview:large, max-video-preview:-1\" \/>\r\n<link rel=\"canonical\" href=\"https:\/\/paracherkaoui.ma\/index.php\/produit\/mavala-cuticule-creme-penetrante-30-ml\/\" \/>\r\n<meta property=\"og:locale\" content=\"fr_FR\" \/>\r\n<meta property=\"og:type\" content=\"article\" \/>\r\n<meta property=\"og:title\" content=\"MAVALA CUTICULE CREME PENETRANTE 30 ML - Paracherkaoui.ma\" \/>\r\n<meta property=\"og:description\" content=\"Gr\u00e2ce \u00e0 sa formule riche et p\u00e9n\u00e9trante, la Cr\u00e8me Cuticules Mavala agit en profondeur pour assouplir les cuticules, facilitant leur\" \/>\r\n<meta property=\"og:url\" content=\"https:\/\/paracherkaoui.ma\/index.php\/produit\/mavala-cuticule-creme-penetrante-30-ml\/\" \/>\r\n<meta property=\"og:site_name\" content=\"Paracherkaoui.ma\" \/>\r\n<meta property=\"article:modified_time\" content=\"2025-12-12T17:40:55+00:00\" \/>\r\n<meta property=\"og:image\" content=\"https:\/\/paracherkaoui.ma\/wp-content\/uploads\/2025\/12\/mavala-mavala-cuticule-creme-penetrante-30-ml-soins-mains-et-pieds.jpg\" \/>\r\n\t<meta property=\"og:image:width\" content=\"700\" \/>\r\n\t<meta property=\"og:image:height\" content=\"700\" \/>\r\n\t<meta property=\"og:image:type\" content=\"image\/jpeg\" \/>\r\n<meta name=\"twitter:card\" content=\"summary_large_image\" \/>\r\n<meta name=\"twitter:label1\" content=\"Dur\u00e9e de lecture estim\u00e9e\" \/>\n\t<meta name=\"twitter:data1\" content=\"1 minute\" \/>\r\n<script type=\"application\/ld+json\" class=\"yoast-schema-graph\">{\"@context\":\"https:\/\/schema.org\",\"@graph\":[{\"@type\":\"WebPage\",\"@id\":\"https:\/\/paracherkaoui.ma\/index.php\/produit\/mavala-cuticule-creme-penetrante-30-ml\/\",\"url\":\"https:\/\/paracherkaoui.ma\/index.php\/produit\/mavala-cuticule-creme-penetrante-30-ml\/\",\"name\":\"MAVALA CUTICULE CREME PENETRANTE 30 ML - Paracherkaoui.ma\",\"isPartOf\":{\"@id\":\"https:\/\/paracherkaoui.ma\/#website\"},\"primaryImageOfPage\":{\"@id\":\"https:\/\/paracherkaoui.ma\/index.php\/produit\/mavala-cuticule-creme-penetrante-30-ml\/#primaryimage\"},\"image\":{\"@id\":\"https:\/\/paracherkaoui.ma\/index.php\/produit\/mavala-cuticule-creme-penetrante-30-ml\/#primaryimage\"},\"thumbnailUrl\":\"https:\/\/paracherkaoui.ma\/wp-content\/uploads\/2025\/12\/mavala-mavala-cuticule-creme-penetrante-30-ml-soins-mains-et-pieds.jpg\",\"datePublished\":\"2025-12-12T17:40:50+00:00\",\"dateModified\":\"2025-12-12T17:40:55+00:00\",\"breadcrumb\":{\"@id\":\"https:\/\/paracherkaoui.ma\/index.php\/produit\/mavala-cuticule-creme-penetrante-30-ml\/#breadcrumb\"},\"inLanguage\":\"fr-FR\",\"potentialAction\":[{\"@type\":\"ReadAction\",\"target\":[\"https:\/\/paracherkaoui.ma\/index.php\/produit\/mavala-cuticule-creme-penetrante-30-ml\/\"]}]},{\"@type\":\"ImageObject\",\"inLanguage\":\"fr-FR\",\"@id\":\"https:\/\/paracherkaoui.ma\/index.php\/produit\/mavala-cuticule-creme-penetrante-30-ml\/#primaryimage\",\"url\":\"https:\/\/paracherkaoui.ma\/wp-content\/uploads\/2025\/12\/mavala-mavala-cuticule-creme-penetrante-30-ml-soins-mains-et-pieds.jpg\",\"contentUrl\":\"https:\/\/paracherkaoui.ma\/wp-content\/uploads\/2025\/12\/mavala-mavala-cuticule-creme-penetrante-30-ml-soins-mains-et-pieds.jpg\",\"width\":700,\"height\":700},{\"@type\":\"BreadcrumbList\",\"@id\":\"https:\/\/paracherkaoui.ma\/index.php\/produit\/mavala-cuticule-creme-penetrante-30-ml\/#breadcrumb\",\"itemListElement\":[{\"@type\":\"ListItem\",\"position\":1,\"name\":\"Accueil\",\"item\":\"https:\/\/paracherkaoui.ma\/\"},{\"@type\":\"ListItem\",\"position\":2,\"name\":\"Boutique\",\"item\":\"https:\/\/paracherkaoui.ma\/index.php\/boutique\/\"},{\"@type\":\"ListItem\",\"position\":3,\"name\":\"MAVALA CUTICULE CREME PENETRANTE 30 ML\"}]},{\"@type\":\"WebSite\",\"@id\":\"https:\/\/paracherkaoui.ma\/#website\",\"url\":\"https:\/\/paracherkaoui.ma\/\",\"name\":\"Paracherkaoui.ma\",\"description\":\"Achetez en ligne sur Paracherkaoui.ma\",\"potentialAction\":[{\"@type\":\"SearchAction\",\"target\":{\"@type\":\"EntryPoint\",\"urlTemplate\":\"https:\/\/paracherkaoui.ma\/?s={search_term_string}\"},\"query-input\":{\"@type\":\"PropertyValueSpecification\",\"valueRequired\":true,\"valueName\":\"search_term_string\"}}],\"inLanguage\":\"fr-FR\"}]}<\/script>\r\n<!-- \/ Yoast SEO plugin. -->","yoast_head_json":{"title":"MAVALA CUTICULE CREME PENETRANTE 30 ML - Paracherkaoui.ma","robots":{"index":"index","follow":"follow","max-snippet":"max-snippet:-1","max-image-preview":"max-image-preview:large","max-video-preview":"max-video-preview:-1"},"canonical":"https:\/\/paracherkaoui.ma\/index.php\/produit\/mavala-cuticule-creme-penetrante-30-ml\/","og_locale":"fr_FR","og_type":"article","og_title":"MAVALA CUTICULE CREME PENETRANTE 30 ML - Paracherkaoui.ma","og_description":"Gr\u00e2ce \u00e0 sa formule riche et p\u00e9n\u00e9trante, la Cr\u00e8me Cuticules Mavala agit en profondeur pour assouplir les cuticules, facilitant leur","og_url":"https:\/\/paracherkaoui.ma\/index.php\/produit\/mavala-cuticule-creme-penetrante-30-ml\/","og_site_name":"Paracherkaoui.ma","article_modified_time":"2025-12-12T17:40:55+00:00","og_image":[{"width":700,"height":700,"url":"https:\/\/paracherkaoui.ma\/wp-content\/uploads\/2025\/12\/mavala-mavala-cuticule-creme-penetrante-30-ml-soins-mains-et-pieds.jpg","type":"image\/jpeg"}],"twitter_card":"summary_large_image","twitter_misc":{"Dur\u00e9e de lecture estim\u00e9e":"1 minute"},"schema":{"@context":"https:\/\/schema.org","@graph":[{"@type":"WebPage","@id":"https:\/\/paracherkaoui.ma\/index.php\/produit\/mavala-cuticule-creme-penetrante-30-ml\/","url":"https:\/\/paracherkaoui.ma\/index.php\/produit\/mavala-cuticule-creme-penetrante-30-ml\/","name":"MAVALA CUTICULE CREME PENETRANTE 30 ML - Paracherkaoui.ma","isPartOf":{"@id":"https:\/\/paracherkaoui.ma\/#website"},"primaryImageOfPage":{"@id":"https:\/\/paracherkaoui.ma\/index.php\/produit\/mavala-cuticule-creme-penetrante-30-ml\/#primaryimage"},"image":{"@id":"https:\/\/paracherkaoui.ma\/index.php\/produit\/mavala-cuticule-creme-penetrante-30-ml\/#primaryimage"},"thumbnailUrl":"https:\/\/paracherkaoui.ma\/wp-content\/uploads\/2025\/12\/mavala-mavala-cuticule-creme-penetrante-30-ml-soins-mains-et-pieds.jpg","datePublished":"2025-12-12T17:40:50+00:00","dateModified":"2025-12-12T17:40:55+00:00","breadcrumb":{"@id":"https:\/\/paracherkaoui.ma\/index.php\/produit\/mavala-cuticule-creme-penetrante-30-ml\/#breadcrumb"},"inLanguage":"fr-FR","potentialAction":[{"@type":"ReadAction","target":["https:\/\/paracherkaoui.ma\/index.php\/produit\/mavala-cuticule-creme-penetrante-30-ml\/"]}]},{"@type":"ImageObject","inLanguage":"fr-FR","@id":"https:\/\/paracherkaoui.ma\/index.php\/produit\/mavala-cuticule-creme-penetrante-30-ml\/#primaryimage","url":"https:\/\/paracherkaoui.ma\/wp-content\/uploads\/2025\/12\/mavala-mavala-cuticule-creme-penetrante-30-ml-soins-mains-et-pieds.jpg","contentUrl":"https:\/\/paracherkaoui.ma\/wp-content\/uploads\/2025\/12\/mavala-mavala-cuticule-creme-penetrante-30-ml-soins-mains-et-pieds.jpg","width":700,"height":700},{"@type":"BreadcrumbList","@id":"https:\/\/paracherkaoui.ma\/index.php\/produit\/mavala-cuticule-creme-penetrante-30-ml\/#breadcrumb","itemListElement":[{"@type":"ListItem","position":1,"name":"Accueil","item":"https:\/\/paracherkaoui.ma\/"},{"@type":"ListItem","position":2,"name":"Boutique","item":"https:\/\/paracherkaoui.ma\/index.php\/boutique\/"},{"@type":"ListItem","position":3,"name":"MAVALA CUTICULE CREME PENETRANTE 30 ML"}]},{"@type":"WebSite","@id":"https:\/\/paracherkaoui.ma\/#website","url":"https:\/\/paracherkaoui.ma\/","name":"Paracherkaoui.ma","description":"Achetez en ligne sur Paracherkaoui.ma","potentialAction":[{"@type":"SearchAction","target":{"@type":"EntryPoint","urlTemplate":"https:\/\/paracherkaoui.ma\/?s={search_term_string}"},"query-input":{"@type":"PropertyValueSpecification","valueRequired":true,"valueName":"search_term_string"}}],"inLanguage":"fr-FR"}]}},"_links":{"self":[{"href":"https:\/\/paracherkaoui.ma\/index.php\/wp-json\/wp\/v2\/product\/33280","targetHints":{"allow":["GET"]}}],"collection":[{"href":"https:\/\/paracherkaoui.ma\/index.php\/wp-json\/wp\/v2\/product"}],"about":[{"href":"https:\/\/paracherkaoui.ma\/index.php\/wp-json\/wp\/v2\/types\/product"}],"replies":[{"embeddable":true,"href":"https:\/\/paracherkaoui.ma\/index.php\/wp-json\/wp\/v2\/comments?post=33280"}],"version-history":[{"count":1,"href":"https:\/\/paracherkaoui.ma\/index.php\/wp-json\/wp\/v2\/product\/33280\/revisions"}],"predecessor-version":[{"id":33333,"href":"https:\/\/paracherkaoui.ma\/index.php\/wp-json\/wp\/v2\/product\/33280\/revisions\/33333"}],"wp:featuredmedia":[{"embeddable":true,"href":"https:\/\/paracherkaoui.ma\/index.php\/wp-json\/wp\/v2\/media\/33332"}],"wp:attachment":[{"href":"https:\/\/paracherkaoui.ma\/index.php\/wp-json\/wp\/v2\/media?parent=33280"}],"wp:term":[{"taxonomy":"product_brand","embeddable":true,"href":"https:\/\/paracherkaoui.ma\/index.php\/wp-json\/wp\/v2\/product_brand?post=33280"},{"taxonomy":"product_cat","embeddable":true,"href":"https:\/\/paracherkaoui.ma\/index.php\/wp-json\/wp\/v2\/product_cat?post=33280"},{"taxonomy":"product_tag","embeddable":true,"href":"https:\/\/paracherkaoui.ma\/index.php\/wp-json\/wp\/v2\/product_tag?post=33280"}],"curies":[{"name":"wp","href":"https:\/\/api.w.org\/{rel}","templated":true}]}}