{"id":33251,"date":"2025-12-12T18:40:49","date_gmt":"2025-12-12T17:40:49","guid":{"rendered":"https:\/\/test.ecbeaute.com\/?post_type=product&#038;p=33251"},"modified":"2025-12-12T18:40:50","modified_gmt":"2025-12-12T17:40:50","slug":"mavala-dissolvant-crystal-vert-100ml","status":"publish","type":"product","link":"https:\/\/paracherkaoui.ma\/index.php\/produit\/mavala-dissolvant-crystal-vert-100ml\/","title":{"rendered":"MAVALA Dissolvant Crystal &#8211; Vert 100ml"},"content":{"rendered":"<p>Le DISSOLVANT CRYSTAL\u00a0a \u00e9t\u00e9 formul\u00e9 pour r\u00e9pondre aux attentes tr\u00e8s pr\u00e9cises d\u2019une partie de nos consommatrices. Leur souhait : un dissolvant respectueux de l\u2019ongle, de la peau et de l\u2019environnement. Ainsi, sa formule tr\u00e8s douce, sans ac\u00e9tone, enl\u00e8ve le vernis sans dess\u00e9cher les ongles, ni la peau et convient \u00e0 tous les types d\u2019ongles, m\u00eames fragiles, d\u00e9licats ou secs. De plus, il est incolore, INODORE et non inflammable. Il est \u00ab\u00a0eco-friendly\u00a0\u00bb car ses mati\u00e8res premi\u00e8res, m\u00e9ticuleusement choisies, sont facilement biod\u00e9gradables et contribuent \u00e0 pr\u00e9server l\u2019environnement. Par ailleurs, le produit fini est fabriqu\u00e9 \u00e0 froid, soit par un proc\u00e9d\u00e9 \u00e0 basse consommation d\u2019\u00e9nergie.<\/p>\n","protected":false},"excerpt":{"rendered":"<p>Le DISSOLVANT CRYSTAL\u00a0a \u00e9t\u00e9 formul\u00e9 pour r\u00e9pondre aux attentes tr\u00e8s pr\u00e9cises d\u2019une partie de nos consommatrices. Leur souhait : un<\/p>\n","protected":false},"featured_media":33281,"comment_status":"open","ping_status":"closed","template":"","meta":[],"product_brand":[546],"product_cat":[599],"product_tag":[],"class_list":{"0":"post-33251","1":"product","2":"type-product","3":"status-publish","4":"has-post-thumbnail","6":"product_brand-mavala","7":"product_cat-soins-mains-et-pieds","9":"first","10":"instock","11":"shipping-taxable","12":"purchasable","13":"product-type-simple"},"yoast_head":"<!-- This site is optimized with the Yoast SEO plugin v26.6 - https:\/\/yoast.com\/wordpress\/plugins\/seo\/ -->\r\n<title>MAVALA Dissolvant Crystal - Vert 100ml - Paracherkaoui.ma<\/title>\r\n<meta name=\"robots\" content=\"index, follow, max-snippet:-1, max-image-preview:large, max-video-preview:-1\" \/>\r\n<link rel=\"canonical\" href=\"https:\/\/paracherkaoui.ma\/index.php\/produit\/mavala-dissolvant-crystal-vert-100ml\/\" \/>\r\n<meta property=\"og:locale\" content=\"fr_FR\" \/>\r\n<meta property=\"og:type\" content=\"article\" \/>\r\n<meta property=\"og:title\" content=\"MAVALA Dissolvant Crystal - Vert 100ml - Paracherkaoui.ma\" \/>\r\n<meta property=\"og:description\" content=\"Le DISSOLVANT CRYSTAL\u00a0a \u00e9t\u00e9 formul\u00e9 pour r\u00e9pondre aux attentes tr\u00e8s pr\u00e9cises d\u2019une partie de nos consommatrices. Leur souhait : un\" \/>\r\n<meta property=\"og:url\" content=\"https:\/\/paracherkaoui.ma\/index.php\/produit\/mavala-dissolvant-crystal-vert-100ml\/\" \/>\r\n<meta property=\"og:site_name\" content=\"Paracherkaoui.ma\" \/>\r\n<meta property=\"article:modified_time\" content=\"2025-12-12T17:40:50+00:00\" \/>\r\n<meta property=\"og:image\" content=\"https:\/\/paracherkaoui.ma\/wp-content\/uploads\/2025\/12\/mavala-mavala-dissolvant-crystal-vert-100ml-mains.jpg\" \/>\r\n\t<meta property=\"og:image:width\" content=\"700\" \/>\r\n\t<meta property=\"og:image:height\" content=\"700\" \/>\r\n\t<meta property=\"og:image:type\" content=\"image\/jpeg\" \/>\r\n<meta name=\"twitter:card\" content=\"summary_large_image\" \/>\r\n<meta name=\"twitter:label1\" content=\"Dur\u00e9e de lecture estim\u00e9e\" \/>\n\t<meta name=\"twitter:data1\" content=\"1 minute\" \/>\r\n<script type=\"application\/ld+json\" class=\"yoast-schema-graph\">{\"@context\":\"https:\/\/schema.org\",\"@graph\":[{\"@type\":\"WebPage\",\"@id\":\"https:\/\/paracherkaoui.ma\/index.php\/produit\/mavala-dissolvant-crystal-vert-100ml\/\",\"url\":\"https:\/\/paracherkaoui.ma\/index.php\/produit\/mavala-dissolvant-crystal-vert-100ml\/\",\"name\":\"MAVALA Dissolvant Crystal - Vert 100ml - Paracherkaoui.ma\",\"isPartOf\":{\"@id\":\"https:\/\/paracherkaoui.ma\/#website\"},\"primaryImageOfPage\":{\"@id\":\"https:\/\/paracherkaoui.ma\/index.php\/produit\/mavala-dissolvant-crystal-vert-100ml\/#primaryimage\"},\"image\":{\"@id\":\"https:\/\/paracherkaoui.ma\/index.php\/produit\/mavala-dissolvant-crystal-vert-100ml\/#primaryimage\"},\"thumbnailUrl\":\"https:\/\/paracherkaoui.ma\/wp-content\/uploads\/2025\/12\/mavala-mavala-dissolvant-crystal-vert-100ml-mains.jpg\",\"datePublished\":\"2025-12-12T17:40:49+00:00\",\"dateModified\":\"2025-12-12T17:40:50+00:00\",\"breadcrumb\":{\"@id\":\"https:\/\/paracherkaoui.ma\/index.php\/produit\/mavala-dissolvant-crystal-vert-100ml\/#breadcrumb\"},\"inLanguage\":\"fr-FR\",\"potentialAction\":[{\"@type\":\"ReadAction\",\"target\":[\"https:\/\/paracherkaoui.ma\/index.php\/produit\/mavala-dissolvant-crystal-vert-100ml\/\"]}]},{\"@type\":\"ImageObject\",\"inLanguage\":\"fr-FR\",\"@id\":\"https:\/\/paracherkaoui.ma\/index.php\/produit\/mavala-dissolvant-crystal-vert-100ml\/#primaryimage\",\"url\":\"https:\/\/paracherkaoui.ma\/wp-content\/uploads\/2025\/12\/mavala-mavala-dissolvant-crystal-vert-100ml-mains.jpg\",\"contentUrl\":\"https:\/\/paracherkaoui.ma\/wp-content\/uploads\/2025\/12\/mavala-mavala-dissolvant-crystal-vert-100ml-mains.jpg\",\"width\":700,\"height\":700},{\"@type\":\"BreadcrumbList\",\"@id\":\"https:\/\/paracherkaoui.ma\/index.php\/produit\/mavala-dissolvant-crystal-vert-100ml\/#breadcrumb\",\"itemListElement\":[{\"@type\":\"ListItem\",\"position\":1,\"name\":\"Accueil\",\"item\":\"https:\/\/paracherkaoui.ma\/\"},{\"@type\":\"ListItem\",\"position\":2,\"name\":\"Boutique\",\"item\":\"https:\/\/paracherkaoui.ma\/index.php\/boutique\/\"},{\"@type\":\"ListItem\",\"position\":3,\"name\":\"MAVALA Dissolvant Crystal &#8211; Vert 100ml\"}]},{\"@type\":\"WebSite\",\"@id\":\"https:\/\/paracherkaoui.ma\/#website\",\"url\":\"https:\/\/paracherkaoui.ma\/\",\"name\":\"Paracherkaoui.ma\",\"description\":\"Achetez en ligne sur Paracherkaoui.ma\",\"potentialAction\":[{\"@type\":\"SearchAction\",\"target\":{\"@type\":\"EntryPoint\",\"urlTemplate\":\"https:\/\/paracherkaoui.ma\/?s={search_term_string}\"},\"query-input\":{\"@type\":\"PropertyValueSpecification\",\"valueRequired\":true,\"valueName\":\"search_term_string\"}}],\"inLanguage\":\"fr-FR\"}]}<\/script>\r\n<!-- \/ Yoast SEO plugin. -->","yoast_head_json":{"title":"MAVALA Dissolvant Crystal - Vert 100ml - Paracherkaoui.ma","robots":{"index":"index","follow":"follow","max-snippet":"max-snippet:-1","max-image-preview":"max-image-preview:large","max-video-preview":"max-video-preview:-1"},"canonical":"https:\/\/paracherkaoui.ma\/index.php\/produit\/mavala-dissolvant-crystal-vert-100ml\/","og_locale":"fr_FR","og_type":"article","og_title":"MAVALA Dissolvant Crystal - Vert 100ml - Paracherkaoui.ma","og_description":"Le DISSOLVANT CRYSTAL\u00a0a \u00e9t\u00e9 formul\u00e9 pour r\u00e9pondre aux attentes tr\u00e8s pr\u00e9cises d\u2019une partie de nos consommatrices. Leur souhait : un","og_url":"https:\/\/paracherkaoui.ma\/index.php\/produit\/mavala-dissolvant-crystal-vert-100ml\/","og_site_name":"Paracherkaoui.ma","article_modified_time":"2025-12-12T17:40:50+00:00","og_image":[{"width":700,"height":700,"url":"https:\/\/paracherkaoui.ma\/wp-content\/uploads\/2025\/12\/mavala-mavala-dissolvant-crystal-vert-100ml-mains.jpg","type":"image\/jpeg"}],"twitter_card":"summary_large_image","twitter_misc":{"Dur\u00e9e de lecture estim\u00e9e":"1 minute"},"schema":{"@context":"https:\/\/schema.org","@graph":[{"@type":"WebPage","@id":"https:\/\/paracherkaoui.ma\/index.php\/produit\/mavala-dissolvant-crystal-vert-100ml\/","url":"https:\/\/paracherkaoui.ma\/index.php\/produit\/mavala-dissolvant-crystal-vert-100ml\/","name":"MAVALA Dissolvant Crystal - Vert 100ml - Paracherkaoui.ma","isPartOf":{"@id":"https:\/\/paracherkaoui.ma\/#website"},"primaryImageOfPage":{"@id":"https:\/\/paracherkaoui.ma\/index.php\/produit\/mavala-dissolvant-crystal-vert-100ml\/#primaryimage"},"image":{"@id":"https:\/\/paracherkaoui.ma\/index.php\/produit\/mavala-dissolvant-crystal-vert-100ml\/#primaryimage"},"thumbnailUrl":"https:\/\/paracherkaoui.ma\/wp-content\/uploads\/2025\/12\/mavala-mavala-dissolvant-crystal-vert-100ml-mains.jpg","datePublished":"2025-12-12T17:40:49+00:00","dateModified":"2025-12-12T17:40:50+00:00","breadcrumb":{"@id":"https:\/\/paracherkaoui.ma\/index.php\/produit\/mavala-dissolvant-crystal-vert-100ml\/#breadcrumb"},"inLanguage":"fr-FR","potentialAction":[{"@type":"ReadAction","target":["https:\/\/paracherkaoui.ma\/index.php\/produit\/mavala-dissolvant-crystal-vert-100ml\/"]}]},{"@type":"ImageObject","inLanguage":"fr-FR","@id":"https:\/\/paracherkaoui.ma\/index.php\/produit\/mavala-dissolvant-crystal-vert-100ml\/#primaryimage","url":"https:\/\/paracherkaoui.ma\/wp-content\/uploads\/2025\/12\/mavala-mavala-dissolvant-crystal-vert-100ml-mains.jpg","contentUrl":"https:\/\/paracherkaoui.ma\/wp-content\/uploads\/2025\/12\/mavala-mavala-dissolvant-crystal-vert-100ml-mains.jpg","width":700,"height":700},{"@type":"BreadcrumbList","@id":"https:\/\/paracherkaoui.ma\/index.php\/produit\/mavala-dissolvant-crystal-vert-100ml\/#breadcrumb","itemListElement":[{"@type":"ListItem","position":1,"name":"Accueil","item":"https:\/\/paracherkaoui.ma\/"},{"@type":"ListItem","position":2,"name":"Boutique","item":"https:\/\/paracherkaoui.ma\/index.php\/boutique\/"},{"@type":"ListItem","position":3,"name":"MAVALA Dissolvant Crystal &#8211; Vert 100ml"}]},{"@type":"WebSite","@id":"https:\/\/paracherkaoui.ma\/#website","url":"https:\/\/paracherkaoui.ma\/","name":"Paracherkaoui.ma","description":"Achetez en ligne sur Paracherkaoui.ma","potentialAction":[{"@type":"SearchAction","target":{"@type":"EntryPoint","urlTemplate":"https:\/\/paracherkaoui.ma\/?s={search_term_string}"},"query-input":{"@type":"PropertyValueSpecification","valueRequired":true,"valueName":"search_term_string"}}],"inLanguage":"fr-FR"}]}},"_links":{"self":[{"href":"https:\/\/paracherkaoui.ma\/index.php\/wp-json\/wp\/v2\/product\/33251","targetHints":{"allow":["GET"]}}],"collection":[{"href":"https:\/\/paracherkaoui.ma\/index.php\/wp-json\/wp\/v2\/product"}],"about":[{"href":"https:\/\/paracherkaoui.ma\/index.php\/wp-json\/wp\/v2\/types\/product"}],"replies":[{"embeddable":true,"href":"https:\/\/paracherkaoui.ma\/index.php\/wp-json\/wp\/v2\/comments?post=33251"}],"version-history":[{"count":1,"href":"https:\/\/paracherkaoui.ma\/index.php\/wp-json\/wp\/v2\/product\/33251\/revisions"}],"predecessor-version":[{"id":33282,"href":"https:\/\/paracherkaoui.ma\/index.php\/wp-json\/wp\/v2\/product\/33251\/revisions\/33282"}],"wp:featuredmedia":[{"embeddable":true,"href":"https:\/\/paracherkaoui.ma\/index.php\/wp-json\/wp\/v2\/media\/33281"}],"wp:attachment":[{"href":"https:\/\/paracherkaoui.ma\/index.php\/wp-json\/wp\/v2\/media?parent=33251"}],"wp:term":[{"taxonomy":"product_brand","embeddable":true,"href":"https:\/\/paracherkaoui.ma\/index.php\/wp-json\/wp\/v2\/product_brand?post=33251"},{"taxonomy":"product_cat","embeddable":true,"href":"https:\/\/paracherkaoui.ma\/index.php\/wp-json\/wp\/v2\/product_cat?post=33251"},{"taxonomy":"product_tag","embeddable":true,"href":"https:\/\/paracherkaoui.ma\/index.php\/wp-json\/wp\/v2\/product_tag?post=33251"}],"curies":[{"name":"wp","href":"https:\/\/api.w.org\/{rel}","templated":true}]}}