{"id":33089,"date":"2025-12-12T18:40:28","date_gmt":"2025-12-12T17:40:28","guid":{"rendered":"https:\/\/test.ecbeaute.com\/?post_type=product&#038;p=33089"},"modified":"2025-12-12T18:40:36","modified_gmt":"2025-12-12T17:40:36","slug":"forme-et-flammes-ciseaux-a-ongles-courbes-acier-inoxydable-ref-82","status":"publish","type":"product","link":"https:\/\/paracherkaoui.ma\/index.php\/produit\/forme-et-flammes-ciseaux-a-ongles-courbes-acier-inoxydable-ref-82\/","title":{"rendered":"FORME ET FLAMMES CISEAUX A ONGLES COURBES ACIER INOXYDABLE REF 82"},"content":{"rendered":"<p>La coutellerie Formes et Flammes, reconnue depuis plus de 30 ans dans la fabrication d\u2019articles de soins pour le visage, la manucure et la p\u00e9dicure, s\u2019engage \u00e0 fournir des outils de qualit\u00e9 sup\u00e9rieure. Chaque paire de ciseaux b\u00e9n\u00e9ficie d\u2019une finition soign\u00e9e qui allie pr\u00e9cision, ergonomie et confort d\u2019utilisation. Leur design compact et leur prise en main facile permettent de travailler efficacement, m\u00eame sur les zones d\u00e9licates des ongles des mains comme des pieds.<br \/>\nId\u00e9al pour les personnes exigeantes en mati\u00e8re de soins esth\u00e9tiques, le ciseau \u00e0 ongles courbes Formes et Flammes permet de maintenir des ongles parfaitement entretenus et \u00e9l\u00e9gants en toute circonstance. Que ce soit pour un usage personnel ou professionnel, il se distingue par sa robustesse et sa fiabilit\u00e9. De plus, tous les produits de la marque sont satisfaits ou rembours\u00e9s, gage de confiance et de qualit\u00e9.<br \/>\nConseils d\u2019utilisation<br \/>\nD\u00e9sinfecter les ciseaux avant et apr\u00e8s chaque utilisation pour garantir une hygi\u00e8ne optimale.<br \/>\nCouper les ongles propres et secs afin d\u2019\u00e9viter les d\u00e9doublements.<br \/>\nUtiliser les lames courb\u00e9es pour suivre la ligne naturelle de l\u2019ongle.<br \/>\nPour les ongles durs, effectuer de petites coupes successives plut\u00f4t qu\u2019une seule coupe franche.<br \/>\nRanger les ciseaux dans un \u00e9tui afin de pr\u00e9server la pr\u00e9cision des lames.<br \/>\nAvec leur robustesse et leur pr\u00e9cision, les ciseaux \u00e0 ongles courbes Formes et Flammes en acier inoxydable deviennent un alli\u00e9 incontournable pour des ongles soign\u00e9s au quotidien.<\/p>\n","protected":false},"excerpt":{"rendered":"<p>La coutellerie Formes et Flammes, reconnue depuis plus de 30 ans dans la fabrication d\u2019articles de soins pour le visage,<\/p>\n","protected":false},"featured_media":33133,"comment_status":"open","ping_status":"closed","template":"","meta":[],"product_brand":[465],"product_cat":[599],"product_tag":[],"class_list":{"0":"post-33089","1":"product","2":"type-product","3":"status-publish","4":"has-post-thumbnail","6":"product_brand-formes-et-flammes","7":"product_cat-soins-mains-et-pieds","9":"first","10":"instock","11":"sale","12":"shipping-taxable","13":"purchasable","14":"product-type-simple"},"yoast_head":"<!-- This site is optimized with the Yoast SEO plugin v26.6 - https:\/\/yoast.com\/wordpress\/plugins\/seo\/ -->\r\n<title>FORME ET FLAMMES CISEAUX A ONGLES COURBES ACIER INOXYDABLE REF 82 - Paracherkaoui.ma<\/title>\r\n<meta name=\"robots\" content=\"index, follow, max-snippet:-1, max-image-preview:large, max-video-preview:-1\" \/>\r\n<link rel=\"canonical\" href=\"https:\/\/paracherkaoui.ma\/index.php\/produit\/forme-et-flammes-ciseaux-a-ongles-courbes-acier-inoxydable-ref-82\/\" \/>\r\n<meta property=\"og:locale\" content=\"fr_FR\" \/>\r\n<meta property=\"og:type\" content=\"article\" \/>\r\n<meta property=\"og:title\" content=\"FORME ET FLAMMES CISEAUX A ONGLES COURBES ACIER INOXYDABLE REF 82 - Paracherkaoui.ma\" \/>\r\n<meta property=\"og:description\" content=\"La coutellerie Formes et Flammes, reconnue depuis plus de 30 ans dans la fabrication d\u2019articles de soins pour le visage,\" \/>\r\n<meta property=\"og:url\" content=\"https:\/\/paracherkaoui.ma\/index.php\/produit\/forme-et-flammes-ciseaux-a-ongles-courbes-acier-inoxydable-ref-82\/\" \/>\r\n<meta property=\"og:site_name\" content=\"Paracherkaoui.ma\" \/>\r\n<meta property=\"article:modified_time\" content=\"2025-12-12T17:40:36+00:00\" \/>\r\n<meta property=\"og:image\" content=\"https:\/\/paracherkaoui.ma\/wp-content\/uploads\/2025\/12\/formes-et-flammes-forme-et-flammes-ciseaux-a-ongles-courbes-acier-inoxydable-ref-82-soins-mains-et-pieds.jpg\" \/>\r\n\t<meta property=\"og:image:width\" content=\"700\" \/>\r\n\t<meta property=\"og:image:height\" content=\"700\" \/>\r\n\t<meta property=\"og:image:type\" content=\"image\/jpeg\" \/>\r\n<meta name=\"twitter:card\" content=\"summary_large_image\" \/>\r\n<meta name=\"twitter:label1\" content=\"Dur\u00e9e de lecture estim\u00e9e\" \/>\n\t<meta name=\"twitter:data1\" content=\"1 minute\" \/>\r\n<script type=\"application\/ld+json\" class=\"yoast-schema-graph\">{\"@context\":\"https:\/\/schema.org\",\"@graph\":[{\"@type\":\"WebPage\",\"@id\":\"https:\/\/paracherkaoui.ma\/index.php\/produit\/forme-et-flammes-ciseaux-a-ongles-courbes-acier-inoxydable-ref-82\/\",\"url\":\"https:\/\/paracherkaoui.ma\/index.php\/produit\/forme-et-flammes-ciseaux-a-ongles-courbes-acier-inoxydable-ref-82\/\",\"name\":\"FORME ET FLAMMES CISEAUX A ONGLES COURBES ACIER INOXYDABLE REF 82 - Paracherkaoui.ma\",\"isPartOf\":{\"@id\":\"https:\/\/paracherkaoui.ma\/#website\"},\"primaryImageOfPage\":{\"@id\":\"https:\/\/paracherkaoui.ma\/index.php\/produit\/forme-et-flammes-ciseaux-a-ongles-courbes-acier-inoxydable-ref-82\/#primaryimage\"},\"image\":{\"@id\":\"https:\/\/paracherkaoui.ma\/index.php\/produit\/forme-et-flammes-ciseaux-a-ongles-courbes-acier-inoxydable-ref-82\/#primaryimage\"},\"thumbnailUrl\":\"https:\/\/paracherkaoui.ma\/wp-content\/uploads\/2025\/12\/formes-et-flammes-forme-et-flammes-ciseaux-a-ongles-courbes-acier-inoxydable-ref-82-soins-mains-et-pieds.jpg\",\"datePublished\":\"2025-12-12T17:40:28+00:00\",\"dateModified\":\"2025-12-12T17:40:36+00:00\",\"breadcrumb\":{\"@id\":\"https:\/\/paracherkaoui.ma\/index.php\/produit\/forme-et-flammes-ciseaux-a-ongles-courbes-acier-inoxydable-ref-82\/#breadcrumb\"},\"inLanguage\":\"fr-FR\",\"potentialAction\":[{\"@type\":\"ReadAction\",\"target\":[\"https:\/\/paracherkaoui.ma\/index.php\/produit\/forme-et-flammes-ciseaux-a-ongles-courbes-acier-inoxydable-ref-82\/\"]}]},{\"@type\":\"ImageObject\",\"inLanguage\":\"fr-FR\",\"@id\":\"https:\/\/paracherkaoui.ma\/index.php\/produit\/forme-et-flammes-ciseaux-a-ongles-courbes-acier-inoxydable-ref-82\/#primaryimage\",\"url\":\"https:\/\/paracherkaoui.ma\/wp-content\/uploads\/2025\/12\/formes-et-flammes-forme-et-flammes-ciseaux-a-ongles-courbes-acier-inoxydable-ref-82-soins-mains-et-pieds.jpg\",\"contentUrl\":\"https:\/\/paracherkaoui.ma\/wp-content\/uploads\/2025\/12\/formes-et-flammes-forme-et-flammes-ciseaux-a-ongles-courbes-acier-inoxydable-ref-82-soins-mains-et-pieds.jpg\",\"width\":700,\"height\":700},{\"@type\":\"BreadcrumbList\",\"@id\":\"https:\/\/paracherkaoui.ma\/index.php\/produit\/forme-et-flammes-ciseaux-a-ongles-courbes-acier-inoxydable-ref-82\/#breadcrumb\",\"itemListElement\":[{\"@type\":\"ListItem\",\"position\":1,\"name\":\"Accueil\",\"item\":\"https:\/\/paracherkaoui.ma\/\"},{\"@type\":\"ListItem\",\"position\":2,\"name\":\"Boutique\",\"item\":\"https:\/\/paracherkaoui.ma\/index.php\/boutique\/\"},{\"@type\":\"ListItem\",\"position\":3,\"name\":\"FORME ET FLAMMES CISEAUX A ONGLES COURBES ACIER INOXYDABLE REF 82\"}]},{\"@type\":\"WebSite\",\"@id\":\"https:\/\/paracherkaoui.ma\/#website\",\"url\":\"https:\/\/paracherkaoui.ma\/\",\"name\":\"Paracherkaoui.ma\",\"description\":\"Achetez en ligne sur Paracherkaoui.ma\",\"potentialAction\":[{\"@type\":\"SearchAction\",\"target\":{\"@type\":\"EntryPoint\",\"urlTemplate\":\"https:\/\/paracherkaoui.ma\/?s={search_term_string}\"},\"query-input\":{\"@type\":\"PropertyValueSpecification\",\"valueRequired\":true,\"valueName\":\"search_term_string\"}}],\"inLanguage\":\"fr-FR\"}]}<\/script>\r\n<!-- \/ Yoast SEO plugin. -->","yoast_head_json":{"title":"FORME ET FLAMMES CISEAUX A ONGLES COURBES ACIER INOXYDABLE REF 82 - Paracherkaoui.ma","robots":{"index":"index","follow":"follow","max-snippet":"max-snippet:-1","max-image-preview":"max-image-preview:large","max-video-preview":"max-video-preview:-1"},"canonical":"https:\/\/paracherkaoui.ma\/index.php\/produit\/forme-et-flammes-ciseaux-a-ongles-courbes-acier-inoxydable-ref-82\/","og_locale":"fr_FR","og_type":"article","og_title":"FORME ET FLAMMES CISEAUX A ONGLES COURBES ACIER INOXYDABLE REF 82 - Paracherkaoui.ma","og_description":"La coutellerie Formes et Flammes, reconnue depuis plus de 30 ans dans la fabrication d\u2019articles de soins pour le visage,","og_url":"https:\/\/paracherkaoui.ma\/index.php\/produit\/forme-et-flammes-ciseaux-a-ongles-courbes-acier-inoxydable-ref-82\/","og_site_name":"Paracherkaoui.ma","article_modified_time":"2025-12-12T17:40:36+00:00","og_image":[{"width":700,"height":700,"url":"https:\/\/paracherkaoui.ma\/wp-content\/uploads\/2025\/12\/formes-et-flammes-forme-et-flammes-ciseaux-a-ongles-courbes-acier-inoxydable-ref-82-soins-mains-et-pieds.jpg","type":"image\/jpeg"}],"twitter_card":"summary_large_image","twitter_misc":{"Dur\u00e9e de lecture estim\u00e9e":"1 minute"},"schema":{"@context":"https:\/\/schema.org","@graph":[{"@type":"WebPage","@id":"https:\/\/paracherkaoui.ma\/index.php\/produit\/forme-et-flammes-ciseaux-a-ongles-courbes-acier-inoxydable-ref-82\/","url":"https:\/\/paracherkaoui.ma\/index.php\/produit\/forme-et-flammes-ciseaux-a-ongles-courbes-acier-inoxydable-ref-82\/","name":"FORME ET FLAMMES CISEAUX A ONGLES COURBES ACIER INOXYDABLE REF 82 - Paracherkaoui.ma","isPartOf":{"@id":"https:\/\/paracherkaoui.ma\/#website"},"primaryImageOfPage":{"@id":"https:\/\/paracherkaoui.ma\/index.php\/produit\/forme-et-flammes-ciseaux-a-ongles-courbes-acier-inoxydable-ref-82\/#primaryimage"},"image":{"@id":"https:\/\/paracherkaoui.ma\/index.php\/produit\/forme-et-flammes-ciseaux-a-ongles-courbes-acier-inoxydable-ref-82\/#primaryimage"},"thumbnailUrl":"https:\/\/paracherkaoui.ma\/wp-content\/uploads\/2025\/12\/formes-et-flammes-forme-et-flammes-ciseaux-a-ongles-courbes-acier-inoxydable-ref-82-soins-mains-et-pieds.jpg","datePublished":"2025-12-12T17:40:28+00:00","dateModified":"2025-12-12T17:40:36+00:00","breadcrumb":{"@id":"https:\/\/paracherkaoui.ma\/index.php\/produit\/forme-et-flammes-ciseaux-a-ongles-courbes-acier-inoxydable-ref-82\/#breadcrumb"},"inLanguage":"fr-FR","potentialAction":[{"@type":"ReadAction","target":["https:\/\/paracherkaoui.ma\/index.php\/produit\/forme-et-flammes-ciseaux-a-ongles-courbes-acier-inoxydable-ref-82\/"]}]},{"@type":"ImageObject","inLanguage":"fr-FR","@id":"https:\/\/paracherkaoui.ma\/index.php\/produit\/forme-et-flammes-ciseaux-a-ongles-courbes-acier-inoxydable-ref-82\/#primaryimage","url":"https:\/\/paracherkaoui.ma\/wp-content\/uploads\/2025\/12\/formes-et-flammes-forme-et-flammes-ciseaux-a-ongles-courbes-acier-inoxydable-ref-82-soins-mains-et-pieds.jpg","contentUrl":"https:\/\/paracherkaoui.ma\/wp-content\/uploads\/2025\/12\/formes-et-flammes-forme-et-flammes-ciseaux-a-ongles-courbes-acier-inoxydable-ref-82-soins-mains-et-pieds.jpg","width":700,"height":700},{"@type":"BreadcrumbList","@id":"https:\/\/paracherkaoui.ma\/index.php\/produit\/forme-et-flammes-ciseaux-a-ongles-courbes-acier-inoxydable-ref-82\/#breadcrumb","itemListElement":[{"@type":"ListItem","position":1,"name":"Accueil","item":"https:\/\/paracherkaoui.ma\/"},{"@type":"ListItem","position":2,"name":"Boutique","item":"https:\/\/paracherkaoui.ma\/index.php\/boutique\/"},{"@type":"ListItem","position":3,"name":"FORME ET FLAMMES CISEAUX A ONGLES COURBES ACIER INOXYDABLE REF 82"}]},{"@type":"WebSite","@id":"https:\/\/paracherkaoui.ma\/#website","url":"https:\/\/paracherkaoui.ma\/","name":"Paracherkaoui.ma","description":"Achetez en ligne sur Paracherkaoui.ma","potentialAction":[{"@type":"SearchAction","target":{"@type":"EntryPoint","urlTemplate":"https:\/\/paracherkaoui.ma\/?s={search_term_string}"},"query-input":{"@type":"PropertyValueSpecification","valueRequired":true,"valueName":"search_term_string"}}],"inLanguage":"fr-FR"}]}},"_links":{"self":[{"href":"https:\/\/paracherkaoui.ma\/index.php\/wp-json\/wp\/v2\/product\/33089","targetHints":{"allow":["GET"]}}],"collection":[{"href":"https:\/\/paracherkaoui.ma\/index.php\/wp-json\/wp\/v2\/product"}],"about":[{"href":"https:\/\/paracherkaoui.ma\/index.php\/wp-json\/wp\/v2\/types\/product"}],"replies":[{"embeddable":true,"href":"https:\/\/paracherkaoui.ma\/index.php\/wp-json\/wp\/v2\/comments?post=33089"}],"version-history":[{"count":1,"href":"https:\/\/paracherkaoui.ma\/index.php\/wp-json\/wp\/v2\/product\/33089\/revisions"}],"predecessor-version":[{"id":33134,"href":"https:\/\/paracherkaoui.ma\/index.php\/wp-json\/wp\/v2\/product\/33089\/revisions\/33134"}],"wp:featuredmedia":[{"embeddable":true,"href":"https:\/\/paracherkaoui.ma\/index.php\/wp-json\/wp\/v2\/media\/33133"}],"wp:attachment":[{"href":"https:\/\/paracherkaoui.ma\/index.php\/wp-json\/wp\/v2\/media?parent=33089"}],"wp:term":[{"taxonomy":"product_brand","embeddable":true,"href":"https:\/\/paracherkaoui.ma\/index.php\/wp-json\/wp\/v2\/product_brand?post=33089"},{"taxonomy":"product_cat","embeddable":true,"href":"https:\/\/paracherkaoui.ma\/index.php\/wp-json\/wp\/v2\/product_cat?post=33089"},{"taxonomy":"product_tag","embeddable":true,"href":"https:\/\/paracherkaoui.ma\/index.php\/wp-json\/wp\/v2\/product_tag?post=33089"}],"curies":[{"name":"wp","href":"https:\/\/api.w.org\/{rel}","templated":true}]}}