{"id":32854,"date":"2025-12-12T18:39:50","date_gmt":"2025-12-12T17:39:50","guid":{"rendered":"https:\/\/test.ecbeaute.com\/?post_type=product&#038;p=32854"},"modified":"2025-12-12T18:39:56","modified_gmt":"2025-12-12T17:39:56","slug":"beter-lime-a-ongles-fibre-de-verre","status":"publish","type":"product","link":"https:\/\/paracherkaoui.ma\/index.php\/produit\/beter-lime-a-ongles-fibre-de-verre\/","title":{"rendered":"BETER LIME A ONGLES FIBRE DE VERRE"},"content":{"rendered":"<p>Prenez soin de vos ongles avec la lime \u00e0 ongles en fibre de verre BETER 24962, con\u00e7ue pour offrir un limage pr\u00e9cis et d\u00e9licat. Gr\u00e2ce \u00e0 ses deux faces aux grains diff\u00e9rents (180 et 220), elle permet de fa\u00e7onner, affiner et lisser vos ongles sans les ab\u00eemer.<br \/>\nCette lime est id\u00e9ale pour tous les types d&rsquo;ongles, y compris les ongles naturels, fragiles ou cassants. Sa composition en fibre de verre assure une r\u00e9sistance optimale et une longue dur\u00e9e de vie. Contrairement aux limes classiques, elle permet un limage en douceur, r\u00e9duisant ainsi les risques de d\u00e9doublement ou de casse.<br \/>\nL\u00e9g\u00e8re et maniable, elle se glisse facilement dans votre trousse de manucure pour une retouche rapide et efficace \u00e0 tout moment. Que ce soit pour une mise en forme classique ou une finition ultra-lisse avant l\u2019application d\u2019un vernis, cette lime devient l\u2019alli\u00e9e parfaite de vos ongles.<br \/>\nConseils d\u2019utilisation :<br \/>\nUtilisez le c\u00f4t\u00e9 grain 180 pour donner la forme souhait\u00e9e \u00e0 vos ongles.<br \/>\nPassez ensuite le grain 220 pour lisser la surface et \u00e9viter les irr\u00e9gularit\u00e9s.<br \/>\nLimez toujours dans le m\u00eame sens pour \u00e9viter le d\u00e9doublement des ongles.<\/p>\n","protected":false},"excerpt":{"rendered":"<p>Prenez soin de vos ongles avec la lime \u00e0 ongles en fibre de verre BETER 24962, con\u00e7ue pour offrir un<\/p>\n","protected":false},"featured_media":32900,"comment_status":"open","ping_status":"closed","template":"","meta":[],"product_brand":[400],"product_cat":[599],"product_tag":[],"class_list":{"0":"post-32854","1":"product","2":"type-product","3":"status-publish","4":"has-post-thumbnail","6":"product_brand-beter","7":"product_cat-soins-mains-et-pieds","9":"first","10":"instock","11":"sale","12":"shipping-taxable","13":"purchasable","14":"product-type-simple"},"yoast_head":"<!-- This site is optimized with the Yoast SEO plugin v26.6 - https:\/\/yoast.com\/wordpress\/plugins\/seo\/ -->\r\n<title>BETER LIME A ONGLES FIBRE DE VERRE - Paracherkaoui.ma<\/title>\r\n<meta name=\"robots\" content=\"index, follow, max-snippet:-1, max-image-preview:large, max-video-preview:-1\" \/>\r\n<link rel=\"canonical\" href=\"https:\/\/paracherkaoui.ma\/index.php\/produit\/beter-lime-a-ongles-fibre-de-verre\/\" \/>\r\n<meta property=\"og:locale\" content=\"fr_FR\" \/>\r\n<meta property=\"og:type\" content=\"article\" \/>\r\n<meta property=\"og:title\" content=\"BETER LIME A ONGLES FIBRE DE VERRE - Paracherkaoui.ma\" \/>\r\n<meta property=\"og:description\" content=\"Prenez soin de vos ongles avec la lime \u00e0 ongles en fibre de verre BETER 24962, con\u00e7ue pour offrir un\" \/>\r\n<meta property=\"og:url\" content=\"https:\/\/paracherkaoui.ma\/index.php\/produit\/beter-lime-a-ongles-fibre-de-verre\/\" \/>\r\n<meta property=\"og:site_name\" content=\"Paracherkaoui.ma\" \/>\r\n<meta property=\"article:modified_time\" content=\"2025-12-12T17:39:56+00:00\" \/>\r\n<meta property=\"og:image\" content=\"https:\/\/paracherkaoui.ma\/wp-content\/uploads\/2025\/12\/beter-lime-a-ongles-fibre-de-verre.jpg\" \/>\r\n\t<meta property=\"og:image:width\" content=\"700\" \/>\r\n\t<meta property=\"og:image:height\" content=\"700\" \/>\r\n\t<meta property=\"og:image:type\" content=\"image\/jpeg\" \/>\r\n<meta name=\"twitter:card\" content=\"summary_large_image\" \/>\r\n<meta name=\"twitter:label1\" content=\"Dur\u00e9e de lecture estim\u00e9e\" \/>\n\t<meta name=\"twitter:data1\" content=\"1 minute\" \/>\r\n<script type=\"application\/ld+json\" class=\"yoast-schema-graph\">{\"@context\":\"https:\/\/schema.org\",\"@graph\":[{\"@type\":\"WebPage\",\"@id\":\"https:\/\/paracherkaoui.ma\/index.php\/produit\/beter-lime-a-ongles-fibre-de-verre\/\",\"url\":\"https:\/\/paracherkaoui.ma\/index.php\/produit\/beter-lime-a-ongles-fibre-de-verre\/\",\"name\":\"BETER LIME A ONGLES FIBRE DE VERRE - Paracherkaoui.ma\",\"isPartOf\":{\"@id\":\"https:\/\/paracherkaoui.ma\/#website\"},\"primaryImageOfPage\":{\"@id\":\"https:\/\/paracherkaoui.ma\/index.php\/produit\/beter-lime-a-ongles-fibre-de-verre\/#primaryimage\"},\"image\":{\"@id\":\"https:\/\/paracherkaoui.ma\/index.php\/produit\/beter-lime-a-ongles-fibre-de-verre\/#primaryimage\"},\"thumbnailUrl\":\"https:\/\/paracherkaoui.ma\/wp-content\/uploads\/2025\/12\/beter-lime-a-ongles-fibre-de-verre.jpg\",\"datePublished\":\"2025-12-12T17:39:50+00:00\",\"dateModified\":\"2025-12-12T17:39:56+00:00\",\"breadcrumb\":{\"@id\":\"https:\/\/paracherkaoui.ma\/index.php\/produit\/beter-lime-a-ongles-fibre-de-verre\/#breadcrumb\"},\"inLanguage\":\"fr-FR\",\"potentialAction\":[{\"@type\":\"ReadAction\",\"target\":[\"https:\/\/paracherkaoui.ma\/index.php\/produit\/beter-lime-a-ongles-fibre-de-verre\/\"]}]},{\"@type\":\"ImageObject\",\"inLanguage\":\"fr-FR\",\"@id\":\"https:\/\/paracherkaoui.ma\/index.php\/produit\/beter-lime-a-ongles-fibre-de-verre\/#primaryimage\",\"url\":\"https:\/\/paracherkaoui.ma\/wp-content\/uploads\/2025\/12\/beter-lime-a-ongles-fibre-de-verre.jpg\",\"contentUrl\":\"https:\/\/paracherkaoui.ma\/wp-content\/uploads\/2025\/12\/beter-lime-a-ongles-fibre-de-verre.jpg\",\"width\":700,\"height\":700},{\"@type\":\"BreadcrumbList\",\"@id\":\"https:\/\/paracherkaoui.ma\/index.php\/produit\/beter-lime-a-ongles-fibre-de-verre\/#breadcrumb\",\"itemListElement\":[{\"@type\":\"ListItem\",\"position\":1,\"name\":\"Accueil\",\"item\":\"https:\/\/paracherkaoui.ma\/\"},{\"@type\":\"ListItem\",\"position\":2,\"name\":\"Boutique\",\"item\":\"https:\/\/paracherkaoui.ma\/index.php\/boutique\/\"},{\"@type\":\"ListItem\",\"position\":3,\"name\":\"BETER LIME A ONGLES FIBRE DE VERRE\"}]},{\"@type\":\"WebSite\",\"@id\":\"https:\/\/paracherkaoui.ma\/#website\",\"url\":\"https:\/\/paracherkaoui.ma\/\",\"name\":\"Paracherkaoui.ma\",\"description\":\"Achetez en ligne sur Paracherkaoui.ma\",\"potentialAction\":[{\"@type\":\"SearchAction\",\"target\":{\"@type\":\"EntryPoint\",\"urlTemplate\":\"https:\/\/paracherkaoui.ma\/?s={search_term_string}\"},\"query-input\":{\"@type\":\"PropertyValueSpecification\",\"valueRequired\":true,\"valueName\":\"search_term_string\"}}],\"inLanguage\":\"fr-FR\"}]}<\/script>\r\n<!-- \/ Yoast SEO plugin. -->","yoast_head_json":{"title":"BETER LIME A ONGLES FIBRE DE VERRE - Paracherkaoui.ma","robots":{"index":"index","follow":"follow","max-snippet":"max-snippet:-1","max-image-preview":"max-image-preview:large","max-video-preview":"max-video-preview:-1"},"canonical":"https:\/\/paracherkaoui.ma\/index.php\/produit\/beter-lime-a-ongles-fibre-de-verre\/","og_locale":"fr_FR","og_type":"article","og_title":"BETER LIME A ONGLES FIBRE DE VERRE - Paracherkaoui.ma","og_description":"Prenez soin de vos ongles avec la lime \u00e0 ongles en fibre de verre BETER 24962, con\u00e7ue pour offrir un","og_url":"https:\/\/paracherkaoui.ma\/index.php\/produit\/beter-lime-a-ongles-fibre-de-verre\/","og_site_name":"Paracherkaoui.ma","article_modified_time":"2025-12-12T17:39:56+00:00","og_image":[{"width":700,"height":700,"url":"https:\/\/paracherkaoui.ma\/wp-content\/uploads\/2025\/12\/beter-lime-a-ongles-fibre-de-verre.jpg","type":"image\/jpeg"}],"twitter_card":"summary_large_image","twitter_misc":{"Dur\u00e9e de lecture estim\u00e9e":"1 minute"},"schema":{"@context":"https:\/\/schema.org","@graph":[{"@type":"WebPage","@id":"https:\/\/paracherkaoui.ma\/index.php\/produit\/beter-lime-a-ongles-fibre-de-verre\/","url":"https:\/\/paracherkaoui.ma\/index.php\/produit\/beter-lime-a-ongles-fibre-de-verre\/","name":"BETER LIME A ONGLES FIBRE DE VERRE - Paracherkaoui.ma","isPartOf":{"@id":"https:\/\/paracherkaoui.ma\/#website"},"primaryImageOfPage":{"@id":"https:\/\/paracherkaoui.ma\/index.php\/produit\/beter-lime-a-ongles-fibre-de-verre\/#primaryimage"},"image":{"@id":"https:\/\/paracherkaoui.ma\/index.php\/produit\/beter-lime-a-ongles-fibre-de-verre\/#primaryimage"},"thumbnailUrl":"https:\/\/paracherkaoui.ma\/wp-content\/uploads\/2025\/12\/beter-lime-a-ongles-fibre-de-verre.jpg","datePublished":"2025-12-12T17:39:50+00:00","dateModified":"2025-12-12T17:39:56+00:00","breadcrumb":{"@id":"https:\/\/paracherkaoui.ma\/index.php\/produit\/beter-lime-a-ongles-fibre-de-verre\/#breadcrumb"},"inLanguage":"fr-FR","potentialAction":[{"@type":"ReadAction","target":["https:\/\/paracherkaoui.ma\/index.php\/produit\/beter-lime-a-ongles-fibre-de-verre\/"]}]},{"@type":"ImageObject","inLanguage":"fr-FR","@id":"https:\/\/paracherkaoui.ma\/index.php\/produit\/beter-lime-a-ongles-fibre-de-verre\/#primaryimage","url":"https:\/\/paracherkaoui.ma\/wp-content\/uploads\/2025\/12\/beter-lime-a-ongles-fibre-de-verre.jpg","contentUrl":"https:\/\/paracherkaoui.ma\/wp-content\/uploads\/2025\/12\/beter-lime-a-ongles-fibre-de-verre.jpg","width":700,"height":700},{"@type":"BreadcrumbList","@id":"https:\/\/paracherkaoui.ma\/index.php\/produit\/beter-lime-a-ongles-fibre-de-verre\/#breadcrumb","itemListElement":[{"@type":"ListItem","position":1,"name":"Accueil","item":"https:\/\/paracherkaoui.ma\/"},{"@type":"ListItem","position":2,"name":"Boutique","item":"https:\/\/paracherkaoui.ma\/index.php\/boutique\/"},{"@type":"ListItem","position":3,"name":"BETER LIME A ONGLES FIBRE DE VERRE"}]},{"@type":"WebSite","@id":"https:\/\/paracherkaoui.ma\/#website","url":"https:\/\/paracherkaoui.ma\/","name":"Paracherkaoui.ma","description":"Achetez en ligne sur Paracherkaoui.ma","potentialAction":[{"@type":"SearchAction","target":{"@type":"EntryPoint","urlTemplate":"https:\/\/paracherkaoui.ma\/?s={search_term_string}"},"query-input":{"@type":"PropertyValueSpecification","valueRequired":true,"valueName":"search_term_string"}}],"inLanguage":"fr-FR"}]}},"_links":{"self":[{"href":"https:\/\/paracherkaoui.ma\/index.php\/wp-json\/wp\/v2\/product\/32854","targetHints":{"allow":["GET"]}}],"collection":[{"href":"https:\/\/paracherkaoui.ma\/index.php\/wp-json\/wp\/v2\/product"}],"about":[{"href":"https:\/\/paracherkaoui.ma\/index.php\/wp-json\/wp\/v2\/types\/product"}],"replies":[{"embeddable":true,"href":"https:\/\/paracherkaoui.ma\/index.php\/wp-json\/wp\/v2\/comments?post=32854"}],"version-history":[{"count":1,"href":"https:\/\/paracherkaoui.ma\/index.php\/wp-json\/wp\/v2\/product\/32854\/revisions"}],"predecessor-version":[{"id":32901,"href":"https:\/\/paracherkaoui.ma\/index.php\/wp-json\/wp\/v2\/product\/32854\/revisions\/32901"}],"wp:featuredmedia":[{"embeddable":true,"href":"https:\/\/paracherkaoui.ma\/index.php\/wp-json\/wp\/v2\/media\/32900"}],"wp:attachment":[{"href":"https:\/\/paracherkaoui.ma\/index.php\/wp-json\/wp\/v2\/media?parent=32854"}],"wp:term":[{"taxonomy":"product_brand","embeddable":true,"href":"https:\/\/paracherkaoui.ma\/index.php\/wp-json\/wp\/v2\/product_brand?post=32854"},{"taxonomy":"product_cat","embeddable":true,"href":"https:\/\/paracherkaoui.ma\/index.php\/wp-json\/wp\/v2\/product_cat?post=32854"},{"taxonomy":"product_tag","embeddable":true,"href":"https:\/\/paracherkaoui.ma\/index.php\/wp-json\/wp\/v2\/product_tag?post=32854"}],"curies":[{"name":"wp","href":"https:\/\/api.w.org\/{rel}","templated":true}]}}