{"id":32850,"date":"2025-12-12T18:39:50","date_gmt":"2025-12-12T17:39:50","guid":{"rendered":"https:\/\/test.ecbeaute.com\/?post_type=product&#038;p=32850"},"modified":"2025-12-12T18:39:55","modified_gmt":"2025-12-12T17:39:55","slug":"formes-et-flammes-brossesa-a-ongles-nylon","status":"publish","type":"product","link":"https:\/\/paracherkaoui.ma\/index.php\/produit\/formes-et-flammes-brossesa-a-ongles-nylon\/","title":{"rendered":"FORMES ET FLAMMES BROSSESA A ONGLES NYLON"},"content":{"rendered":"<p>Indiqu\u00e9 pour l&rsquo;hygi\u00e8ne des ongles. Compos\u00e9e d&rsquo;un support bois avec des poils en Nylon. Poss\u00e8de sur ses deux faces des poils de diam\u00e8tre et de tailles diff\u00e9rentes, permettant ainsi de nettoyer parfaitement les ongles et le dessous des ongles sans douleurs.<\/p>\n","protected":false},"excerpt":{"rendered":"<p>Indiqu\u00e9 pour l&rsquo;hygi\u00e8ne des ongles. Compos\u00e9e d&rsquo;un support bois avec des poils en Nylon. Poss\u00e8de sur ses deux faces des<\/p>\n","protected":false},"featured_media":32892,"comment_status":"open","ping_status":"closed","template":"","meta":[],"product_brand":[465],"product_cat":[599],"product_tag":[],"class_list":{"0":"post-32850","1":"product","2":"type-product","3":"status-publish","4":"has-post-thumbnail","6":"product_brand-formes-et-flammes","7":"product_cat-soins-mains-et-pieds","9":"first","10":"instock","11":"sale","12":"shipping-taxable","13":"purchasable","14":"product-type-simple"},"yoast_head":"<!-- This site is optimized with the Yoast SEO plugin v26.6 - https:\/\/yoast.com\/wordpress\/plugins\/seo\/ -->\r\n<title>FORMES ET FLAMMES BROSSESA A ONGLES NYLON - Paracherkaoui.ma<\/title>\r\n<meta name=\"robots\" content=\"index, follow, max-snippet:-1, max-image-preview:large, max-video-preview:-1\" \/>\r\n<link rel=\"canonical\" href=\"https:\/\/paracherkaoui.ma\/index.php\/produit\/formes-et-flammes-brossesa-a-ongles-nylon\/\" \/>\r\n<meta property=\"og:locale\" content=\"fr_FR\" \/>\r\n<meta property=\"og:type\" content=\"article\" \/>\r\n<meta property=\"og:title\" content=\"FORMES ET FLAMMES BROSSESA A ONGLES NYLON - Paracherkaoui.ma\" \/>\r\n<meta property=\"og:description\" content=\"Indiqu\u00e9 pour l&rsquo;hygi\u00e8ne des ongles. Compos\u00e9e d&rsquo;un support bois avec des poils en Nylon. Poss\u00e8de sur ses deux faces des\" \/>\r\n<meta property=\"og:url\" content=\"https:\/\/paracherkaoui.ma\/index.php\/produit\/formes-et-flammes-brossesa-a-ongles-nylon\/\" \/>\r\n<meta property=\"og:site_name\" content=\"Paracherkaoui.ma\" \/>\r\n<meta property=\"article:modified_time\" content=\"2025-12-12T17:39:55+00:00\" \/>\r\n<meta property=\"og:image\" content=\"https:\/\/paracherkaoui.ma\/wp-content\/uploads\/2025\/12\/formes-et-flammes-formes-et-flammes-brossesa-a-ongles-nylon-mains.jpg\" \/>\r\n\t<meta property=\"og:image:width\" content=\"700\" \/>\r\n\t<meta property=\"og:image:height\" content=\"700\" \/>\r\n\t<meta property=\"og:image:type\" content=\"image\/jpeg\" \/>\r\n<meta name=\"twitter:card\" content=\"summary_large_image\" \/>\r\n<script type=\"application\/ld+json\" class=\"yoast-schema-graph\">{\"@context\":\"https:\/\/schema.org\",\"@graph\":[{\"@type\":\"WebPage\",\"@id\":\"https:\/\/paracherkaoui.ma\/index.php\/produit\/formes-et-flammes-brossesa-a-ongles-nylon\/\",\"url\":\"https:\/\/paracherkaoui.ma\/index.php\/produit\/formes-et-flammes-brossesa-a-ongles-nylon\/\",\"name\":\"FORMES ET FLAMMES BROSSESA A ONGLES NYLON - Paracherkaoui.ma\",\"isPartOf\":{\"@id\":\"https:\/\/paracherkaoui.ma\/#website\"},\"primaryImageOfPage\":{\"@id\":\"https:\/\/paracherkaoui.ma\/index.php\/produit\/formes-et-flammes-brossesa-a-ongles-nylon\/#primaryimage\"},\"image\":{\"@id\":\"https:\/\/paracherkaoui.ma\/index.php\/produit\/formes-et-flammes-brossesa-a-ongles-nylon\/#primaryimage\"},\"thumbnailUrl\":\"https:\/\/paracherkaoui.ma\/wp-content\/uploads\/2025\/12\/formes-et-flammes-formes-et-flammes-brossesa-a-ongles-nylon-mains.jpg\",\"datePublished\":\"2025-12-12T17:39:50+00:00\",\"dateModified\":\"2025-12-12T17:39:55+00:00\",\"breadcrumb\":{\"@id\":\"https:\/\/paracherkaoui.ma\/index.php\/produit\/formes-et-flammes-brossesa-a-ongles-nylon\/#breadcrumb\"},\"inLanguage\":\"fr-FR\",\"potentialAction\":[{\"@type\":\"ReadAction\",\"target\":[\"https:\/\/paracherkaoui.ma\/index.php\/produit\/formes-et-flammes-brossesa-a-ongles-nylon\/\"]}]},{\"@type\":\"ImageObject\",\"inLanguage\":\"fr-FR\",\"@id\":\"https:\/\/paracherkaoui.ma\/index.php\/produit\/formes-et-flammes-brossesa-a-ongles-nylon\/#primaryimage\",\"url\":\"https:\/\/paracherkaoui.ma\/wp-content\/uploads\/2025\/12\/formes-et-flammes-formes-et-flammes-brossesa-a-ongles-nylon-mains.jpg\",\"contentUrl\":\"https:\/\/paracherkaoui.ma\/wp-content\/uploads\/2025\/12\/formes-et-flammes-formes-et-flammes-brossesa-a-ongles-nylon-mains.jpg\",\"width\":700,\"height\":700},{\"@type\":\"BreadcrumbList\",\"@id\":\"https:\/\/paracherkaoui.ma\/index.php\/produit\/formes-et-flammes-brossesa-a-ongles-nylon\/#breadcrumb\",\"itemListElement\":[{\"@type\":\"ListItem\",\"position\":1,\"name\":\"Accueil\",\"item\":\"https:\/\/paracherkaoui.ma\/\"},{\"@type\":\"ListItem\",\"position\":2,\"name\":\"Boutique\",\"item\":\"https:\/\/paracherkaoui.ma\/index.php\/boutique\/\"},{\"@type\":\"ListItem\",\"position\":3,\"name\":\"FORMES ET FLAMMES BROSSESA A ONGLES NYLON\"}]},{\"@type\":\"WebSite\",\"@id\":\"https:\/\/paracherkaoui.ma\/#website\",\"url\":\"https:\/\/paracherkaoui.ma\/\",\"name\":\"Paracherkaoui.ma\",\"description\":\"Achetez en ligne sur Paracherkaoui.ma\",\"potentialAction\":[{\"@type\":\"SearchAction\",\"target\":{\"@type\":\"EntryPoint\",\"urlTemplate\":\"https:\/\/paracherkaoui.ma\/?s={search_term_string}\"},\"query-input\":{\"@type\":\"PropertyValueSpecification\",\"valueRequired\":true,\"valueName\":\"search_term_string\"}}],\"inLanguage\":\"fr-FR\"}]}<\/script>\r\n<!-- \/ Yoast SEO plugin. -->","yoast_head_json":{"title":"FORMES ET FLAMMES BROSSESA A ONGLES NYLON - Paracherkaoui.ma","robots":{"index":"index","follow":"follow","max-snippet":"max-snippet:-1","max-image-preview":"max-image-preview:large","max-video-preview":"max-video-preview:-1"},"canonical":"https:\/\/paracherkaoui.ma\/index.php\/produit\/formes-et-flammes-brossesa-a-ongles-nylon\/","og_locale":"fr_FR","og_type":"article","og_title":"FORMES ET FLAMMES BROSSESA A ONGLES NYLON - Paracherkaoui.ma","og_description":"Indiqu\u00e9 pour l&rsquo;hygi\u00e8ne des ongles. Compos\u00e9e d&rsquo;un support bois avec des poils en Nylon. Poss\u00e8de sur ses deux faces des","og_url":"https:\/\/paracherkaoui.ma\/index.php\/produit\/formes-et-flammes-brossesa-a-ongles-nylon\/","og_site_name":"Paracherkaoui.ma","article_modified_time":"2025-12-12T17:39:55+00:00","og_image":[{"width":700,"height":700,"url":"https:\/\/paracherkaoui.ma\/wp-content\/uploads\/2025\/12\/formes-et-flammes-formes-et-flammes-brossesa-a-ongles-nylon-mains.jpg","type":"image\/jpeg"}],"twitter_card":"summary_large_image","schema":{"@context":"https:\/\/schema.org","@graph":[{"@type":"WebPage","@id":"https:\/\/paracherkaoui.ma\/index.php\/produit\/formes-et-flammes-brossesa-a-ongles-nylon\/","url":"https:\/\/paracherkaoui.ma\/index.php\/produit\/formes-et-flammes-brossesa-a-ongles-nylon\/","name":"FORMES ET FLAMMES BROSSESA A ONGLES NYLON - Paracherkaoui.ma","isPartOf":{"@id":"https:\/\/paracherkaoui.ma\/#website"},"primaryImageOfPage":{"@id":"https:\/\/paracherkaoui.ma\/index.php\/produit\/formes-et-flammes-brossesa-a-ongles-nylon\/#primaryimage"},"image":{"@id":"https:\/\/paracherkaoui.ma\/index.php\/produit\/formes-et-flammes-brossesa-a-ongles-nylon\/#primaryimage"},"thumbnailUrl":"https:\/\/paracherkaoui.ma\/wp-content\/uploads\/2025\/12\/formes-et-flammes-formes-et-flammes-brossesa-a-ongles-nylon-mains.jpg","datePublished":"2025-12-12T17:39:50+00:00","dateModified":"2025-12-12T17:39:55+00:00","breadcrumb":{"@id":"https:\/\/paracherkaoui.ma\/index.php\/produit\/formes-et-flammes-brossesa-a-ongles-nylon\/#breadcrumb"},"inLanguage":"fr-FR","potentialAction":[{"@type":"ReadAction","target":["https:\/\/paracherkaoui.ma\/index.php\/produit\/formes-et-flammes-brossesa-a-ongles-nylon\/"]}]},{"@type":"ImageObject","inLanguage":"fr-FR","@id":"https:\/\/paracherkaoui.ma\/index.php\/produit\/formes-et-flammes-brossesa-a-ongles-nylon\/#primaryimage","url":"https:\/\/paracherkaoui.ma\/wp-content\/uploads\/2025\/12\/formes-et-flammes-formes-et-flammes-brossesa-a-ongles-nylon-mains.jpg","contentUrl":"https:\/\/paracherkaoui.ma\/wp-content\/uploads\/2025\/12\/formes-et-flammes-formes-et-flammes-brossesa-a-ongles-nylon-mains.jpg","width":700,"height":700},{"@type":"BreadcrumbList","@id":"https:\/\/paracherkaoui.ma\/index.php\/produit\/formes-et-flammes-brossesa-a-ongles-nylon\/#breadcrumb","itemListElement":[{"@type":"ListItem","position":1,"name":"Accueil","item":"https:\/\/paracherkaoui.ma\/"},{"@type":"ListItem","position":2,"name":"Boutique","item":"https:\/\/paracherkaoui.ma\/index.php\/boutique\/"},{"@type":"ListItem","position":3,"name":"FORMES ET FLAMMES BROSSESA A ONGLES NYLON"}]},{"@type":"WebSite","@id":"https:\/\/paracherkaoui.ma\/#website","url":"https:\/\/paracherkaoui.ma\/","name":"Paracherkaoui.ma","description":"Achetez en ligne sur Paracherkaoui.ma","potentialAction":[{"@type":"SearchAction","target":{"@type":"EntryPoint","urlTemplate":"https:\/\/paracherkaoui.ma\/?s={search_term_string}"},"query-input":{"@type":"PropertyValueSpecification","valueRequired":true,"valueName":"search_term_string"}}],"inLanguage":"fr-FR"}]}},"_links":{"self":[{"href":"https:\/\/paracherkaoui.ma\/index.php\/wp-json\/wp\/v2\/product\/32850","targetHints":{"allow":["GET"]}}],"collection":[{"href":"https:\/\/paracherkaoui.ma\/index.php\/wp-json\/wp\/v2\/product"}],"about":[{"href":"https:\/\/paracherkaoui.ma\/index.php\/wp-json\/wp\/v2\/types\/product"}],"replies":[{"embeddable":true,"href":"https:\/\/paracherkaoui.ma\/index.php\/wp-json\/wp\/v2\/comments?post=32850"}],"version-history":[{"count":1,"href":"https:\/\/paracherkaoui.ma\/index.php\/wp-json\/wp\/v2\/product\/32850\/revisions"}],"predecessor-version":[{"id":32893,"href":"https:\/\/paracherkaoui.ma\/index.php\/wp-json\/wp\/v2\/product\/32850\/revisions\/32893"}],"wp:featuredmedia":[{"embeddable":true,"href":"https:\/\/paracherkaoui.ma\/index.php\/wp-json\/wp\/v2\/media\/32892"}],"wp:attachment":[{"href":"https:\/\/paracherkaoui.ma\/index.php\/wp-json\/wp\/v2\/media?parent=32850"}],"wp:term":[{"taxonomy":"product_brand","embeddable":true,"href":"https:\/\/paracherkaoui.ma\/index.php\/wp-json\/wp\/v2\/product_brand?post=32850"},{"taxonomy":"product_cat","embeddable":true,"href":"https:\/\/paracherkaoui.ma\/index.php\/wp-json\/wp\/v2\/product_cat?post=32850"},{"taxonomy":"product_tag","embeddable":true,"href":"https:\/\/paracherkaoui.ma\/index.php\/wp-json\/wp\/v2\/product_tag?post=32850"}],"curies":[{"name":"wp","href":"https:\/\/api.w.org\/{rel}","templated":true}]}}