{"id":32769,"date":"2025-12-12T18:39:42","date_gmt":"2025-12-12T17:39:42","guid":{"rendered":"https:\/\/test.ecbeaute.com\/?post_type=product&#038;p=32769"},"modified":"2025-12-12T18:39:46","modified_gmt":"2025-12-12T17:39:46","slug":"beter-set-manicure-et-pedicure","status":"publish","type":"product","link":"https:\/\/paracherkaoui.ma\/index.php\/produit\/beter-set-manicure-et-pedicure\/","title":{"rendered":"BETER SET MANICURE ET PEDICURE"},"content":{"rendered":"<p>Offrez-vous un soin digne d&rsquo;un professionnel dans le confort de votre foyer avec le set de manucure et p\u00e9dicure BETER. Cet ensemble complet regroupe tous les accessoires indispensables pour des ongles impeccables, des mains douces et des pieds soign\u00e9s, que vous soyez \u00e0 la maison ou en d\u00e9placement.<br \/>\nImaginez des ongles lim\u00e9s avec pr\u00e9cision, des cuticules impeccables, des callosit\u00e9s \u00e9limin\u00e9es et une peau douce et soyeuse. Le set BETER comprend<br \/>\n-Une lime \u00e0 ongles en fibre de verre de haute qualit\u00e9<br \/>\n-Des b\u00e2tons d&rsquo;orange pour repousser les cuticules,<br \/>\n-Ciseaux de manucure pour une coupe pr\u00e9cise<br \/>\n-Un coupe-cuticules en acier inoxydable pour un entretien parfait<br \/>\n-Une brosse \u00e0 ongles pour un nettoyage en profondeur<br \/>\n-Un coupe-ongles avec r\u00e9servoir pour une coupe nette<br \/>\n-Une lime p\u00e9dicure pour \u00e9liminer les callosit\u00e9s en douceur.<br \/>\nChaque accessoire est con\u00e7u avec soin et fabriqu\u00e9 \u00e0 partir de mat\u00e9riaux de qualit\u00e9, garantissant une utilisation durable et efficace. Le set BETER est le compagnon id\u00e9al pour prendre soin de vos mains et de vos pieds au quotidien, vous offrant un r\u00e9sultat professionnel \u00e0 chaque utilisation.<\/p>\n","protected":false},"excerpt":{"rendered":"<p>Offrez-vous un soin digne d&rsquo;un professionnel dans le confort de votre foyer avec le set de manucure et p\u00e9dicure BETER.<\/p>\n","protected":false},"featured_media":32817,"comment_status":"open","ping_status":"closed","template":"","meta":[],"product_brand":[400],"product_cat":[599],"product_tag":[],"class_list":{"0":"post-32769","1":"product","2":"type-product","3":"status-publish","4":"has-post-thumbnail","6":"product_brand-beter","7":"product_cat-soins-mains-et-pieds","9":"first","10":"instock","11":"sale","12":"shipping-taxable","13":"purchasable","14":"product-type-simple"},"yoast_head":"<!-- This site is optimized with the Yoast SEO plugin v26.6 - https:\/\/yoast.com\/wordpress\/plugins\/seo\/ -->\r\n<title>BETER SET MANICURE ET PEDICURE - Paracherkaoui.ma<\/title>\r\n<meta name=\"robots\" content=\"index, follow, max-snippet:-1, max-image-preview:large, max-video-preview:-1\" \/>\r\n<link rel=\"canonical\" href=\"https:\/\/paracherkaoui.ma\/index.php\/produit\/beter-set-manicure-et-pedicure\/\" \/>\r\n<meta property=\"og:locale\" content=\"fr_FR\" \/>\r\n<meta property=\"og:type\" content=\"article\" \/>\r\n<meta property=\"og:title\" content=\"BETER SET MANICURE ET PEDICURE - Paracherkaoui.ma\" \/>\r\n<meta property=\"og:description\" content=\"Offrez-vous un soin digne d&rsquo;un professionnel dans le confort de votre foyer avec le set de manucure et p\u00e9dicure BETER.\" \/>\r\n<meta property=\"og:url\" content=\"https:\/\/paracherkaoui.ma\/index.php\/produit\/beter-set-manicure-et-pedicure\/\" \/>\r\n<meta property=\"og:site_name\" content=\"Paracherkaoui.ma\" \/>\r\n<meta property=\"article:modified_time\" content=\"2025-12-12T17:39:46+00:00\" \/>\r\n<meta property=\"og:image\" content=\"https:\/\/paracherkaoui.ma\/wp-content\/uploads\/2025\/12\/beter-set-manicure-et-pedicure.jpg\" \/>\r\n\t<meta property=\"og:image:width\" content=\"700\" \/>\r\n\t<meta property=\"og:image:height\" content=\"700\" \/>\r\n\t<meta property=\"og:image:type\" content=\"image\/jpeg\" \/>\r\n<meta name=\"twitter:card\" content=\"summary_large_image\" \/>\r\n<meta name=\"twitter:label1\" content=\"Dur\u00e9e de lecture estim\u00e9e\" \/>\n\t<meta name=\"twitter:data1\" content=\"1 minute\" \/>\r\n<script type=\"application\/ld+json\" class=\"yoast-schema-graph\">{\"@context\":\"https:\/\/schema.org\",\"@graph\":[{\"@type\":\"WebPage\",\"@id\":\"https:\/\/paracherkaoui.ma\/index.php\/produit\/beter-set-manicure-et-pedicure\/\",\"url\":\"https:\/\/paracherkaoui.ma\/index.php\/produit\/beter-set-manicure-et-pedicure\/\",\"name\":\"BETER SET MANICURE ET PEDICURE - Paracherkaoui.ma\",\"isPartOf\":{\"@id\":\"https:\/\/paracherkaoui.ma\/#website\"},\"primaryImageOfPage\":{\"@id\":\"https:\/\/paracherkaoui.ma\/index.php\/produit\/beter-set-manicure-et-pedicure\/#primaryimage\"},\"image\":{\"@id\":\"https:\/\/paracherkaoui.ma\/index.php\/produit\/beter-set-manicure-et-pedicure\/#primaryimage\"},\"thumbnailUrl\":\"https:\/\/paracherkaoui.ma\/wp-content\/uploads\/2025\/12\/beter-set-manicure-et-pedicure.jpg\",\"datePublished\":\"2025-12-12T17:39:42+00:00\",\"dateModified\":\"2025-12-12T17:39:46+00:00\",\"breadcrumb\":{\"@id\":\"https:\/\/paracherkaoui.ma\/index.php\/produit\/beter-set-manicure-et-pedicure\/#breadcrumb\"},\"inLanguage\":\"fr-FR\",\"potentialAction\":[{\"@type\":\"ReadAction\",\"target\":[\"https:\/\/paracherkaoui.ma\/index.php\/produit\/beter-set-manicure-et-pedicure\/\"]}]},{\"@type\":\"ImageObject\",\"inLanguage\":\"fr-FR\",\"@id\":\"https:\/\/paracherkaoui.ma\/index.php\/produit\/beter-set-manicure-et-pedicure\/#primaryimage\",\"url\":\"https:\/\/paracherkaoui.ma\/wp-content\/uploads\/2025\/12\/beter-set-manicure-et-pedicure.jpg\",\"contentUrl\":\"https:\/\/paracherkaoui.ma\/wp-content\/uploads\/2025\/12\/beter-set-manicure-et-pedicure.jpg\",\"width\":700,\"height\":700},{\"@type\":\"BreadcrumbList\",\"@id\":\"https:\/\/paracherkaoui.ma\/index.php\/produit\/beter-set-manicure-et-pedicure\/#breadcrumb\",\"itemListElement\":[{\"@type\":\"ListItem\",\"position\":1,\"name\":\"Accueil\",\"item\":\"https:\/\/paracherkaoui.ma\/\"},{\"@type\":\"ListItem\",\"position\":2,\"name\":\"Boutique\",\"item\":\"https:\/\/paracherkaoui.ma\/index.php\/boutique\/\"},{\"@type\":\"ListItem\",\"position\":3,\"name\":\"BETER SET MANICURE ET PEDICURE\"}]},{\"@type\":\"WebSite\",\"@id\":\"https:\/\/paracherkaoui.ma\/#website\",\"url\":\"https:\/\/paracherkaoui.ma\/\",\"name\":\"Paracherkaoui.ma\",\"description\":\"Achetez en ligne sur Paracherkaoui.ma\",\"potentialAction\":[{\"@type\":\"SearchAction\",\"target\":{\"@type\":\"EntryPoint\",\"urlTemplate\":\"https:\/\/paracherkaoui.ma\/?s={search_term_string}\"},\"query-input\":{\"@type\":\"PropertyValueSpecification\",\"valueRequired\":true,\"valueName\":\"search_term_string\"}}],\"inLanguage\":\"fr-FR\"}]}<\/script>\r\n<!-- \/ Yoast SEO plugin. -->","yoast_head_json":{"title":"BETER SET MANICURE ET PEDICURE - Paracherkaoui.ma","robots":{"index":"index","follow":"follow","max-snippet":"max-snippet:-1","max-image-preview":"max-image-preview:large","max-video-preview":"max-video-preview:-1"},"canonical":"https:\/\/paracherkaoui.ma\/index.php\/produit\/beter-set-manicure-et-pedicure\/","og_locale":"fr_FR","og_type":"article","og_title":"BETER SET MANICURE ET PEDICURE - Paracherkaoui.ma","og_description":"Offrez-vous un soin digne d&rsquo;un professionnel dans le confort de votre foyer avec le set de manucure et p\u00e9dicure BETER.","og_url":"https:\/\/paracherkaoui.ma\/index.php\/produit\/beter-set-manicure-et-pedicure\/","og_site_name":"Paracherkaoui.ma","article_modified_time":"2025-12-12T17:39:46+00:00","og_image":[{"width":700,"height":700,"url":"https:\/\/paracherkaoui.ma\/wp-content\/uploads\/2025\/12\/beter-set-manicure-et-pedicure.jpg","type":"image\/jpeg"}],"twitter_card":"summary_large_image","twitter_misc":{"Dur\u00e9e de lecture estim\u00e9e":"1 minute"},"schema":{"@context":"https:\/\/schema.org","@graph":[{"@type":"WebPage","@id":"https:\/\/paracherkaoui.ma\/index.php\/produit\/beter-set-manicure-et-pedicure\/","url":"https:\/\/paracherkaoui.ma\/index.php\/produit\/beter-set-manicure-et-pedicure\/","name":"BETER SET MANICURE ET PEDICURE - Paracherkaoui.ma","isPartOf":{"@id":"https:\/\/paracherkaoui.ma\/#website"},"primaryImageOfPage":{"@id":"https:\/\/paracherkaoui.ma\/index.php\/produit\/beter-set-manicure-et-pedicure\/#primaryimage"},"image":{"@id":"https:\/\/paracherkaoui.ma\/index.php\/produit\/beter-set-manicure-et-pedicure\/#primaryimage"},"thumbnailUrl":"https:\/\/paracherkaoui.ma\/wp-content\/uploads\/2025\/12\/beter-set-manicure-et-pedicure.jpg","datePublished":"2025-12-12T17:39:42+00:00","dateModified":"2025-12-12T17:39:46+00:00","breadcrumb":{"@id":"https:\/\/paracherkaoui.ma\/index.php\/produit\/beter-set-manicure-et-pedicure\/#breadcrumb"},"inLanguage":"fr-FR","potentialAction":[{"@type":"ReadAction","target":["https:\/\/paracherkaoui.ma\/index.php\/produit\/beter-set-manicure-et-pedicure\/"]}]},{"@type":"ImageObject","inLanguage":"fr-FR","@id":"https:\/\/paracherkaoui.ma\/index.php\/produit\/beter-set-manicure-et-pedicure\/#primaryimage","url":"https:\/\/paracherkaoui.ma\/wp-content\/uploads\/2025\/12\/beter-set-manicure-et-pedicure.jpg","contentUrl":"https:\/\/paracherkaoui.ma\/wp-content\/uploads\/2025\/12\/beter-set-manicure-et-pedicure.jpg","width":700,"height":700},{"@type":"BreadcrumbList","@id":"https:\/\/paracherkaoui.ma\/index.php\/produit\/beter-set-manicure-et-pedicure\/#breadcrumb","itemListElement":[{"@type":"ListItem","position":1,"name":"Accueil","item":"https:\/\/paracherkaoui.ma\/"},{"@type":"ListItem","position":2,"name":"Boutique","item":"https:\/\/paracherkaoui.ma\/index.php\/boutique\/"},{"@type":"ListItem","position":3,"name":"BETER SET MANICURE ET PEDICURE"}]},{"@type":"WebSite","@id":"https:\/\/paracherkaoui.ma\/#website","url":"https:\/\/paracherkaoui.ma\/","name":"Paracherkaoui.ma","description":"Achetez en ligne sur Paracherkaoui.ma","potentialAction":[{"@type":"SearchAction","target":{"@type":"EntryPoint","urlTemplate":"https:\/\/paracherkaoui.ma\/?s={search_term_string}"},"query-input":{"@type":"PropertyValueSpecification","valueRequired":true,"valueName":"search_term_string"}}],"inLanguage":"fr-FR"}]}},"_links":{"self":[{"href":"https:\/\/paracherkaoui.ma\/index.php\/wp-json\/wp\/v2\/product\/32769","targetHints":{"allow":["GET"]}}],"collection":[{"href":"https:\/\/paracherkaoui.ma\/index.php\/wp-json\/wp\/v2\/product"}],"about":[{"href":"https:\/\/paracherkaoui.ma\/index.php\/wp-json\/wp\/v2\/types\/product"}],"replies":[{"embeddable":true,"href":"https:\/\/paracherkaoui.ma\/index.php\/wp-json\/wp\/v2\/comments?post=32769"}],"version-history":[{"count":1,"href":"https:\/\/paracherkaoui.ma\/index.php\/wp-json\/wp\/v2\/product\/32769\/revisions"}],"predecessor-version":[{"id":32818,"href":"https:\/\/paracherkaoui.ma\/index.php\/wp-json\/wp\/v2\/product\/32769\/revisions\/32818"}],"wp:featuredmedia":[{"embeddable":true,"href":"https:\/\/paracherkaoui.ma\/index.php\/wp-json\/wp\/v2\/media\/32817"}],"wp:attachment":[{"href":"https:\/\/paracherkaoui.ma\/index.php\/wp-json\/wp\/v2\/media?parent=32769"}],"wp:term":[{"taxonomy":"product_brand","embeddable":true,"href":"https:\/\/paracherkaoui.ma\/index.php\/wp-json\/wp\/v2\/product_brand?post=32769"},{"taxonomy":"product_cat","embeddable":true,"href":"https:\/\/paracherkaoui.ma\/index.php\/wp-json\/wp\/v2\/product_cat?post=32769"},{"taxonomy":"product_tag","embeddable":true,"href":"https:\/\/paracherkaoui.ma\/index.php\/wp-json\/wp\/v2\/product_tag?post=32769"}],"curies":[{"name":"wp","href":"https:\/\/api.w.org\/{rel}","templated":true}]}}