{"id":32450,"date":"2025-12-12T18:38:25","date_gmt":"2025-12-12T17:38:25","guid":{"rendered":"https:\/\/test.ecbeaute.com\/?post_type=product&#038;p=32450"},"modified":"2025-12-12T18:38:31","modified_gmt":"2025-12-12T17:38:31","slug":"nuxe-very-rose-creme-mains-et-ongles-50ml","status":"publish","type":"product","link":"https:\/\/paracherkaoui.ma\/index.php\/produit\/nuxe-very-rose-creme-mains-et-ongles-50ml\/","title":{"rendered":"NUXE VERY ROSE CREME MAINS ET ONGLES 50ML"},"content":{"rendered":"<p>Laissez-vous s\u00e9duire par sa texture fondante qui p\u00e9n\u00e8tre rapidement et parfume d\u00e9licatement votre peau d&rsquo;une subtile et enivrante fragrance de rose.<br \/>\nLa CR\u00c8ME MAINS ET ONGLES NUXE VERY ROSE est bien plus qu&rsquo;un simple soin hydratant. Elle est une v\u00e9ritable source de r\u00e9confort pour vos mains malmen\u00e9es au quotidien. L&rsquo;Extrait Huileux de Rose, aux propri\u00e9t\u00e9s apaisantes et adoucissantes, calme les sensations d&rsquo;inconfort et procure une agr\u00e9able sensation de bien-\u00eatre. Sa formule riche et nourrissante hydrate en profondeur, restaurant la souplesse et la douceur de la peau. Vos ongles sont \u00e9galement choy\u00e9s et prot\u00e9g\u00e9s, devenant plus forts et moins cassants. Pour 100% des femmes, leurs mains sont apais\u00e9es et hydrat\u00e9es, tandis que 95%(1) ressentent une v\u00e9ritable protection contre les agressions ext\u00e9rieures. Faites de ce soin un geste quotidien de beaut\u00e9 et de bien-\u00eatre pour des mains visiblement plus douces, plus lisses et d\u00e9licatement parfum\u00e9es.<br \/>\nSuccombez \u00e0 la tendresse de la rose avec la NUXE VERY ROSE CR\u00c8ME MAINS ET ONGLES. Sa formule enrichie en Extrait Huileux de Rose apaise, hydrate et prot\u00e8ge vos mains des agressions ext\u00e9rieures sans laisser de film gras. Sa texture fondante p\u00e9n\u00e8tre rapidement, laissant vos mains douces, lisses et d\u00e9licatement parfum\u00e9es d&rsquo;une subtile fragrance florale. Un v\u00e9ritable plaisir pour vos sens et un soin essentiel pour la beaut\u00e9 de vos mains.<br \/>\nConseils d&rsquo;utilisation :<br \/>\nApplication : Appliquez une petite quantit\u00e9 de cr\u00e8me sur vos mains propres et s\u00e8ches.<br \/>\nMasser : Massez d\u00e9licatement vos mains en insistant sur les zones s\u00e8ches et les cuticules jusqu&rsquo;\u00e0 absorption compl\u00e8te de la cr\u00e8me.<br \/>\nFr\u00e9quence : Utilisez aussi souvent que n\u00e9cessaire au cours de la journ\u00e9e<br \/>\nComposition :<br \/>\nAQUA\/WATER, CAPRYLIC\/CAPRIC TRIGLYCERIDE, PROPANEDIOL, BEHENYL ALCOHOL, GLYCERIN, POLYGLYCERYL-6 DISTEARATE, PARFUM\/FRAGRANCE, HELIANTHUS ANNUUS (SUNFLOWER) SEED OIL, BENZYL ALCOHOL, GLYCERYL CAPRYLATE, XANTHAN GUM, SODIUM STEAROYL GLUTAMATE, DEHYDROACETIC ACID, SODIUM GLUCONATE, ALOE BARBADENSIS LEAF JUICE POWDER, TOCOPHEROL, CITRIC ACID, ROSA CENTIFOLIA FLOWER EXTRACT.<\/p>\n","protected":false},"excerpt":{"rendered":"<p>Laissez-vous s\u00e9duire par sa texture fondante qui p\u00e9n\u00e8tre rapidement et parfume d\u00e9licatement votre peau d&rsquo;une subtile et enivrante fragrance de<\/p>\n","protected":false},"featured_media":32487,"comment_status":"open","ping_status":"closed","template":"","meta":[],"product_brand":[230],"product_cat":[599],"product_tag":[],"class_list":{"0":"post-32450","1":"product","2":"type-product","3":"status-publish","4":"has-post-thumbnail","6":"product_brand-nuxe","7":"product_cat-soins-mains-et-pieds","9":"first","10":"instock","11":"sale","12":"shipping-taxable","13":"purchasable","14":"product-type-simple"},"yoast_head":"<!-- This site is optimized with the Yoast SEO plugin v26.6 - https:\/\/yoast.com\/wordpress\/plugins\/seo\/ -->\r\n<title>NUXE VERY ROSE CREME MAINS ET ONGLES 50ML - Paracherkaoui.ma<\/title>\r\n<meta name=\"robots\" content=\"index, follow, max-snippet:-1, max-image-preview:large, max-video-preview:-1\" \/>\r\n<link rel=\"canonical\" href=\"https:\/\/paracherkaoui.ma\/index.php\/produit\/nuxe-very-rose-creme-mains-et-ongles-50ml\/\" \/>\r\n<meta property=\"og:locale\" content=\"fr_FR\" \/>\r\n<meta property=\"og:type\" content=\"article\" \/>\r\n<meta property=\"og:title\" content=\"NUXE VERY ROSE CREME MAINS ET ONGLES 50ML - Paracherkaoui.ma\" \/>\r\n<meta property=\"og:description\" content=\"Laissez-vous s\u00e9duire par sa texture fondante qui p\u00e9n\u00e8tre rapidement et parfume d\u00e9licatement votre peau d&rsquo;une subtile et enivrante fragrance de\" \/>\r\n<meta property=\"og:url\" content=\"https:\/\/paracherkaoui.ma\/index.php\/produit\/nuxe-very-rose-creme-mains-et-ongles-50ml\/\" \/>\r\n<meta property=\"og:site_name\" content=\"Paracherkaoui.ma\" \/>\r\n<meta property=\"article:modified_time\" content=\"2025-12-12T17:38:31+00:00\" \/>\r\n<meta property=\"og:image\" content=\"https:\/\/paracherkaoui.ma\/wp-content\/uploads\/2025\/12\/nuxe-nuxe-very-rose-creme-mains-et-ongles-50ml-soins-mains-et-pieds.jpg\" \/>\r\n\t<meta property=\"og:image:width\" content=\"700\" \/>\r\n\t<meta property=\"og:image:height\" content=\"700\" \/>\r\n\t<meta property=\"og:image:type\" content=\"image\/jpeg\" \/>\r\n<meta name=\"twitter:card\" content=\"summary_large_image\" \/>\r\n<meta name=\"twitter:label1\" content=\"Dur\u00e9e de lecture estim\u00e9e\" \/>\n\t<meta name=\"twitter:data1\" content=\"2 minutes\" \/>\r\n<script type=\"application\/ld+json\" class=\"yoast-schema-graph\">{\"@context\":\"https:\/\/schema.org\",\"@graph\":[{\"@type\":\"WebPage\",\"@id\":\"https:\/\/paracherkaoui.ma\/index.php\/produit\/nuxe-very-rose-creme-mains-et-ongles-50ml\/\",\"url\":\"https:\/\/paracherkaoui.ma\/index.php\/produit\/nuxe-very-rose-creme-mains-et-ongles-50ml\/\",\"name\":\"NUXE VERY ROSE CREME MAINS ET ONGLES 50ML - Paracherkaoui.ma\",\"isPartOf\":{\"@id\":\"https:\/\/paracherkaoui.ma\/#website\"},\"primaryImageOfPage\":{\"@id\":\"https:\/\/paracherkaoui.ma\/index.php\/produit\/nuxe-very-rose-creme-mains-et-ongles-50ml\/#primaryimage\"},\"image\":{\"@id\":\"https:\/\/paracherkaoui.ma\/index.php\/produit\/nuxe-very-rose-creme-mains-et-ongles-50ml\/#primaryimage\"},\"thumbnailUrl\":\"https:\/\/paracherkaoui.ma\/wp-content\/uploads\/2025\/12\/nuxe-nuxe-very-rose-creme-mains-et-ongles-50ml-soins-mains-et-pieds.jpg\",\"datePublished\":\"2025-12-12T17:38:25+00:00\",\"dateModified\":\"2025-12-12T17:38:31+00:00\",\"breadcrumb\":{\"@id\":\"https:\/\/paracherkaoui.ma\/index.php\/produit\/nuxe-very-rose-creme-mains-et-ongles-50ml\/#breadcrumb\"},\"inLanguage\":\"fr-FR\",\"potentialAction\":[{\"@type\":\"ReadAction\",\"target\":[\"https:\/\/paracherkaoui.ma\/index.php\/produit\/nuxe-very-rose-creme-mains-et-ongles-50ml\/\"]}]},{\"@type\":\"ImageObject\",\"inLanguage\":\"fr-FR\",\"@id\":\"https:\/\/paracherkaoui.ma\/index.php\/produit\/nuxe-very-rose-creme-mains-et-ongles-50ml\/#primaryimage\",\"url\":\"https:\/\/paracherkaoui.ma\/wp-content\/uploads\/2025\/12\/nuxe-nuxe-very-rose-creme-mains-et-ongles-50ml-soins-mains-et-pieds.jpg\",\"contentUrl\":\"https:\/\/paracherkaoui.ma\/wp-content\/uploads\/2025\/12\/nuxe-nuxe-very-rose-creme-mains-et-ongles-50ml-soins-mains-et-pieds.jpg\",\"width\":700,\"height\":700},{\"@type\":\"BreadcrumbList\",\"@id\":\"https:\/\/paracherkaoui.ma\/index.php\/produit\/nuxe-very-rose-creme-mains-et-ongles-50ml\/#breadcrumb\",\"itemListElement\":[{\"@type\":\"ListItem\",\"position\":1,\"name\":\"Accueil\",\"item\":\"https:\/\/paracherkaoui.ma\/\"},{\"@type\":\"ListItem\",\"position\":2,\"name\":\"Boutique\",\"item\":\"https:\/\/paracherkaoui.ma\/index.php\/boutique\/\"},{\"@type\":\"ListItem\",\"position\":3,\"name\":\"NUXE VERY ROSE CREME MAINS ET ONGLES 50ML\"}]},{\"@type\":\"WebSite\",\"@id\":\"https:\/\/paracherkaoui.ma\/#website\",\"url\":\"https:\/\/paracherkaoui.ma\/\",\"name\":\"Paracherkaoui.ma\",\"description\":\"Achetez en ligne sur Paracherkaoui.ma\",\"potentialAction\":[{\"@type\":\"SearchAction\",\"target\":{\"@type\":\"EntryPoint\",\"urlTemplate\":\"https:\/\/paracherkaoui.ma\/?s={search_term_string}\"},\"query-input\":{\"@type\":\"PropertyValueSpecification\",\"valueRequired\":true,\"valueName\":\"search_term_string\"}}],\"inLanguage\":\"fr-FR\"}]}<\/script>\r\n<!-- \/ Yoast SEO plugin. -->","yoast_head_json":{"title":"NUXE VERY ROSE CREME MAINS ET ONGLES 50ML - Paracherkaoui.ma","robots":{"index":"index","follow":"follow","max-snippet":"max-snippet:-1","max-image-preview":"max-image-preview:large","max-video-preview":"max-video-preview:-1"},"canonical":"https:\/\/paracherkaoui.ma\/index.php\/produit\/nuxe-very-rose-creme-mains-et-ongles-50ml\/","og_locale":"fr_FR","og_type":"article","og_title":"NUXE VERY ROSE CREME MAINS ET ONGLES 50ML - Paracherkaoui.ma","og_description":"Laissez-vous s\u00e9duire par sa texture fondante qui p\u00e9n\u00e8tre rapidement et parfume d\u00e9licatement votre peau d&rsquo;une subtile et enivrante fragrance de","og_url":"https:\/\/paracherkaoui.ma\/index.php\/produit\/nuxe-very-rose-creme-mains-et-ongles-50ml\/","og_site_name":"Paracherkaoui.ma","article_modified_time":"2025-12-12T17:38:31+00:00","og_image":[{"width":700,"height":700,"url":"https:\/\/paracherkaoui.ma\/wp-content\/uploads\/2025\/12\/nuxe-nuxe-very-rose-creme-mains-et-ongles-50ml-soins-mains-et-pieds.jpg","type":"image\/jpeg"}],"twitter_card":"summary_large_image","twitter_misc":{"Dur\u00e9e de lecture estim\u00e9e":"2 minutes"},"schema":{"@context":"https:\/\/schema.org","@graph":[{"@type":"WebPage","@id":"https:\/\/paracherkaoui.ma\/index.php\/produit\/nuxe-very-rose-creme-mains-et-ongles-50ml\/","url":"https:\/\/paracherkaoui.ma\/index.php\/produit\/nuxe-very-rose-creme-mains-et-ongles-50ml\/","name":"NUXE VERY ROSE CREME MAINS ET ONGLES 50ML - Paracherkaoui.ma","isPartOf":{"@id":"https:\/\/paracherkaoui.ma\/#website"},"primaryImageOfPage":{"@id":"https:\/\/paracherkaoui.ma\/index.php\/produit\/nuxe-very-rose-creme-mains-et-ongles-50ml\/#primaryimage"},"image":{"@id":"https:\/\/paracherkaoui.ma\/index.php\/produit\/nuxe-very-rose-creme-mains-et-ongles-50ml\/#primaryimage"},"thumbnailUrl":"https:\/\/paracherkaoui.ma\/wp-content\/uploads\/2025\/12\/nuxe-nuxe-very-rose-creme-mains-et-ongles-50ml-soins-mains-et-pieds.jpg","datePublished":"2025-12-12T17:38:25+00:00","dateModified":"2025-12-12T17:38:31+00:00","breadcrumb":{"@id":"https:\/\/paracherkaoui.ma\/index.php\/produit\/nuxe-very-rose-creme-mains-et-ongles-50ml\/#breadcrumb"},"inLanguage":"fr-FR","potentialAction":[{"@type":"ReadAction","target":["https:\/\/paracherkaoui.ma\/index.php\/produit\/nuxe-very-rose-creme-mains-et-ongles-50ml\/"]}]},{"@type":"ImageObject","inLanguage":"fr-FR","@id":"https:\/\/paracherkaoui.ma\/index.php\/produit\/nuxe-very-rose-creme-mains-et-ongles-50ml\/#primaryimage","url":"https:\/\/paracherkaoui.ma\/wp-content\/uploads\/2025\/12\/nuxe-nuxe-very-rose-creme-mains-et-ongles-50ml-soins-mains-et-pieds.jpg","contentUrl":"https:\/\/paracherkaoui.ma\/wp-content\/uploads\/2025\/12\/nuxe-nuxe-very-rose-creme-mains-et-ongles-50ml-soins-mains-et-pieds.jpg","width":700,"height":700},{"@type":"BreadcrumbList","@id":"https:\/\/paracherkaoui.ma\/index.php\/produit\/nuxe-very-rose-creme-mains-et-ongles-50ml\/#breadcrumb","itemListElement":[{"@type":"ListItem","position":1,"name":"Accueil","item":"https:\/\/paracherkaoui.ma\/"},{"@type":"ListItem","position":2,"name":"Boutique","item":"https:\/\/paracherkaoui.ma\/index.php\/boutique\/"},{"@type":"ListItem","position":3,"name":"NUXE VERY ROSE CREME MAINS ET ONGLES 50ML"}]},{"@type":"WebSite","@id":"https:\/\/paracherkaoui.ma\/#website","url":"https:\/\/paracherkaoui.ma\/","name":"Paracherkaoui.ma","description":"Achetez en ligne sur Paracherkaoui.ma","potentialAction":[{"@type":"SearchAction","target":{"@type":"EntryPoint","urlTemplate":"https:\/\/paracherkaoui.ma\/?s={search_term_string}"},"query-input":{"@type":"PropertyValueSpecification","valueRequired":true,"valueName":"search_term_string"}}],"inLanguage":"fr-FR"}]}},"_links":{"self":[{"href":"https:\/\/paracherkaoui.ma\/index.php\/wp-json\/wp\/v2\/product\/32450","targetHints":{"allow":["GET"]}}],"collection":[{"href":"https:\/\/paracherkaoui.ma\/index.php\/wp-json\/wp\/v2\/product"}],"about":[{"href":"https:\/\/paracherkaoui.ma\/index.php\/wp-json\/wp\/v2\/types\/product"}],"replies":[{"embeddable":true,"href":"https:\/\/paracherkaoui.ma\/index.php\/wp-json\/wp\/v2\/comments?post=32450"}],"version-history":[{"count":1,"href":"https:\/\/paracherkaoui.ma\/index.php\/wp-json\/wp\/v2\/product\/32450\/revisions"}],"predecessor-version":[{"id":32488,"href":"https:\/\/paracherkaoui.ma\/index.php\/wp-json\/wp\/v2\/product\/32450\/revisions\/32488"}],"wp:featuredmedia":[{"embeddable":true,"href":"https:\/\/paracherkaoui.ma\/index.php\/wp-json\/wp\/v2\/media\/32487"}],"wp:attachment":[{"href":"https:\/\/paracherkaoui.ma\/index.php\/wp-json\/wp\/v2\/media?parent=32450"}],"wp:term":[{"taxonomy":"product_brand","embeddable":true,"href":"https:\/\/paracherkaoui.ma\/index.php\/wp-json\/wp\/v2\/product_brand?post=32450"},{"taxonomy":"product_cat","embeddable":true,"href":"https:\/\/paracherkaoui.ma\/index.php\/wp-json\/wp\/v2\/product_cat?post=32450"},{"taxonomy":"product_tag","embeddable":true,"href":"https:\/\/paracherkaoui.ma\/index.php\/wp-json\/wp\/v2\/product_tag?post=32450"}],"curies":[{"name":"wp","href":"https:\/\/api.w.org\/{rel}","templated":true}]}}