{"id":32295,"date":"2025-12-12T18:38:01","date_gmt":"2025-12-12T17:38:01","guid":{"rendered":"https:\/\/test.ecbeaute.com\/?post_type=product&#038;p=32295"},"modified":"2025-12-12T18:38:12","modified_gmt":"2025-12-12T17:38:12","slug":"addax-expert-solution-ongles-mycoses-soin-des-ongles-3-ml","status":"publish","type":"product","link":"https:\/\/paracherkaoui.ma\/index.php\/produit\/addax-expert-solution-ongles-mycoses-soin-des-ongles-3-ml\/","title":{"rendered":"ADDAX EXPERT SOLUTION ONGLES MYCOSES SOIN DES ONGLES 3 ML"},"content":{"rendered":"<p>Description:<br \/>\nADDAX EXPERT SOLUTION ONGLES MYCOSES d OMEGA PHARMA est un soin sous forme de dispositif m\u00e9dical et indiqu\u00e9 dans le traitement et la pr\u00e9vention des infections fongiques des ongles. Il permet d \u00e9liminer rapidement et efficacement les mycoses des ongles. La SOLUTION ONGLES MYCOSES ADDAX EXPERT permet \u00e9galement de pr\u00e9venir la propagation des mycoses, par formation d un film protecteur non perm\u00e9able sur votre ongle qui d\u00e9truit les champignons \u00e0 l origine de la mycose.<br \/>\nConseils d&rsquo;utilisation\u00a0:<br \/>\nAppliquez ADDAX EXPERT SOLUTION ONGLES MYCOSES matin et soir sur vos ongles soigneusement nettoy\u00e9s. &#8211; Commencez par secouer le tube afin d homog\u00e9n\u00e9iser le soin. &#8211; Appliquez ensuite 3 fois de suite sur l ongle atteint, en laissant s\u00e9cher entre chaque couche. &#8211; Poursuivez l application matin et soir durant 4 \u00e0 12 semaines. Surtout, n utilisez pas de vernis cosm\u00e9tiques ou toutes autres applications qui r\u00e9duiraient l efficacit\u00e9 de votre soin OMEGA PHARMA. Continuez le traitement jusqu \u00e0 la disparition compl\u00e8te des sympt\u00f4mes.<\/p>\n","protected":false},"excerpt":{"rendered":"<p>Description: ADDAX EXPERT SOLUTION ONGLES MYCOSES d OMEGA PHARMA est un soin sous forme de dispositif m\u00e9dical et indiqu\u00e9 dans<\/p>\n","protected":false},"featured_media":32345,"comment_status":"open","ping_status":"closed","template":"","meta":[],"product_brand":[483],"product_cat":[599],"product_tag":[],"class_list":{"0":"post-32295","1":"product","2":"type-product","3":"status-publish","4":"has-post-thumbnail","6":"product_brand-addax","7":"product_cat-soins-mains-et-pieds","9":"first","10":"instock","11":"sale","12":"shipping-taxable","13":"purchasable","14":"product-type-simple"},"yoast_head":"<!-- This site is optimized with the Yoast SEO plugin v26.6 - https:\/\/yoast.com\/wordpress\/plugins\/seo\/ -->\r\n<title>ADDAX EXPERT SOLUTION ONGLES MYCOSES SOIN DES ONGLES 3 ML - Paracherkaoui.ma<\/title>\r\n<meta name=\"robots\" content=\"index, follow, max-snippet:-1, max-image-preview:large, max-video-preview:-1\" \/>\r\n<link rel=\"canonical\" href=\"https:\/\/paracherkaoui.ma\/index.php\/produit\/addax-expert-solution-ongles-mycoses-soin-des-ongles-3-ml\/\" \/>\r\n<meta property=\"og:locale\" content=\"fr_FR\" \/>\r\n<meta property=\"og:type\" content=\"article\" \/>\r\n<meta property=\"og:title\" content=\"ADDAX EXPERT SOLUTION ONGLES MYCOSES SOIN DES ONGLES 3 ML - Paracherkaoui.ma\" \/>\r\n<meta property=\"og:description\" content=\"Description: ADDAX EXPERT SOLUTION ONGLES MYCOSES d OMEGA PHARMA est un soin sous forme de dispositif m\u00e9dical et indiqu\u00e9 dans\" \/>\r\n<meta property=\"og:url\" content=\"https:\/\/paracherkaoui.ma\/index.php\/produit\/addax-expert-solution-ongles-mycoses-soin-des-ongles-3-ml\/\" \/>\r\n<meta property=\"og:site_name\" content=\"Paracherkaoui.ma\" \/>\r\n<meta property=\"article:modified_time\" content=\"2025-12-12T17:38:12+00:00\" \/>\r\n<meta property=\"og:image\" content=\"https:\/\/paracherkaoui.ma\/wp-content\/uploads\/2025\/12\/addax-addax-expert-solution-ongles-mycoses-soin-des-ongles-3-ml-ongles.jpg\" \/>\r\n\t<meta property=\"og:image:width\" content=\"700\" \/>\r\n\t<meta property=\"og:image:height\" content=\"700\" \/>\r\n\t<meta property=\"og:image:type\" content=\"image\/jpeg\" \/>\r\n<meta name=\"twitter:card\" content=\"summary_large_image\" \/>\r\n<meta name=\"twitter:label1\" content=\"Dur\u00e9e de lecture estim\u00e9e\" \/>\n\t<meta name=\"twitter:data1\" content=\"1 minute\" \/>\r\n<script type=\"application\/ld+json\" class=\"yoast-schema-graph\">{\"@context\":\"https:\/\/schema.org\",\"@graph\":[{\"@type\":\"WebPage\",\"@id\":\"https:\/\/paracherkaoui.ma\/index.php\/produit\/addax-expert-solution-ongles-mycoses-soin-des-ongles-3-ml\/\",\"url\":\"https:\/\/paracherkaoui.ma\/index.php\/produit\/addax-expert-solution-ongles-mycoses-soin-des-ongles-3-ml\/\",\"name\":\"ADDAX EXPERT SOLUTION ONGLES MYCOSES SOIN DES ONGLES 3 ML - Paracherkaoui.ma\",\"isPartOf\":{\"@id\":\"https:\/\/paracherkaoui.ma\/#website\"},\"primaryImageOfPage\":{\"@id\":\"https:\/\/paracherkaoui.ma\/index.php\/produit\/addax-expert-solution-ongles-mycoses-soin-des-ongles-3-ml\/#primaryimage\"},\"image\":{\"@id\":\"https:\/\/paracherkaoui.ma\/index.php\/produit\/addax-expert-solution-ongles-mycoses-soin-des-ongles-3-ml\/#primaryimage\"},\"thumbnailUrl\":\"https:\/\/paracherkaoui.ma\/wp-content\/uploads\/2025\/12\/addax-addax-expert-solution-ongles-mycoses-soin-des-ongles-3-ml-ongles.jpg\",\"datePublished\":\"2025-12-12T17:38:01+00:00\",\"dateModified\":\"2025-12-12T17:38:12+00:00\",\"breadcrumb\":{\"@id\":\"https:\/\/paracherkaoui.ma\/index.php\/produit\/addax-expert-solution-ongles-mycoses-soin-des-ongles-3-ml\/#breadcrumb\"},\"inLanguage\":\"fr-FR\",\"potentialAction\":[{\"@type\":\"ReadAction\",\"target\":[\"https:\/\/paracherkaoui.ma\/index.php\/produit\/addax-expert-solution-ongles-mycoses-soin-des-ongles-3-ml\/\"]}]},{\"@type\":\"ImageObject\",\"inLanguage\":\"fr-FR\",\"@id\":\"https:\/\/paracherkaoui.ma\/index.php\/produit\/addax-expert-solution-ongles-mycoses-soin-des-ongles-3-ml\/#primaryimage\",\"url\":\"https:\/\/paracherkaoui.ma\/wp-content\/uploads\/2025\/12\/addax-addax-expert-solution-ongles-mycoses-soin-des-ongles-3-ml-ongles.jpg\",\"contentUrl\":\"https:\/\/paracherkaoui.ma\/wp-content\/uploads\/2025\/12\/addax-addax-expert-solution-ongles-mycoses-soin-des-ongles-3-ml-ongles.jpg\",\"width\":700,\"height\":700},{\"@type\":\"BreadcrumbList\",\"@id\":\"https:\/\/paracherkaoui.ma\/index.php\/produit\/addax-expert-solution-ongles-mycoses-soin-des-ongles-3-ml\/#breadcrumb\",\"itemListElement\":[{\"@type\":\"ListItem\",\"position\":1,\"name\":\"Accueil\",\"item\":\"https:\/\/paracherkaoui.ma\/\"},{\"@type\":\"ListItem\",\"position\":2,\"name\":\"Boutique\",\"item\":\"https:\/\/paracherkaoui.ma\/index.php\/boutique\/\"},{\"@type\":\"ListItem\",\"position\":3,\"name\":\"ADDAX EXPERT SOLUTION ONGLES MYCOSES SOIN DES ONGLES 3 ML\"}]},{\"@type\":\"WebSite\",\"@id\":\"https:\/\/paracherkaoui.ma\/#website\",\"url\":\"https:\/\/paracherkaoui.ma\/\",\"name\":\"Paracherkaoui.ma\",\"description\":\"Achetez en ligne sur Paracherkaoui.ma\",\"potentialAction\":[{\"@type\":\"SearchAction\",\"target\":{\"@type\":\"EntryPoint\",\"urlTemplate\":\"https:\/\/paracherkaoui.ma\/?s={search_term_string}\"},\"query-input\":{\"@type\":\"PropertyValueSpecification\",\"valueRequired\":true,\"valueName\":\"search_term_string\"}}],\"inLanguage\":\"fr-FR\"}]}<\/script>\r\n<!-- \/ Yoast SEO plugin. -->","yoast_head_json":{"title":"ADDAX EXPERT SOLUTION ONGLES MYCOSES SOIN DES ONGLES 3 ML - Paracherkaoui.ma","robots":{"index":"index","follow":"follow","max-snippet":"max-snippet:-1","max-image-preview":"max-image-preview:large","max-video-preview":"max-video-preview:-1"},"canonical":"https:\/\/paracherkaoui.ma\/index.php\/produit\/addax-expert-solution-ongles-mycoses-soin-des-ongles-3-ml\/","og_locale":"fr_FR","og_type":"article","og_title":"ADDAX EXPERT SOLUTION ONGLES MYCOSES SOIN DES ONGLES 3 ML - Paracherkaoui.ma","og_description":"Description: ADDAX EXPERT SOLUTION ONGLES MYCOSES d OMEGA PHARMA est un soin sous forme de dispositif m\u00e9dical et indiqu\u00e9 dans","og_url":"https:\/\/paracherkaoui.ma\/index.php\/produit\/addax-expert-solution-ongles-mycoses-soin-des-ongles-3-ml\/","og_site_name":"Paracherkaoui.ma","article_modified_time":"2025-12-12T17:38:12+00:00","og_image":[{"width":700,"height":700,"url":"https:\/\/paracherkaoui.ma\/wp-content\/uploads\/2025\/12\/addax-addax-expert-solution-ongles-mycoses-soin-des-ongles-3-ml-ongles.jpg","type":"image\/jpeg"}],"twitter_card":"summary_large_image","twitter_misc":{"Dur\u00e9e de lecture estim\u00e9e":"1 minute"},"schema":{"@context":"https:\/\/schema.org","@graph":[{"@type":"WebPage","@id":"https:\/\/paracherkaoui.ma\/index.php\/produit\/addax-expert-solution-ongles-mycoses-soin-des-ongles-3-ml\/","url":"https:\/\/paracherkaoui.ma\/index.php\/produit\/addax-expert-solution-ongles-mycoses-soin-des-ongles-3-ml\/","name":"ADDAX EXPERT SOLUTION ONGLES MYCOSES SOIN DES ONGLES 3 ML - Paracherkaoui.ma","isPartOf":{"@id":"https:\/\/paracherkaoui.ma\/#website"},"primaryImageOfPage":{"@id":"https:\/\/paracherkaoui.ma\/index.php\/produit\/addax-expert-solution-ongles-mycoses-soin-des-ongles-3-ml\/#primaryimage"},"image":{"@id":"https:\/\/paracherkaoui.ma\/index.php\/produit\/addax-expert-solution-ongles-mycoses-soin-des-ongles-3-ml\/#primaryimage"},"thumbnailUrl":"https:\/\/paracherkaoui.ma\/wp-content\/uploads\/2025\/12\/addax-addax-expert-solution-ongles-mycoses-soin-des-ongles-3-ml-ongles.jpg","datePublished":"2025-12-12T17:38:01+00:00","dateModified":"2025-12-12T17:38:12+00:00","breadcrumb":{"@id":"https:\/\/paracherkaoui.ma\/index.php\/produit\/addax-expert-solution-ongles-mycoses-soin-des-ongles-3-ml\/#breadcrumb"},"inLanguage":"fr-FR","potentialAction":[{"@type":"ReadAction","target":["https:\/\/paracherkaoui.ma\/index.php\/produit\/addax-expert-solution-ongles-mycoses-soin-des-ongles-3-ml\/"]}]},{"@type":"ImageObject","inLanguage":"fr-FR","@id":"https:\/\/paracherkaoui.ma\/index.php\/produit\/addax-expert-solution-ongles-mycoses-soin-des-ongles-3-ml\/#primaryimage","url":"https:\/\/paracherkaoui.ma\/wp-content\/uploads\/2025\/12\/addax-addax-expert-solution-ongles-mycoses-soin-des-ongles-3-ml-ongles.jpg","contentUrl":"https:\/\/paracherkaoui.ma\/wp-content\/uploads\/2025\/12\/addax-addax-expert-solution-ongles-mycoses-soin-des-ongles-3-ml-ongles.jpg","width":700,"height":700},{"@type":"BreadcrumbList","@id":"https:\/\/paracherkaoui.ma\/index.php\/produit\/addax-expert-solution-ongles-mycoses-soin-des-ongles-3-ml\/#breadcrumb","itemListElement":[{"@type":"ListItem","position":1,"name":"Accueil","item":"https:\/\/paracherkaoui.ma\/"},{"@type":"ListItem","position":2,"name":"Boutique","item":"https:\/\/paracherkaoui.ma\/index.php\/boutique\/"},{"@type":"ListItem","position":3,"name":"ADDAX EXPERT SOLUTION ONGLES MYCOSES SOIN DES ONGLES 3 ML"}]},{"@type":"WebSite","@id":"https:\/\/paracherkaoui.ma\/#website","url":"https:\/\/paracherkaoui.ma\/","name":"Paracherkaoui.ma","description":"Achetez en ligne sur Paracherkaoui.ma","potentialAction":[{"@type":"SearchAction","target":{"@type":"EntryPoint","urlTemplate":"https:\/\/paracherkaoui.ma\/?s={search_term_string}"},"query-input":{"@type":"PropertyValueSpecification","valueRequired":true,"valueName":"search_term_string"}}],"inLanguage":"fr-FR"}]}},"_links":{"self":[{"href":"https:\/\/paracherkaoui.ma\/index.php\/wp-json\/wp\/v2\/product\/32295","targetHints":{"allow":["GET"]}}],"collection":[{"href":"https:\/\/paracherkaoui.ma\/index.php\/wp-json\/wp\/v2\/product"}],"about":[{"href":"https:\/\/paracherkaoui.ma\/index.php\/wp-json\/wp\/v2\/types\/product"}],"replies":[{"embeddable":true,"href":"https:\/\/paracherkaoui.ma\/index.php\/wp-json\/wp\/v2\/comments?post=32295"}],"version-history":[{"count":1,"href":"https:\/\/paracherkaoui.ma\/index.php\/wp-json\/wp\/v2\/product\/32295\/revisions"}],"predecessor-version":[{"id":32346,"href":"https:\/\/paracherkaoui.ma\/index.php\/wp-json\/wp\/v2\/product\/32295\/revisions\/32346"}],"wp:featuredmedia":[{"embeddable":true,"href":"https:\/\/paracherkaoui.ma\/index.php\/wp-json\/wp\/v2\/media\/32345"}],"wp:attachment":[{"href":"https:\/\/paracherkaoui.ma\/index.php\/wp-json\/wp\/v2\/media?parent=32295"}],"wp:term":[{"taxonomy":"product_brand","embeddable":true,"href":"https:\/\/paracherkaoui.ma\/index.php\/wp-json\/wp\/v2\/product_brand?post=32295"},{"taxonomy":"product_cat","embeddable":true,"href":"https:\/\/paracherkaoui.ma\/index.php\/wp-json\/wp\/v2\/product_cat?post=32295"},{"taxonomy":"product_tag","embeddable":true,"href":"https:\/\/paracherkaoui.ma\/index.php\/wp-json\/wp\/v2\/product_tag?post=32295"}],"curies":[{"name":"wp","href":"https:\/\/api.w.org\/{rel}","templated":true}]}}