{"id":32269,"date":"2025-12-12T18:37:59","date_gmt":"2025-12-12T17:37:59","guid":{"rendered":"https:\/\/test.ecbeaute.com\/?post_type=product&#038;p=32269"},"modified":"2025-12-12T18:38:02","modified_gmt":"2025-12-12T17:38:02","slug":"evoluderm-gommage-corps-exfoliant-monoi-de-la-folie-150-ml","status":"publish","type":"product","link":"https:\/\/paracherkaoui.ma\/index.php\/produit\/evoluderm-gommage-corps-exfoliant-monoi-de-la-folie-150-ml\/","title":{"rendered":"EVOLUDERM GOMMAGE CORPS EXFOLIANT MONOI DE LA FOLIE 150 ML"},"content":{"rendered":"<p>Evoluderm, expert des soins corps sensoriels et naturels, a con\u00e7u ce gommage unique pour une exp\u00e9rience de beaut\u00e9 et de bien-\u00eatre inoubliable : Formule Naturelle et V\u00e9gane : L&rsquo;Engagement Respectueux ! Ce gommage est formul\u00e9 \u00e0 93% d&rsquo;origine naturelle et v\u00e9gan, refl\u00e9tant un engagement fort pour des cosm\u00e9tiques plus respectueux de votre peau et de l&rsquo;environnement. Vous pouvez prendre soin de vous en toute s\u00e9r\u00e9nit\u00e9, en phase avec vos valeurs. Stimule le Renouvellement Cellulaire : Une Peau Visiblement Plus Belle et Soyeuse ! Le Gommage Corps Exaltant Mono\u00ef \u00e0 la Folie est con\u00e7u pour stimuler le renouvellement cellulaire. Cette action essentielle permet d&rsquo;\u00e9liminer les cellules mortes \u00e0 la surface de l&rsquo;\u00e9piderme, r\u00e9v\u00e9lant ainsi une nouvelle peau plus fra\u00eeche et plus \u00e9clatante. Le r\u00e9sultat ? Une peau visiblement plus belle et soyeuse, qui retrouve toute sa vitalit\u00e9. Exfoliation Douce et Efficace : Adieu Impuret\u00e9s ! Il exfolie l\u2019\u00e9piderme avec douceur gr\u00e2ce \u00e0 l&rsquo;association de grains exfoliants naturels. Cette action douce mais efficace permet de d\u00e9barrasser la peau de ses impuret\u00e9s et des cellules mortes accumul\u00e9es, affinant le grain de peau et la laissant incroyablement douce jour apr\u00e8s jour. Mono\u00ef de Tahiti &#8211; Appellation d&rsquo;Origine : \u00c9lixir R\u00e9parateur des \u00celes ! L&rsquo;ingr\u00e9dient star de ce gommage est le pr\u00e9cieux Mono\u00ef de Tahiti &#8211; Appellation d&rsquo;Origine. Issu de la mac\u00e9ration de la Fleur de Tiar\u00e9 dans de l\u2019Huile de Coco, le Mono\u00ef est un v\u00e9ritable \u00e9lixir r\u00e9parateur pour la peau. C&rsquo;est un secret de beaut\u00e9 venu des \u00eeles polyn\u00e9siennes depuis des si\u00e8cles, reconnu pour ses propri\u00e9t\u00e9s hydratantes, nourrissantes et apaisantes. Il nourrit l\u2019\u00e9piderme durablement, lui offrant confort et souplesse. Sable Blanc de Bora-Bora et Poudre de Noix de Coco : Exfoliants Naturels Exotiques ! L&rsquo;efficacit\u00e9 exfoliante est assur\u00e9e par l&rsquo;association du Sable Blanc de Bora-Bora et de la Poudre de Noix de Coco. Ces exfoliants naturels, directement inspir\u00e9s des tr\u00e9sors des \u00eeles, agissent en synergie pour une exfoliation douce mais efficace, \u00e9liminant les impuret\u00e9s et affinant le grain de peau. Texture Fondante et Fragrance Exotique : Un Instant de Soin Irr\u00e9sistible ! La texture fondante de ce gommage est une pure invitation au voyage. Elle d\u00e9pose une caresse chaude et ensoleill\u00e9e sur la peau, transformant chaque application en un irr\u00e9sistible instant de soin. Sa fragrance exotique fait voyager vos sens sous les Tropiques et laisse sur le corps un voile d\u00e9licieusement parfum\u00e9 qui perdure, prolongeant la sensation de bien-\u00eatre. Conseils d&rsquo;utilisation : Une \u00e0 deux fois par semaine, appliquez ce gommage sur l\u2019ensemble du corps pr\u00e9alablement humidifi\u00e9. Massez par mouvements circulaires en insistant sur les zones les plus rugueuses (coudes, genoux, talons, etc.), puis rincez. Id\u00e9alement, utilisez ce soin exfoliant avant l\u2019application de votre cr\u00e8me ou huile corps afin de permettre une meilleure p\u00e9n\u00e9tration des actifs. Composition : WATER (AQUA), SODIUM LAURETH SULFATE, GLYCERIN, ACRYLATES\/C10-30 ALKYL ACRYLATE CROSSPOLYMER, MICROCRYSTALLINE CELLULOSE, COCOS NUCIFERA (COCONUT) OIL, GARDENIA TAITENSIS FLOWER, CELLULOSE, PEG-40 HYDROGENATED CASTOR OIL, SODIUM BENZOATE, FRAGRANCE (PARFUM), SODIUM HYDROXIDE, CALCIUM CARBONATE, COCOS NUCIFERA (COCONUT) SHELL POWDER, HYDROXYCITRONELLAL, AMYL CINNAMAL, HEXYL CINNAMAL, LINALOOL, TOCOPHEROL, YELLOW 5 (CI 19140), RED 4 (CI 14700).<\/p>\n","protected":false},"excerpt":{"rendered":"<p>Evoluderm, expert des soins corps sensoriels et naturels, a con\u00e7u ce gommage unique pour une exp\u00e9rience de beaut\u00e9 et de<\/p>\n","protected":false},"featured_media":32300,"comment_status":"open","ping_status":"closed","template":"","meta":[],"product_brand":[598],"product_cat":[596],"product_tag":[],"class_list":{"0":"post-32269","1":"product","2":"type-product","3":"status-publish","4":"has-post-thumbnail","6":"product_brand-evoluderm","7":"product_cat-gommages-et-exfoliants","9":"first","10":"instock","11":"sale","12":"shipping-taxable","13":"purchasable","14":"product-type-simple"},"yoast_head":"<!-- This site is optimized with the Yoast SEO plugin v26.6 - https:\/\/yoast.com\/wordpress\/plugins\/seo\/ -->\r\n<title>EVOLUDERM GOMMAGE CORPS EXFOLIANT MONOI DE LA FOLIE 150 ML - Paracherkaoui.ma<\/title>\r\n<meta name=\"robots\" content=\"index, follow, max-snippet:-1, max-image-preview:large, max-video-preview:-1\" \/>\r\n<link rel=\"canonical\" href=\"https:\/\/paracherkaoui.ma\/index.php\/produit\/evoluderm-gommage-corps-exfoliant-monoi-de-la-folie-150-ml\/\" \/>\r\n<meta property=\"og:locale\" content=\"fr_FR\" \/>\r\n<meta property=\"og:type\" content=\"article\" \/>\r\n<meta property=\"og:title\" content=\"EVOLUDERM GOMMAGE CORPS EXFOLIANT MONOI DE LA FOLIE 150 ML - Paracherkaoui.ma\" \/>\r\n<meta property=\"og:description\" content=\"Evoluderm, expert des soins corps sensoriels et naturels, a con\u00e7u ce gommage unique pour une exp\u00e9rience de beaut\u00e9 et de\" \/>\r\n<meta property=\"og:url\" content=\"https:\/\/paracherkaoui.ma\/index.php\/produit\/evoluderm-gommage-corps-exfoliant-monoi-de-la-folie-150-ml\/\" \/>\r\n<meta property=\"og:site_name\" content=\"Paracherkaoui.ma\" \/>\r\n<meta property=\"article:modified_time\" content=\"2025-12-12T17:38:02+00:00\" \/>\r\n<meta property=\"og:image\" content=\"https:\/\/paracherkaoui.ma\/wp-content\/uploads\/2025\/12\/evoluderm-gommage-corps-exfoliant-monoi-de-la-folie-150-ml.jpg\" \/>\r\n\t<meta property=\"og:image:width\" content=\"700\" \/>\r\n\t<meta property=\"og:image:height\" content=\"700\" \/>\r\n\t<meta property=\"og:image:type\" content=\"image\/jpeg\" \/>\r\n<meta name=\"twitter:card\" content=\"summary_large_image\" \/>\r\n<meta name=\"twitter:label1\" content=\"Dur\u00e9e de lecture estim\u00e9e\" \/>\n\t<meta name=\"twitter:data1\" content=\"3 minutes\" \/>\r\n<script type=\"application\/ld+json\" class=\"yoast-schema-graph\">{\"@context\":\"https:\/\/schema.org\",\"@graph\":[{\"@type\":\"WebPage\",\"@id\":\"https:\/\/paracherkaoui.ma\/index.php\/produit\/evoluderm-gommage-corps-exfoliant-monoi-de-la-folie-150-ml\/\",\"url\":\"https:\/\/paracherkaoui.ma\/index.php\/produit\/evoluderm-gommage-corps-exfoliant-monoi-de-la-folie-150-ml\/\",\"name\":\"EVOLUDERM GOMMAGE CORPS EXFOLIANT MONOI DE LA FOLIE 150 ML - Paracherkaoui.ma\",\"isPartOf\":{\"@id\":\"https:\/\/paracherkaoui.ma\/#website\"},\"primaryImageOfPage\":{\"@id\":\"https:\/\/paracherkaoui.ma\/index.php\/produit\/evoluderm-gommage-corps-exfoliant-monoi-de-la-folie-150-ml\/#primaryimage\"},\"image\":{\"@id\":\"https:\/\/paracherkaoui.ma\/index.php\/produit\/evoluderm-gommage-corps-exfoliant-monoi-de-la-folie-150-ml\/#primaryimage\"},\"thumbnailUrl\":\"https:\/\/paracherkaoui.ma\/wp-content\/uploads\/2025\/12\/evoluderm-gommage-corps-exfoliant-monoi-de-la-folie-150-ml.jpg\",\"datePublished\":\"2025-12-12T17:37:59+00:00\",\"dateModified\":\"2025-12-12T17:38:02+00:00\",\"breadcrumb\":{\"@id\":\"https:\/\/paracherkaoui.ma\/index.php\/produit\/evoluderm-gommage-corps-exfoliant-monoi-de-la-folie-150-ml\/#breadcrumb\"},\"inLanguage\":\"fr-FR\",\"potentialAction\":[{\"@type\":\"ReadAction\",\"target\":[\"https:\/\/paracherkaoui.ma\/index.php\/produit\/evoluderm-gommage-corps-exfoliant-monoi-de-la-folie-150-ml\/\"]}]},{\"@type\":\"ImageObject\",\"inLanguage\":\"fr-FR\",\"@id\":\"https:\/\/paracherkaoui.ma\/index.php\/produit\/evoluderm-gommage-corps-exfoliant-monoi-de-la-folie-150-ml\/#primaryimage\",\"url\":\"https:\/\/paracherkaoui.ma\/wp-content\/uploads\/2025\/12\/evoluderm-gommage-corps-exfoliant-monoi-de-la-folie-150-ml.jpg\",\"contentUrl\":\"https:\/\/paracherkaoui.ma\/wp-content\/uploads\/2025\/12\/evoluderm-gommage-corps-exfoliant-monoi-de-la-folie-150-ml.jpg\",\"width\":700,\"height\":700},{\"@type\":\"BreadcrumbList\",\"@id\":\"https:\/\/paracherkaoui.ma\/index.php\/produit\/evoluderm-gommage-corps-exfoliant-monoi-de-la-folie-150-ml\/#breadcrumb\",\"itemListElement\":[{\"@type\":\"ListItem\",\"position\":1,\"name\":\"Accueil\",\"item\":\"https:\/\/paracherkaoui.ma\/\"},{\"@type\":\"ListItem\",\"position\":2,\"name\":\"Boutique\",\"item\":\"https:\/\/paracherkaoui.ma\/index.php\/boutique\/\"},{\"@type\":\"ListItem\",\"position\":3,\"name\":\"EVOLUDERM GOMMAGE CORPS EXFOLIANT MONOI DE LA FOLIE 150 ML\"}]},{\"@type\":\"WebSite\",\"@id\":\"https:\/\/paracherkaoui.ma\/#website\",\"url\":\"https:\/\/paracherkaoui.ma\/\",\"name\":\"Paracherkaoui.ma\",\"description\":\"Achetez en ligne sur Paracherkaoui.ma\",\"potentialAction\":[{\"@type\":\"SearchAction\",\"target\":{\"@type\":\"EntryPoint\",\"urlTemplate\":\"https:\/\/paracherkaoui.ma\/?s={search_term_string}\"},\"query-input\":{\"@type\":\"PropertyValueSpecification\",\"valueRequired\":true,\"valueName\":\"search_term_string\"}}],\"inLanguage\":\"fr-FR\"}]}<\/script>\r\n<!-- \/ Yoast SEO plugin. -->","yoast_head_json":{"title":"EVOLUDERM GOMMAGE CORPS EXFOLIANT MONOI DE LA FOLIE 150 ML - Paracherkaoui.ma","robots":{"index":"index","follow":"follow","max-snippet":"max-snippet:-1","max-image-preview":"max-image-preview:large","max-video-preview":"max-video-preview:-1"},"canonical":"https:\/\/paracherkaoui.ma\/index.php\/produit\/evoluderm-gommage-corps-exfoliant-monoi-de-la-folie-150-ml\/","og_locale":"fr_FR","og_type":"article","og_title":"EVOLUDERM GOMMAGE CORPS EXFOLIANT MONOI DE LA FOLIE 150 ML - Paracherkaoui.ma","og_description":"Evoluderm, expert des soins corps sensoriels et naturels, a con\u00e7u ce gommage unique pour une exp\u00e9rience de beaut\u00e9 et de","og_url":"https:\/\/paracherkaoui.ma\/index.php\/produit\/evoluderm-gommage-corps-exfoliant-monoi-de-la-folie-150-ml\/","og_site_name":"Paracherkaoui.ma","article_modified_time":"2025-12-12T17:38:02+00:00","og_image":[{"width":700,"height":700,"url":"https:\/\/paracherkaoui.ma\/wp-content\/uploads\/2025\/12\/evoluderm-gommage-corps-exfoliant-monoi-de-la-folie-150-ml.jpg","type":"image\/jpeg"}],"twitter_card":"summary_large_image","twitter_misc":{"Dur\u00e9e de lecture estim\u00e9e":"3 minutes"},"schema":{"@context":"https:\/\/schema.org","@graph":[{"@type":"WebPage","@id":"https:\/\/paracherkaoui.ma\/index.php\/produit\/evoluderm-gommage-corps-exfoliant-monoi-de-la-folie-150-ml\/","url":"https:\/\/paracherkaoui.ma\/index.php\/produit\/evoluderm-gommage-corps-exfoliant-monoi-de-la-folie-150-ml\/","name":"EVOLUDERM GOMMAGE CORPS EXFOLIANT MONOI DE LA FOLIE 150 ML - Paracherkaoui.ma","isPartOf":{"@id":"https:\/\/paracherkaoui.ma\/#website"},"primaryImageOfPage":{"@id":"https:\/\/paracherkaoui.ma\/index.php\/produit\/evoluderm-gommage-corps-exfoliant-monoi-de-la-folie-150-ml\/#primaryimage"},"image":{"@id":"https:\/\/paracherkaoui.ma\/index.php\/produit\/evoluderm-gommage-corps-exfoliant-monoi-de-la-folie-150-ml\/#primaryimage"},"thumbnailUrl":"https:\/\/paracherkaoui.ma\/wp-content\/uploads\/2025\/12\/evoluderm-gommage-corps-exfoliant-monoi-de-la-folie-150-ml.jpg","datePublished":"2025-12-12T17:37:59+00:00","dateModified":"2025-12-12T17:38:02+00:00","breadcrumb":{"@id":"https:\/\/paracherkaoui.ma\/index.php\/produit\/evoluderm-gommage-corps-exfoliant-monoi-de-la-folie-150-ml\/#breadcrumb"},"inLanguage":"fr-FR","potentialAction":[{"@type":"ReadAction","target":["https:\/\/paracherkaoui.ma\/index.php\/produit\/evoluderm-gommage-corps-exfoliant-monoi-de-la-folie-150-ml\/"]}]},{"@type":"ImageObject","inLanguage":"fr-FR","@id":"https:\/\/paracherkaoui.ma\/index.php\/produit\/evoluderm-gommage-corps-exfoliant-monoi-de-la-folie-150-ml\/#primaryimage","url":"https:\/\/paracherkaoui.ma\/wp-content\/uploads\/2025\/12\/evoluderm-gommage-corps-exfoliant-monoi-de-la-folie-150-ml.jpg","contentUrl":"https:\/\/paracherkaoui.ma\/wp-content\/uploads\/2025\/12\/evoluderm-gommage-corps-exfoliant-monoi-de-la-folie-150-ml.jpg","width":700,"height":700},{"@type":"BreadcrumbList","@id":"https:\/\/paracherkaoui.ma\/index.php\/produit\/evoluderm-gommage-corps-exfoliant-monoi-de-la-folie-150-ml\/#breadcrumb","itemListElement":[{"@type":"ListItem","position":1,"name":"Accueil","item":"https:\/\/paracherkaoui.ma\/"},{"@type":"ListItem","position":2,"name":"Boutique","item":"https:\/\/paracherkaoui.ma\/index.php\/boutique\/"},{"@type":"ListItem","position":3,"name":"EVOLUDERM GOMMAGE CORPS EXFOLIANT MONOI DE LA FOLIE 150 ML"}]},{"@type":"WebSite","@id":"https:\/\/paracherkaoui.ma\/#website","url":"https:\/\/paracherkaoui.ma\/","name":"Paracherkaoui.ma","description":"Achetez en ligne sur Paracherkaoui.ma","potentialAction":[{"@type":"SearchAction","target":{"@type":"EntryPoint","urlTemplate":"https:\/\/paracherkaoui.ma\/?s={search_term_string}"},"query-input":{"@type":"PropertyValueSpecification","valueRequired":true,"valueName":"search_term_string"}}],"inLanguage":"fr-FR"}]}},"_links":{"self":[{"href":"https:\/\/paracherkaoui.ma\/index.php\/wp-json\/wp\/v2\/product\/32269","targetHints":{"allow":["GET"]}}],"collection":[{"href":"https:\/\/paracherkaoui.ma\/index.php\/wp-json\/wp\/v2\/product"}],"about":[{"href":"https:\/\/paracherkaoui.ma\/index.php\/wp-json\/wp\/v2\/types\/product"}],"replies":[{"embeddable":true,"href":"https:\/\/paracherkaoui.ma\/index.php\/wp-json\/wp\/v2\/comments?post=32269"}],"version-history":[{"count":1,"href":"https:\/\/paracherkaoui.ma\/index.php\/wp-json\/wp\/v2\/product\/32269\/revisions"}],"predecessor-version":[{"id":32301,"href":"https:\/\/paracherkaoui.ma\/index.php\/wp-json\/wp\/v2\/product\/32269\/revisions\/32301"}],"wp:featuredmedia":[{"embeddable":true,"href":"https:\/\/paracherkaoui.ma\/index.php\/wp-json\/wp\/v2\/media\/32300"}],"wp:attachment":[{"href":"https:\/\/paracherkaoui.ma\/index.php\/wp-json\/wp\/v2\/media?parent=32269"}],"wp:term":[{"taxonomy":"product_brand","embeddable":true,"href":"https:\/\/paracherkaoui.ma\/index.php\/wp-json\/wp\/v2\/product_brand?post=32269"},{"taxonomy":"product_cat","embeddable":true,"href":"https:\/\/paracherkaoui.ma\/index.php\/wp-json\/wp\/v2\/product_cat?post=32269"},{"taxonomy":"product_tag","embeddable":true,"href":"https:\/\/paracherkaoui.ma\/index.php\/wp-json\/wp\/v2\/product_tag?post=32269"}],"curies":[{"name":"wp","href":"https:\/\/api.w.org\/{rel}","templated":true}]}}