{"id":31891,"date":"2025-12-12T18:36:30","date_gmt":"2025-12-12T17:36:30","guid":{"rendered":"https:\/\/test.ecbeaute.com\/?post_type=product&#038;p=31891"},"modified":"2025-12-12T18:36:35","modified_gmt":"2025-12-12T17:36:35","slug":"cicabiafine-lait-corporel-hydratant-quotidien-2","status":"publish","type":"product","link":"https:\/\/paracherkaoui.ma\/index.php\/produit\/cicabiafine-lait-corporel-hydratant-quotidien-2\/","title":{"rendered":"CICABIAFINE LAIT CORPOREL HYDRATANT QUOTIDIEN"},"content":{"rendered":"<p>Le lait r\u00e9parateur des peaux s\u00e8ches: Apaise\u00a0la peau\u00a0et\u00a0hydrate\u00a0imm\u00e9diatement. R\u00e9pare\u00a0la peau s\u00e8che d\u00e8s la premi\u00e8re application. Jour apr\u00e8s jour, la peau est plus douce et lisse. Sa texture l\u00e9g\u00e8re p\u00e9n\u00e8tre rapidement et ne colle pas. Formule hypoallerg\u00e9nique, d\u00e9velopp\u00e9e sous contr\u00f4le m\u00e9dical et test\u00e9e cliniquement. Indications D\u00e9velopp\u00e9 pour les\u00a0peaux s\u00e8ches,\u00a0tiraill\u00e9es\u00a0ou\u00a0rugueuses.\u00a0Convient aux peaux sensibles. Convient \u00e0 toute la famille: enfants de plus de 3 ans, adultes. Appliquer 2 fois par jour, de pr\u00e9f\u00e9rence apr\u00e8s la toilette avec le Baume Douche Hydratant Surgras CICABIAFINE\u00ae\u00a0sur une peau pr\u00e9alablement s\u00e9ch\u00e9e. Ingr\u00e9dients Acide hyaluronique\u00a0et\u00a0panth\u00e9nol\u00a0reconnus pour leurs propri\u00e9t\u00e9s r\u00e9paratrices. Glyc\u00e9rine\u00a0reconnue pour ses propri\u00e9t\u00e9s hydratantes. Nous vous recommandons de prendre connaissance de la liste d\u2019ingr\u00e9dients sur l\u2019emballage du produit, celle-ci faisant foi.<\/p>\n","protected":false},"excerpt":{"rendered":"<p>Le lait r\u00e9parateur des peaux s\u00e8ches: Apaise\u00a0la peau\u00a0et\u00a0hydrate\u00a0imm\u00e9diatement. R\u00e9pare\u00a0la peau s\u00e8che d\u00e8s la premi\u00e8re application. Jour apr\u00e8s jour, la peau<\/p>\n","protected":false},"featured_media":14361,"comment_status":"open","ping_status":"closed","template":"","meta":[],"product_brand":[151],"product_cat":[590],"product_tag":[],"class_list":{"0":"post-31891","1":"product","2":"type-product","3":"status-publish","4":"has-post-thumbnail","6":"product_brand-cicabiafine","7":"product_cat-cremes-cicatrisantes","9":"first","10":"instock","11":"sale","12":"shipping-taxable","13":"purchasable","14":"product-type-simple"},"yoast_head":"<!-- This site is optimized with the Yoast SEO plugin v26.6 - https:\/\/yoast.com\/wordpress\/plugins\/seo\/ -->\r\n<title>CICABIAFINE LAIT CORPOREL HYDRATANT QUOTIDIEN - Paracherkaoui.ma<\/title>\r\n<meta name=\"robots\" content=\"index, follow, max-snippet:-1, max-image-preview:large, max-video-preview:-1\" \/>\r\n<link rel=\"canonical\" href=\"https:\/\/paracherkaoui.ma\/index.php\/produit\/cicabiafine-lait-corporel-hydratant-quotidien-2\/\" \/>\r\n<meta property=\"og:locale\" content=\"fr_FR\" \/>\r\n<meta property=\"og:type\" content=\"article\" \/>\r\n<meta property=\"og:title\" content=\"CICABIAFINE LAIT CORPOREL HYDRATANT QUOTIDIEN - Paracherkaoui.ma\" \/>\r\n<meta property=\"og:description\" content=\"Le lait r\u00e9parateur des peaux s\u00e8ches: Apaise\u00a0la peau\u00a0et\u00a0hydrate\u00a0imm\u00e9diatement. R\u00e9pare\u00a0la peau s\u00e8che d\u00e8s la premi\u00e8re application. Jour apr\u00e8s jour, la peau\" \/>\r\n<meta property=\"og:url\" content=\"https:\/\/paracherkaoui.ma\/index.php\/produit\/cicabiafine-lait-corporel-hydratant-quotidien-2\/\" \/>\r\n<meta property=\"og:site_name\" content=\"Paracherkaoui.ma\" \/>\r\n<meta property=\"article:modified_time\" content=\"2025-12-12T17:36:35+00:00\" \/>\r\n<meta property=\"og:image\" content=\"https:\/\/paracherkaoui.ma\/wp-content\/uploads\/2025\/12\/cicabiafine-cicabiafine-lait-corporel-hydratant-quotidien-cremes-cicatrisantes.jpg\" \/>\r\n\t<meta property=\"og:image:width\" content=\"700\" \/>\r\n\t<meta property=\"og:image:height\" content=\"700\" \/>\r\n\t<meta property=\"og:image:type\" content=\"image\/jpeg\" \/>\r\n<meta name=\"twitter:card\" content=\"summary_large_image\" \/>\r\n<meta name=\"twitter:label1\" content=\"Dur\u00e9e de lecture estim\u00e9e\" \/>\n\t<meta name=\"twitter:data1\" content=\"1 minute\" \/>\r\n<script type=\"application\/ld+json\" class=\"yoast-schema-graph\">{\"@context\":\"https:\/\/schema.org\",\"@graph\":[{\"@type\":\"WebPage\",\"@id\":\"https:\/\/paracherkaoui.ma\/index.php\/produit\/cicabiafine-lait-corporel-hydratant-quotidien-2\/\",\"url\":\"https:\/\/paracherkaoui.ma\/index.php\/produit\/cicabiafine-lait-corporel-hydratant-quotidien-2\/\",\"name\":\"CICABIAFINE LAIT CORPOREL HYDRATANT QUOTIDIEN - Paracherkaoui.ma\",\"isPartOf\":{\"@id\":\"https:\/\/paracherkaoui.ma\/#website\"},\"primaryImageOfPage\":{\"@id\":\"https:\/\/paracherkaoui.ma\/index.php\/produit\/cicabiafine-lait-corporel-hydratant-quotidien-2\/#primaryimage\"},\"image\":{\"@id\":\"https:\/\/paracherkaoui.ma\/index.php\/produit\/cicabiafine-lait-corporel-hydratant-quotidien-2\/#primaryimage\"},\"thumbnailUrl\":\"https:\/\/paracherkaoui.ma\/wp-content\/uploads\/2025\/12\/cicabiafine-cicabiafine-lait-corporel-hydratant-quotidien-cremes-cicatrisantes.jpg\",\"datePublished\":\"2025-12-12T17:36:30+00:00\",\"dateModified\":\"2025-12-12T17:36:35+00:00\",\"breadcrumb\":{\"@id\":\"https:\/\/paracherkaoui.ma\/index.php\/produit\/cicabiafine-lait-corporel-hydratant-quotidien-2\/#breadcrumb\"},\"inLanguage\":\"fr-FR\",\"potentialAction\":[{\"@type\":\"ReadAction\",\"target\":[\"https:\/\/paracherkaoui.ma\/index.php\/produit\/cicabiafine-lait-corporel-hydratant-quotidien-2\/\"]}]},{\"@type\":\"ImageObject\",\"inLanguage\":\"fr-FR\",\"@id\":\"https:\/\/paracherkaoui.ma\/index.php\/produit\/cicabiafine-lait-corporel-hydratant-quotidien-2\/#primaryimage\",\"url\":\"https:\/\/paracherkaoui.ma\/wp-content\/uploads\/2025\/12\/cicabiafine-cicabiafine-lait-corporel-hydratant-quotidien-cremes-cicatrisantes.jpg\",\"contentUrl\":\"https:\/\/paracherkaoui.ma\/wp-content\/uploads\/2025\/12\/cicabiafine-cicabiafine-lait-corporel-hydratant-quotidien-cremes-cicatrisantes.jpg\",\"width\":700,\"height\":700},{\"@type\":\"BreadcrumbList\",\"@id\":\"https:\/\/paracherkaoui.ma\/index.php\/produit\/cicabiafine-lait-corporel-hydratant-quotidien-2\/#breadcrumb\",\"itemListElement\":[{\"@type\":\"ListItem\",\"position\":1,\"name\":\"Accueil\",\"item\":\"https:\/\/paracherkaoui.ma\/\"},{\"@type\":\"ListItem\",\"position\":2,\"name\":\"Boutique\",\"item\":\"https:\/\/paracherkaoui.ma\/index.php\/boutique\/\"},{\"@type\":\"ListItem\",\"position\":3,\"name\":\"CICABIAFINE LAIT CORPOREL HYDRATANT QUOTIDIEN\"}]},{\"@type\":\"WebSite\",\"@id\":\"https:\/\/paracherkaoui.ma\/#website\",\"url\":\"https:\/\/paracherkaoui.ma\/\",\"name\":\"Paracherkaoui.ma\",\"description\":\"Achetez en ligne sur Paracherkaoui.ma\",\"potentialAction\":[{\"@type\":\"SearchAction\",\"target\":{\"@type\":\"EntryPoint\",\"urlTemplate\":\"https:\/\/paracherkaoui.ma\/?s={search_term_string}\"},\"query-input\":{\"@type\":\"PropertyValueSpecification\",\"valueRequired\":true,\"valueName\":\"search_term_string\"}}],\"inLanguage\":\"fr-FR\"}]}<\/script>\r\n<!-- \/ Yoast SEO plugin. -->","yoast_head_json":{"title":"CICABIAFINE LAIT CORPOREL HYDRATANT QUOTIDIEN - Paracherkaoui.ma","robots":{"index":"index","follow":"follow","max-snippet":"max-snippet:-1","max-image-preview":"max-image-preview:large","max-video-preview":"max-video-preview:-1"},"canonical":"https:\/\/paracherkaoui.ma\/index.php\/produit\/cicabiafine-lait-corporel-hydratant-quotidien-2\/","og_locale":"fr_FR","og_type":"article","og_title":"CICABIAFINE LAIT CORPOREL HYDRATANT QUOTIDIEN - Paracherkaoui.ma","og_description":"Le lait r\u00e9parateur des peaux s\u00e8ches: Apaise\u00a0la peau\u00a0et\u00a0hydrate\u00a0imm\u00e9diatement. R\u00e9pare\u00a0la peau s\u00e8che d\u00e8s la premi\u00e8re application. Jour apr\u00e8s jour, la peau","og_url":"https:\/\/paracherkaoui.ma\/index.php\/produit\/cicabiafine-lait-corporel-hydratant-quotidien-2\/","og_site_name":"Paracherkaoui.ma","article_modified_time":"2025-12-12T17:36:35+00:00","og_image":[{"width":700,"height":700,"url":"https:\/\/paracherkaoui.ma\/wp-content\/uploads\/2025\/12\/cicabiafine-cicabiafine-lait-corporel-hydratant-quotidien-cremes-cicatrisantes.jpg","type":"image\/jpeg"}],"twitter_card":"summary_large_image","twitter_misc":{"Dur\u00e9e de lecture estim\u00e9e":"1 minute"},"schema":{"@context":"https:\/\/schema.org","@graph":[{"@type":"WebPage","@id":"https:\/\/paracherkaoui.ma\/index.php\/produit\/cicabiafine-lait-corporel-hydratant-quotidien-2\/","url":"https:\/\/paracherkaoui.ma\/index.php\/produit\/cicabiafine-lait-corporel-hydratant-quotidien-2\/","name":"CICABIAFINE LAIT CORPOREL HYDRATANT QUOTIDIEN - Paracherkaoui.ma","isPartOf":{"@id":"https:\/\/paracherkaoui.ma\/#website"},"primaryImageOfPage":{"@id":"https:\/\/paracherkaoui.ma\/index.php\/produit\/cicabiafine-lait-corporel-hydratant-quotidien-2\/#primaryimage"},"image":{"@id":"https:\/\/paracherkaoui.ma\/index.php\/produit\/cicabiafine-lait-corporel-hydratant-quotidien-2\/#primaryimage"},"thumbnailUrl":"https:\/\/paracherkaoui.ma\/wp-content\/uploads\/2025\/12\/cicabiafine-cicabiafine-lait-corporel-hydratant-quotidien-cremes-cicatrisantes.jpg","datePublished":"2025-12-12T17:36:30+00:00","dateModified":"2025-12-12T17:36:35+00:00","breadcrumb":{"@id":"https:\/\/paracherkaoui.ma\/index.php\/produit\/cicabiafine-lait-corporel-hydratant-quotidien-2\/#breadcrumb"},"inLanguage":"fr-FR","potentialAction":[{"@type":"ReadAction","target":["https:\/\/paracherkaoui.ma\/index.php\/produit\/cicabiafine-lait-corporel-hydratant-quotidien-2\/"]}]},{"@type":"ImageObject","inLanguage":"fr-FR","@id":"https:\/\/paracherkaoui.ma\/index.php\/produit\/cicabiafine-lait-corporel-hydratant-quotidien-2\/#primaryimage","url":"https:\/\/paracherkaoui.ma\/wp-content\/uploads\/2025\/12\/cicabiafine-cicabiafine-lait-corporel-hydratant-quotidien-cremes-cicatrisantes.jpg","contentUrl":"https:\/\/paracherkaoui.ma\/wp-content\/uploads\/2025\/12\/cicabiafine-cicabiafine-lait-corporel-hydratant-quotidien-cremes-cicatrisantes.jpg","width":700,"height":700},{"@type":"BreadcrumbList","@id":"https:\/\/paracherkaoui.ma\/index.php\/produit\/cicabiafine-lait-corporel-hydratant-quotidien-2\/#breadcrumb","itemListElement":[{"@type":"ListItem","position":1,"name":"Accueil","item":"https:\/\/paracherkaoui.ma\/"},{"@type":"ListItem","position":2,"name":"Boutique","item":"https:\/\/paracherkaoui.ma\/index.php\/boutique\/"},{"@type":"ListItem","position":3,"name":"CICABIAFINE LAIT CORPOREL HYDRATANT QUOTIDIEN"}]},{"@type":"WebSite","@id":"https:\/\/paracherkaoui.ma\/#website","url":"https:\/\/paracherkaoui.ma\/","name":"Paracherkaoui.ma","description":"Achetez en ligne sur Paracherkaoui.ma","potentialAction":[{"@type":"SearchAction","target":{"@type":"EntryPoint","urlTemplate":"https:\/\/paracherkaoui.ma\/?s={search_term_string}"},"query-input":{"@type":"PropertyValueSpecification","valueRequired":true,"valueName":"search_term_string"}}],"inLanguage":"fr-FR"}]}},"_links":{"self":[{"href":"https:\/\/paracherkaoui.ma\/index.php\/wp-json\/wp\/v2\/product\/31891","targetHints":{"allow":["GET"]}}],"collection":[{"href":"https:\/\/paracherkaoui.ma\/index.php\/wp-json\/wp\/v2\/product"}],"about":[{"href":"https:\/\/paracherkaoui.ma\/index.php\/wp-json\/wp\/v2\/types\/product"}],"replies":[{"embeddable":true,"href":"https:\/\/paracherkaoui.ma\/index.php\/wp-json\/wp\/v2\/comments?post=31891"}],"version-history":[{"count":1,"href":"https:\/\/paracherkaoui.ma\/index.php\/wp-json\/wp\/v2\/product\/31891\/revisions"}],"predecessor-version":[{"id":31924,"href":"https:\/\/paracherkaoui.ma\/index.php\/wp-json\/wp\/v2\/product\/31891\/revisions\/31924"}],"wp:featuredmedia":[{"embeddable":true,"href":"https:\/\/paracherkaoui.ma\/index.php\/wp-json\/wp\/v2\/media\/14361"}],"wp:attachment":[{"href":"https:\/\/paracherkaoui.ma\/index.php\/wp-json\/wp\/v2\/media?parent=31891"}],"wp:term":[{"taxonomy":"product_brand","embeddable":true,"href":"https:\/\/paracherkaoui.ma\/index.php\/wp-json\/wp\/v2\/product_brand?post=31891"},{"taxonomy":"product_cat","embeddable":true,"href":"https:\/\/paracherkaoui.ma\/index.php\/wp-json\/wp\/v2\/product_cat?post=31891"},{"taxonomy":"product_tag","embeddable":true,"href":"https:\/\/paracherkaoui.ma\/index.php\/wp-json\/wp\/v2\/product_tag?post=31891"}],"curies":[{"name":"wp","href":"https:\/\/api.w.org\/{rel}","templated":true}]}}