{"id":31879,"date":"2025-12-12T18:36:30","date_gmt":"2025-12-12T17:36:30","guid":{"rendered":"https:\/\/test.ecbeaute.com\/?post_type=product&#038;p=31879"},"modified":"2025-12-12T18:36:32","modified_gmt":"2025-12-12T17:36:32","slug":"dcp-cicaplus-zones-larges-lait-reparateur-200-ml","status":"publish","type":"product","link":"https:\/\/paracherkaoui.ma\/index.php\/produit\/dcp-cicaplus-zones-larges-lait-reparateur-200-ml\/","title":{"rendered":"DCP CICAPLUS ZONES LARGES LAIT REPARATEUR 200 ML"},"content":{"rendered":"<p>DCP CICAPLUS ZONES LARGES 200mL\u00a0Gr\u00e2ce \u00e0 sa composition riche en actifs r\u00e9parateurs, hydratants et aseptisants, DCP CICAPLUS zones larges favorise la r\u00e9paratipon de la peau et constitue un excellent aseptisant et hydratant DCP CICAPLUS zones larges est conseill\u00e9 apr\u00e8s les actes pour les peaux fragilis\u00e9es, irrit\u00e9es et apr\u00e8s les br\u00fblures de 1er degr\u00e9. DCP CICAPLUS convient \u00e0 toute la famille (adultes, enfants et nourrissons). CONSEILS D\u2019UTILISATION Appliquer DCP CICAPLUS zones larges deux fois par jour sur les zones concern\u00e9es.<\/p>\n","protected":false},"excerpt":{"rendered":"<p>DCP CICAPLUS ZONES LARGES 200mL\u00a0Gr\u00e2ce \u00e0 sa composition riche en actifs r\u00e9parateurs, hydratants et aseptisants, DCP CICAPLUS zones larges favorise<\/p>\n","protected":false},"featured_media":31902,"comment_status":"open","ping_status":"closed","template":"","meta":[],"product_brand":[257],"product_cat":[590],"product_tag":[],"class_list":{"0":"post-31879","1":"product","2":"type-product","3":"status-publish","4":"has-post-thumbnail","6":"product_brand-dcpderm","7":"product_cat-cremes-cicatrisantes","9":"first","10":"instock","11":"sale","12":"shipping-taxable","13":"purchasable","14":"product-type-simple"},"yoast_head":"<!-- This site is optimized with the Yoast SEO plugin v26.6 - https:\/\/yoast.com\/wordpress\/plugins\/seo\/ -->\r\n<title>DCP CICAPLUS ZONES LARGES LAIT REPARATEUR 200 ML - Paracherkaoui.ma<\/title>\r\n<meta name=\"robots\" content=\"index, follow, max-snippet:-1, max-image-preview:large, max-video-preview:-1\" \/>\r\n<link rel=\"canonical\" href=\"https:\/\/paracherkaoui.ma\/index.php\/produit\/dcp-cicaplus-zones-larges-lait-reparateur-200-ml\/\" \/>\r\n<meta property=\"og:locale\" content=\"fr_FR\" \/>\r\n<meta property=\"og:type\" content=\"article\" \/>\r\n<meta property=\"og:title\" content=\"DCP CICAPLUS ZONES LARGES LAIT REPARATEUR 200 ML - Paracherkaoui.ma\" \/>\r\n<meta property=\"og:description\" content=\"DCP CICAPLUS ZONES LARGES 200mL\u00a0Gr\u00e2ce \u00e0 sa composition riche en actifs r\u00e9parateurs, hydratants et aseptisants, DCP CICAPLUS zones larges favorise\" \/>\r\n<meta property=\"og:url\" content=\"https:\/\/paracherkaoui.ma\/index.php\/produit\/dcp-cicaplus-zones-larges-lait-reparateur-200-ml\/\" \/>\r\n<meta property=\"og:site_name\" content=\"Paracherkaoui.ma\" \/>\r\n<meta property=\"article:modified_time\" content=\"2025-12-12T17:36:32+00:00\" \/>\r\n<meta property=\"og:image\" content=\"https:\/\/paracherkaoui.ma\/wp-content\/uploads\/2025\/12\/dcpderm-dcp-cicaplus-zones-larges-lait-reparateur-200-ml-cremes-cicatrisantes.jpg\" \/>\r\n\t<meta property=\"og:image:width\" content=\"700\" \/>\r\n\t<meta property=\"og:image:height\" content=\"700\" \/>\r\n\t<meta property=\"og:image:type\" content=\"image\/jpeg\" \/>\r\n<meta name=\"twitter:card\" content=\"summary_large_image\" \/>\r\n<script type=\"application\/ld+json\" class=\"yoast-schema-graph\">{\"@context\":\"https:\/\/schema.org\",\"@graph\":[{\"@type\":\"WebPage\",\"@id\":\"https:\/\/paracherkaoui.ma\/index.php\/produit\/dcp-cicaplus-zones-larges-lait-reparateur-200-ml\/\",\"url\":\"https:\/\/paracherkaoui.ma\/index.php\/produit\/dcp-cicaplus-zones-larges-lait-reparateur-200-ml\/\",\"name\":\"DCP CICAPLUS ZONES LARGES LAIT REPARATEUR 200 ML - Paracherkaoui.ma\",\"isPartOf\":{\"@id\":\"https:\/\/paracherkaoui.ma\/#website\"},\"primaryImageOfPage\":{\"@id\":\"https:\/\/paracherkaoui.ma\/index.php\/produit\/dcp-cicaplus-zones-larges-lait-reparateur-200-ml\/#primaryimage\"},\"image\":{\"@id\":\"https:\/\/paracherkaoui.ma\/index.php\/produit\/dcp-cicaplus-zones-larges-lait-reparateur-200-ml\/#primaryimage\"},\"thumbnailUrl\":\"https:\/\/paracherkaoui.ma\/wp-content\/uploads\/2025\/12\/dcpderm-dcp-cicaplus-zones-larges-lait-reparateur-200-ml-cremes-cicatrisantes.jpg\",\"datePublished\":\"2025-12-12T17:36:30+00:00\",\"dateModified\":\"2025-12-12T17:36:32+00:00\",\"breadcrumb\":{\"@id\":\"https:\/\/paracherkaoui.ma\/index.php\/produit\/dcp-cicaplus-zones-larges-lait-reparateur-200-ml\/#breadcrumb\"},\"inLanguage\":\"fr-FR\",\"potentialAction\":[{\"@type\":\"ReadAction\",\"target\":[\"https:\/\/paracherkaoui.ma\/index.php\/produit\/dcp-cicaplus-zones-larges-lait-reparateur-200-ml\/\"]}]},{\"@type\":\"ImageObject\",\"inLanguage\":\"fr-FR\",\"@id\":\"https:\/\/paracherkaoui.ma\/index.php\/produit\/dcp-cicaplus-zones-larges-lait-reparateur-200-ml\/#primaryimage\",\"url\":\"https:\/\/paracherkaoui.ma\/wp-content\/uploads\/2025\/12\/dcpderm-dcp-cicaplus-zones-larges-lait-reparateur-200-ml-cremes-cicatrisantes.jpg\",\"contentUrl\":\"https:\/\/paracherkaoui.ma\/wp-content\/uploads\/2025\/12\/dcpderm-dcp-cicaplus-zones-larges-lait-reparateur-200-ml-cremes-cicatrisantes.jpg\",\"width\":700,\"height\":700},{\"@type\":\"BreadcrumbList\",\"@id\":\"https:\/\/paracherkaoui.ma\/index.php\/produit\/dcp-cicaplus-zones-larges-lait-reparateur-200-ml\/#breadcrumb\",\"itemListElement\":[{\"@type\":\"ListItem\",\"position\":1,\"name\":\"Accueil\",\"item\":\"https:\/\/paracherkaoui.ma\/\"},{\"@type\":\"ListItem\",\"position\":2,\"name\":\"Boutique\",\"item\":\"https:\/\/paracherkaoui.ma\/index.php\/boutique\/\"},{\"@type\":\"ListItem\",\"position\":3,\"name\":\"DCP CICAPLUS ZONES LARGES LAIT REPARATEUR 200 ML\"}]},{\"@type\":\"WebSite\",\"@id\":\"https:\/\/paracherkaoui.ma\/#website\",\"url\":\"https:\/\/paracherkaoui.ma\/\",\"name\":\"Paracherkaoui.ma\",\"description\":\"Achetez en ligne sur Paracherkaoui.ma\",\"potentialAction\":[{\"@type\":\"SearchAction\",\"target\":{\"@type\":\"EntryPoint\",\"urlTemplate\":\"https:\/\/paracherkaoui.ma\/?s={search_term_string}\"},\"query-input\":{\"@type\":\"PropertyValueSpecification\",\"valueRequired\":true,\"valueName\":\"search_term_string\"}}],\"inLanguage\":\"fr-FR\"}]}<\/script>\r\n<!-- \/ Yoast SEO plugin. -->","yoast_head_json":{"title":"DCP CICAPLUS ZONES LARGES LAIT REPARATEUR 200 ML - Paracherkaoui.ma","robots":{"index":"index","follow":"follow","max-snippet":"max-snippet:-1","max-image-preview":"max-image-preview:large","max-video-preview":"max-video-preview:-1"},"canonical":"https:\/\/paracherkaoui.ma\/index.php\/produit\/dcp-cicaplus-zones-larges-lait-reparateur-200-ml\/","og_locale":"fr_FR","og_type":"article","og_title":"DCP CICAPLUS ZONES LARGES LAIT REPARATEUR 200 ML - Paracherkaoui.ma","og_description":"DCP CICAPLUS ZONES LARGES 200mL\u00a0Gr\u00e2ce \u00e0 sa composition riche en actifs r\u00e9parateurs, hydratants et aseptisants, DCP CICAPLUS zones larges favorise","og_url":"https:\/\/paracherkaoui.ma\/index.php\/produit\/dcp-cicaplus-zones-larges-lait-reparateur-200-ml\/","og_site_name":"Paracherkaoui.ma","article_modified_time":"2025-12-12T17:36:32+00:00","og_image":[{"width":700,"height":700,"url":"https:\/\/paracherkaoui.ma\/wp-content\/uploads\/2025\/12\/dcpderm-dcp-cicaplus-zones-larges-lait-reparateur-200-ml-cremes-cicatrisantes.jpg","type":"image\/jpeg"}],"twitter_card":"summary_large_image","schema":{"@context":"https:\/\/schema.org","@graph":[{"@type":"WebPage","@id":"https:\/\/paracherkaoui.ma\/index.php\/produit\/dcp-cicaplus-zones-larges-lait-reparateur-200-ml\/","url":"https:\/\/paracherkaoui.ma\/index.php\/produit\/dcp-cicaplus-zones-larges-lait-reparateur-200-ml\/","name":"DCP CICAPLUS ZONES LARGES LAIT REPARATEUR 200 ML - Paracherkaoui.ma","isPartOf":{"@id":"https:\/\/paracherkaoui.ma\/#website"},"primaryImageOfPage":{"@id":"https:\/\/paracherkaoui.ma\/index.php\/produit\/dcp-cicaplus-zones-larges-lait-reparateur-200-ml\/#primaryimage"},"image":{"@id":"https:\/\/paracherkaoui.ma\/index.php\/produit\/dcp-cicaplus-zones-larges-lait-reparateur-200-ml\/#primaryimage"},"thumbnailUrl":"https:\/\/paracherkaoui.ma\/wp-content\/uploads\/2025\/12\/dcpderm-dcp-cicaplus-zones-larges-lait-reparateur-200-ml-cremes-cicatrisantes.jpg","datePublished":"2025-12-12T17:36:30+00:00","dateModified":"2025-12-12T17:36:32+00:00","breadcrumb":{"@id":"https:\/\/paracherkaoui.ma\/index.php\/produit\/dcp-cicaplus-zones-larges-lait-reparateur-200-ml\/#breadcrumb"},"inLanguage":"fr-FR","potentialAction":[{"@type":"ReadAction","target":["https:\/\/paracherkaoui.ma\/index.php\/produit\/dcp-cicaplus-zones-larges-lait-reparateur-200-ml\/"]}]},{"@type":"ImageObject","inLanguage":"fr-FR","@id":"https:\/\/paracherkaoui.ma\/index.php\/produit\/dcp-cicaplus-zones-larges-lait-reparateur-200-ml\/#primaryimage","url":"https:\/\/paracherkaoui.ma\/wp-content\/uploads\/2025\/12\/dcpderm-dcp-cicaplus-zones-larges-lait-reparateur-200-ml-cremes-cicatrisantes.jpg","contentUrl":"https:\/\/paracherkaoui.ma\/wp-content\/uploads\/2025\/12\/dcpderm-dcp-cicaplus-zones-larges-lait-reparateur-200-ml-cremes-cicatrisantes.jpg","width":700,"height":700},{"@type":"BreadcrumbList","@id":"https:\/\/paracherkaoui.ma\/index.php\/produit\/dcp-cicaplus-zones-larges-lait-reparateur-200-ml\/#breadcrumb","itemListElement":[{"@type":"ListItem","position":1,"name":"Accueil","item":"https:\/\/paracherkaoui.ma\/"},{"@type":"ListItem","position":2,"name":"Boutique","item":"https:\/\/paracherkaoui.ma\/index.php\/boutique\/"},{"@type":"ListItem","position":3,"name":"DCP CICAPLUS ZONES LARGES LAIT REPARATEUR 200 ML"}]},{"@type":"WebSite","@id":"https:\/\/paracherkaoui.ma\/#website","url":"https:\/\/paracherkaoui.ma\/","name":"Paracherkaoui.ma","description":"Achetez en ligne sur Paracherkaoui.ma","potentialAction":[{"@type":"SearchAction","target":{"@type":"EntryPoint","urlTemplate":"https:\/\/paracherkaoui.ma\/?s={search_term_string}"},"query-input":{"@type":"PropertyValueSpecification","valueRequired":true,"valueName":"search_term_string"}}],"inLanguage":"fr-FR"}]}},"_links":{"self":[{"href":"https:\/\/paracherkaoui.ma\/index.php\/wp-json\/wp\/v2\/product\/31879","targetHints":{"allow":["GET"]}}],"collection":[{"href":"https:\/\/paracherkaoui.ma\/index.php\/wp-json\/wp\/v2\/product"}],"about":[{"href":"https:\/\/paracherkaoui.ma\/index.php\/wp-json\/wp\/v2\/types\/product"}],"replies":[{"embeddable":true,"href":"https:\/\/paracherkaoui.ma\/index.php\/wp-json\/wp\/v2\/comments?post=31879"}],"version-history":[{"count":1,"href":"https:\/\/paracherkaoui.ma\/index.php\/wp-json\/wp\/v2\/product\/31879\/revisions"}],"predecessor-version":[{"id":31903,"href":"https:\/\/paracherkaoui.ma\/index.php\/wp-json\/wp\/v2\/product\/31879\/revisions\/31903"}],"wp:featuredmedia":[{"embeddable":true,"href":"https:\/\/paracherkaoui.ma\/index.php\/wp-json\/wp\/v2\/media\/31902"}],"wp:attachment":[{"href":"https:\/\/paracherkaoui.ma\/index.php\/wp-json\/wp\/v2\/media?parent=31879"}],"wp:term":[{"taxonomy":"product_brand","embeddable":true,"href":"https:\/\/paracherkaoui.ma\/index.php\/wp-json\/wp\/v2\/product_brand?post=31879"},{"taxonomy":"product_cat","embeddable":true,"href":"https:\/\/paracherkaoui.ma\/index.php\/wp-json\/wp\/v2\/product_cat?post=31879"},{"taxonomy":"product_tag","embeddable":true,"href":"https:\/\/paracherkaoui.ma\/index.php\/wp-json\/wp\/v2\/product_tag?post=31879"}],"curies":[{"name":"wp","href":"https:\/\/api.w.org\/{rel}","templated":true}]}}