{"id":31524,"date":"2025-12-12T18:35:32","date_gmt":"2025-12-12T17:35:32","guid":{"rendered":"https:\/\/test.ecbeaute.com\/?post_type=product&#038;p=31524"},"modified":"2025-12-12T18:35:36","modified_gmt":"2025-12-12T17:35:36","slug":"hei-poa-eau-de-toilette-sensuialite-exotique-50-ml","status":"publish","type":"product","link":"https:\/\/paracherkaoui.ma\/index.php\/produit\/hei-poa-eau-de-toilette-sensuialite-exotique-50-ml\/","title":{"rendered":"HEI POA EAU DE TOILETTE SENSUIALITE EXOTIQUE 50 ML"},"content":{"rendered":"<p>Sensualit\u00e9 Exotique\u00a0est une nouvelle exp\u00e9rience olfactive, un voyage dans un univers v\u00e9g\u00e9tal lointain, entre fruits ensoleill\u00e9s et fleurs tropicales, association si ch\u00e8re \u00e0 la marque Hei Poa. Les notes de t\u00eate sont intenses, imm\u00e9diatement prenantes, parfois m\u00eame d\u00e9routantes, autour du Melon d\u2019eau, du C\u00e9drat, l\u2019agrume M\u00e8re du Citron, et surtout du Pitaya, ce fruit d\u2019un curieux cactus, \u00e9galement connu sous le nom de Fruit du Dragon. Cette fra\u00eecheur fruit\u00e9e, mais non sucr\u00e9e, s\u2019adoucit rapidement avec l\u2019arriv\u00e9e des notes de c\u0153ur et l\u2019apparition d\u2019un bouquet de fleurs blanches, compos\u00e9 de Lotus Blanc, de Magnolia et de la Fleur de Tiare qui apportent discr\u00e8tement leur nature apaisante. Le mariage se fait doux, de plus en plus harmonieux, et s\u2019installe sur votre peau pour plusieurs heures, en \u00e9voluant d\u00e9licatement, gr\u00e2ce au soutien de notes de fond musqu\u00e9es et ambr\u00e9es. Mais cette envol\u00e9e du 1er pschitt reste en m\u00e9moire, captivante, ensorcelante. On y revient, pour une nouvelle promenade d\u00e9paysante, histoire de changer d\u2019air\u2026<\/p>\n","protected":false},"excerpt":{"rendered":"<p>Sensualit\u00e9 Exotique\u00a0est une nouvelle exp\u00e9rience olfactive, un voyage dans un univers v\u00e9g\u00e9tal lointain, entre fruits ensoleill\u00e9s et fleurs tropicales, association<\/p>\n","protected":false},"featured_media":31565,"comment_status":"open","ping_status":"closed","template":"","meta":[],"product_brand":[274],"product_cat":[569],"product_tag":[],"class_list":{"0":"post-31524","1":"product","2":"type-product","3":"status-publish","4":"has-post-thumbnail","6":"product_brand-hei-poa","7":"product_cat-parfums","9":"first","10":"instock","11":"sale","12":"shipping-taxable","13":"purchasable","14":"product-type-simple"},"yoast_head":"<!-- This site is optimized with the Yoast SEO plugin v26.6 - https:\/\/yoast.com\/wordpress\/plugins\/seo\/ -->\r\n<title>HEI POA EAU DE TOILETTE SENSUIALITE EXOTIQUE 50 ML - Paracherkaoui.ma<\/title>\r\n<meta name=\"robots\" content=\"index, follow, max-snippet:-1, max-image-preview:large, max-video-preview:-1\" \/>\r\n<link rel=\"canonical\" href=\"https:\/\/paracherkaoui.ma\/index.php\/produit\/hei-poa-eau-de-toilette-sensuialite-exotique-50-ml\/\" \/>\r\n<meta property=\"og:locale\" content=\"fr_FR\" \/>\r\n<meta property=\"og:type\" content=\"article\" \/>\r\n<meta property=\"og:title\" content=\"HEI POA EAU DE TOILETTE SENSUIALITE EXOTIQUE 50 ML - Paracherkaoui.ma\" \/>\r\n<meta property=\"og:description\" content=\"Sensualit\u00e9 Exotique\u00a0est une nouvelle exp\u00e9rience olfactive, un voyage dans un univers v\u00e9g\u00e9tal lointain, entre fruits ensoleill\u00e9s et fleurs tropicales, association\" \/>\r\n<meta property=\"og:url\" content=\"https:\/\/paracherkaoui.ma\/index.php\/produit\/hei-poa-eau-de-toilette-sensuialite-exotique-50-ml\/\" \/>\r\n<meta property=\"og:site_name\" content=\"Paracherkaoui.ma\" \/>\r\n<meta property=\"article:modified_time\" content=\"2025-12-12T17:35:36+00:00\" \/>\r\n<meta property=\"og:image\" content=\"https:\/\/paracherkaoui.ma\/wp-content\/uploads\/2025\/12\/hei-poa-hei-poa-eau-de-toilette-sensuialite-exotique-50-ml-parfums.jpg\" \/>\r\n\t<meta property=\"og:image:width\" content=\"700\" \/>\r\n\t<meta property=\"og:image:height\" content=\"700\" \/>\r\n\t<meta property=\"og:image:type\" content=\"image\/jpeg\" \/>\r\n<meta name=\"twitter:card\" content=\"summary_large_image\" \/>\r\n<meta name=\"twitter:label1\" content=\"Dur\u00e9e de lecture estim\u00e9e\" \/>\n\t<meta name=\"twitter:data1\" content=\"1 minute\" \/>\r\n<script type=\"application\/ld+json\" class=\"yoast-schema-graph\">{\"@context\":\"https:\/\/schema.org\",\"@graph\":[{\"@type\":\"WebPage\",\"@id\":\"https:\/\/paracherkaoui.ma\/index.php\/produit\/hei-poa-eau-de-toilette-sensuialite-exotique-50-ml\/\",\"url\":\"https:\/\/paracherkaoui.ma\/index.php\/produit\/hei-poa-eau-de-toilette-sensuialite-exotique-50-ml\/\",\"name\":\"HEI POA EAU DE TOILETTE SENSUIALITE EXOTIQUE 50 ML - Paracherkaoui.ma\",\"isPartOf\":{\"@id\":\"https:\/\/paracherkaoui.ma\/#website\"},\"primaryImageOfPage\":{\"@id\":\"https:\/\/paracherkaoui.ma\/index.php\/produit\/hei-poa-eau-de-toilette-sensuialite-exotique-50-ml\/#primaryimage\"},\"image\":{\"@id\":\"https:\/\/paracherkaoui.ma\/index.php\/produit\/hei-poa-eau-de-toilette-sensuialite-exotique-50-ml\/#primaryimage\"},\"thumbnailUrl\":\"https:\/\/paracherkaoui.ma\/wp-content\/uploads\/2025\/12\/hei-poa-hei-poa-eau-de-toilette-sensuialite-exotique-50-ml-parfums.jpg\",\"datePublished\":\"2025-12-12T17:35:32+00:00\",\"dateModified\":\"2025-12-12T17:35:36+00:00\",\"breadcrumb\":{\"@id\":\"https:\/\/paracherkaoui.ma\/index.php\/produit\/hei-poa-eau-de-toilette-sensuialite-exotique-50-ml\/#breadcrumb\"},\"inLanguage\":\"fr-FR\",\"potentialAction\":[{\"@type\":\"ReadAction\",\"target\":[\"https:\/\/paracherkaoui.ma\/index.php\/produit\/hei-poa-eau-de-toilette-sensuialite-exotique-50-ml\/\"]}]},{\"@type\":\"ImageObject\",\"inLanguage\":\"fr-FR\",\"@id\":\"https:\/\/paracherkaoui.ma\/index.php\/produit\/hei-poa-eau-de-toilette-sensuialite-exotique-50-ml\/#primaryimage\",\"url\":\"https:\/\/paracherkaoui.ma\/wp-content\/uploads\/2025\/12\/hei-poa-hei-poa-eau-de-toilette-sensuialite-exotique-50-ml-parfums.jpg\",\"contentUrl\":\"https:\/\/paracherkaoui.ma\/wp-content\/uploads\/2025\/12\/hei-poa-hei-poa-eau-de-toilette-sensuialite-exotique-50-ml-parfums.jpg\",\"width\":700,\"height\":700},{\"@type\":\"BreadcrumbList\",\"@id\":\"https:\/\/paracherkaoui.ma\/index.php\/produit\/hei-poa-eau-de-toilette-sensuialite-exotique-50-ml\/#breadcrumb\",\"itemListElement\":[{\"@type\":\"ListItem\",\"position\":1,\"name\":\"Accueil\",\"item\":\"https:\/\/paracherkaoui.ma\/\"},{\"@type\":\"ListItem\",\"position\":2,\"name\":\"Boutique\",\"item\":\"https:\/\/paracherkaoui.ma\/index.php\/boutique\/\"},{\"@type\":\"ListItem\",\"position\":3,\"name\":\"HEI POA EAU DE TOILETTE SENSUIALITE EXOTIQUE 50 ML\"}]},{\"@type\":\"WebSite\",\"@id\":\"https:\/\/paracherkaoui.ma\/#website\",\"url\":\"https:\/\/paracherkaoui.ma\/\",\"name\":\"Paracherkaoui.ma\",\"description\":\"Achetez en ligne sur Paracherkaoui.ma\",\"potentialAction\":[{\"@type\":\"SearchAction\",\"target\":{\"@type\":\"EntryPoint\",\"urlTemplate\":\"https:\/\/paracherkaoui.ma\/?s={search_term_string}\"},\"query-input\":{\"@type\":\"PropertyValueSpecification\",\"valueRequired\":true,\"valueName\":\"search_term_string\"}}],\"inLanguage\":\"fr-FR\"}]}<\/script>\r\n<!-- \/ Yoast SEO plugin. -->","yoast_head_json":{"title":"HEI POA EAU DE TOILETTE SENSUIALITE EXOTIQUE 50 ML - Paracherkaoui.ma","robots":{"index":"index","follow":"follow","max-snippet":"max-snippet:-1","max-image-preview":"max-image-preview:large","max-video-preview":"max-video-preview:-1"},"canonical":"https:\/\/paracherkaoui.ma\/index.php\/produit\/hei-poa-eau-de-toilette-sensuialite-exotique-50-ml\/","og_locale":"fr_FR","og_type":"article","og_title":"HEI POA EAU DE TOILETTE SENSUIALITE EXOTIQUE 50 ML - Paracherkaoui.ma","og_description":"Sensualit\u00e9 Exotique\u00a0est une nouvelle exp\u00e9rience olfactive, un voyage dans un univers v\u00e9g\u00e9tal lointain, entre fruits ensoleill\u00e9s et fleurs tropicales, association","og_url":"https:\/\/paracherkaoui.ma\/index.php\/produit\/hei-poa-eau-de-toilette-sensuialite-exotique-50-ml\/","og_site_name":"Paracherkaoui.ma","article_modified_time":"2025-12-12T17:35:36+00:00","og_image":[{"width":700,"height":700,"url":"https:\/\/paracherkaoui.ma\/wp-content\/uploads\/2025\/12\/hei-poa-hei-poa-eau-de-toilette-sensuialite-exotique-50-ml-parfums.jpg","type":"image\/jpeg"}],"twitter_card":"summary_large_image","twitter_misc":{"Dur\u00e9e de lecture estim\u00e9e":"1 minute"},"schema":{"@context":"https:\/\/schema.org","@graph":[{"@type":"WebPage","@id":"https:\/\/paracherkaoui.ma\/index.php\/produit\/hei-poa-eau-de-toilette-sensuialite-exotique-50-ml\/","url":"https:\/\/paracherkaoui.ma\/index.php\/produit\/hei-poa-eau-de-toilette-sensuialite-exotique-50-ml\/","name":"HEI POA EAU DE TOILETTE SENSUIALITE EXOTIQUE 50 ML - Paracherkaoui.ma","isPartOf":{"@id":"https:\/\/paracherkaoui.ma\/#website"},"primaryImageOfPage":{"@id":"https:\/\/paracherkaoui.ma\/index.php\/produit\/hei-poa-eau-de-toilette-sensuialite-exotique-50-ml\/#primaryimage"},"image":{"@id":"https:\/\/paracherkaoui.ma\/index.php\/produit\/hei-poa-eau-de-toilette-sensuialite-exotique-50-ml\/#primaryimage"},"thumbnailUrl":"https:\/\/paracherkaoui.ma\/wp-content\/uploads\/2025\/12\/hei-poa-hei-poa-eau-de-toilette-sensuialite-exotique-50-ml-parfums.jpg","datePublished":"2025-12-12T17:35:32+00:00","dateModified":"2025-12-12T17:35:36+00:00","breadcrumb":{"@id":"https:\/\/paracherkaoui.ma\/index.php\/produit\/hei-poa-eau-de-toilette-sensuialite-exotique-50-ml\/#breadcrumb"},"inLanguage":"fr-FR","potentialAction":[{"@type":"ReadAction","target":["https:\/\/paracherkaoui.ma\/index.php\/produit\/hei-poa-eau-de-toilette-sensuialite-exotique-50-ml\/"]}]},{"@type":"ImageObject","inLanguage":"fr-FR","@id":"https:\/\/paracherkaoui.ma\/index.php\/produit\/hei-poa-eau-de-toilette-sensuialite-exotique-50-ml\/#primaryimage","url":"https:\/\/paracherkaoui.ma\/wp-content\/uploads\/2025\/12\/hei-poa-hei-poa-eau-de-toilette-sensuialite-exotique-50-ml-parfums.jpg","contentUrl":"https:\/\/paracherkaoui.ma\/wp-content\/uploads\/2025\/12\/hei-poa-hei-poa-eau-de-toilette-sensuialite-exotique-50-ml-parfums.jpg","width":700,"height":700},{"@type":"BreadcrumbList","@id":"https:\/\/paracherkaoui.ma\/index.php\/produit\/hei-poa-eau-de-toilette-sensuialite-exotique-50-ml\/#breadcrumb","itemListElement":[{"@type":"ListItem","position":1,"name":"Accueil","item":"https:\/\/paracherkaoui.ma\/"},{"@type":"ListItem","position":2,"name":"Boutique","item":"https:\/\/paracherkaoui.ma\/index.php\/boutique\/"},{"@type":"ListItem","position":3,"name":"HEI POA EAU DE TOILETTE SENSUIALITE EXOTIQUE 50 ML"}]},{"@type":"WebSite","@id":"https:\/\/paracherkaoui.ma\/#website","url":"https:\/\/paracherkaoui.ma\/","name":"Paracherkaoui.ma","description":"Achetez en ligne sur Paracherkaoui.ma","potentialAction":[{"@type":"SearchAction","target":{"@type":"EntryPoint","urlTemplate":"https:\/\/paracherkaoui.ma\/?s={search_term_string}"},"query-input":{"@type":"PropertyValueSpecification","valueRequired":true,"valueName":"search_term_string"}}],"inLanguage":"fr-FR"}]}},"_links":{"self":[{"href":"https:\/\/paracherkaoui.ma\/index.php\/wp-json\/wp\/v2\/product\/31524","targetHints":{"allow":["GET"]}}],"collection":[{"href":"https:\/\/paracherkaoui.ma\/index.php\/wp-json\/wp\/v2\/product"}],"about":[{"href":"https:\/\/paracherkaoui.ma\/index.php\/wp-json\/wp\/v2\/types\/product"}],"replies":[{"embeddable":true,"href":"https:\/\/paracherkaoui.ma\/index.php\/wp-json\/wp\/v2\/comments?post=31524"}],"version-history":[{"count":1,"href":"https:\/\/paracherkaoui.ma\/index.php\/wp-json\/wp\/v2\/product\/31524\/revisions"}],"predecessor-version":[{"id":31566,"href":"https:\/\/paracherkaoui.ma\/index.php\/wp-json\/wp\/v2\/product\/31524\/revisions\/31566"}],"wp:featuredmedia":[{"embeddable":true,"href":"https:\/\/paracherkaoui.ma\/index.php\/wp-json\/wp\/v2\/media\/31565"}],"wp:attachment":[{"href":"https:\/\/paracherkaoui.ma\/index.php\/wp-json\/wp\/v2\/media?parent=31524"}],"wp:term":[{"taxonomy":"product_brand","embeddable":true,"href":"https:\/\/paracherkaoui.ma\/index.php\/wp-json\/wp\/v2\/product_brand?post=31524"},{"taxonomy":"product_cat","embeddable":true,"href":"https:\/\/paracherkaoui.ma\/index.php\/wp-json\/wp\/v2\/product_cat?post=31524"},{"taxonomy":"product_tag","embeddable":true,"href":"https:\/\/paracherkaoui.ma\/index.php\/wp-json\/wp\/v2\/product_tag?post=31524"}],"curies":[{"name":"wp","href":"https:\/\/api.w.org\/{rel}","templated":true}]}}