{"id":31023,"date":"2025-12-12T18:34:05","date_gmt":"2025-12-12T17:34:05","guid":{"rendered":"https:\/\/test.ecbeaute.com\/?post_type=product&#038;p=31023"},"modified":"2025-12-12T18:34:14","modified_gmt":"2025-12-12T17:34:14","slug":"caudalie-eau-fraiche-fleur-de-vigne","status":"publish","type":"product","link":"https:\/\/paracherkaoui.ma\/index.php\/produit\/caudalie-eau-fraiche-fleur-de-vigne\/","title":{"rendered":"CAUDALIE EAU FRAICHE FLEUR DE VIGNE"},"content":{"rendered":"<p>La fleur de vigne est une fleur \u00e9ph\u00e9m\u00e8re qui n\u2019\u00e9clot que quelques jours en juin et annonce 110 jours plus tard les vendanges. Cette eau fra\u00eeche et l\u00e9g\u00e8re associe la d\u00e9licatesse de la rose blanche, du poivre rose et du melon d\u2019eau aux accents \u00e9nergisants du pamplemousse, de la mandarine et du c\u00e8dre.<br \/>\nNotes de t\u00eate : bergamote, mandarine et pamplemousse<br \/>\nNotes de c\u0153ur : fleur de vigne (rose blanche et melon d&rsquo;eau)<br \/>\nNotes de fond : c\u00e8dre et santal<br \/>\nB\u00e9n\u00e9fices<br \/>\nFormule :<br \/>\nSans colorants artificiels.<br \/>\nEt comme tous les produits Caudalie, sans parab\u00e8nes, ph\u00e9noxy\u00e9thanol, sodium laureth sulfate, phtalates, huiles min\u00e9rales, ingr\u00e9dients d&rsquo;origine animale.<br \/>\nParfume et rafraichit<br \/>\nSans colorants artificiels<\/p>\n","protected":false},"excerpt":{"rendered":"<p>La fleur de vigne est une fleur \u00e9ph\u00e9m\u00e8re qui n\u2019\u00e9clot que quelques jours en juin et annonce 110 jours plus<\/p>\n","protected":false},"featured_media":31073,"comment_status":"open","ping_status":"closed","template":"","meta":[],"product_brand":[358],"product_cat":[569],"product_tag":[],"class_list":{"0":"post-31023","1":"product","2":"type-product","3":"status-publish","4":"has-post-thumbnail","6":"product_brand-caudalie","7":"product_cat-parfums","9":"first","10":"instock","11":"shipping-taxable","12":"purchasable","13":"product-type-simple"},"yoast_head":"<!-- This site is optimized with the Yoast SEO plugin v26.6 - https:\/\/yoast.com\/wordpress\/plugins\/seo\/ -->\r\n<title>CAUDALIE EAU FRAICHE FLEUR DE VIGNE - Paracherkaoui.ma<\/title>\r\n<meta name=\"robots\" content=\"index, follow, max-snippet:-1, max-image-preview:large, max-video-preview:-1\" \/>\r\n<link rel=\"canonical\" href=\"https:\/\/paracherkaoui.ma\/index.php\/produit\/caudalie-eau-fraiche-fleur-de-vigne\/\" \/>\r\n<meta property=\"og:locale\" content=\"fr_FR\" \/>\r\n<meta property=\"og:type\" content=\"article\" \/>\r\n<meta property=\"og:title\" content=\"CAUDALIE EAU FRAICHE FLEUR DE VIGNE - Paracherkaoui.ma\" \/>\r\n<meta property=\"og:description\" content=\"La fleur de vigne est une fleur \u00e9ph\u00e9m\u00e8re qui n\u2019\u00e9clot que quelques jours en juin et annonce 110 jours plus\" \/>\r\n<meta property=\"og:url\" content=\"https:\/\/paracherkaoui.ma\/index.php\/produit\/caudalie-eau-fraiche-fleur-de-vigne\/\" \/>\r\n<meta property=\"og:site_name\" content=\"Paracherkaoui.ma\" \/>\r\n<meta property=\"article:modified_time\" content=\"2025-12-12T17:34:14+00:00\" \/>\r\n<meta property=\"og:image\" content=\"https:\/\/paracherkaoui.ma\/wp-content\/uploads\/2025\/12\/caudalie-eau-fraiche-fleur-de-vigne.jpg\" \/>\r\n\t<meta property=\"og:image:width\" content=\"700\" \/>\r\n\t<meta property=\"og:image:height\" content=\"700\" \/>\r\n\t<meta property=\"og:image:type\" content=\"image\/jpeg\" \/>\r\n<meta name=\"twitter:card\" content=\"summary_large_image\" \/>\r\n<meta name=\"twitter:label1\" content=\"Dur\u00e9e de lecture estim\u00e9e\" \/>\n\t<meta name=\"twitter:data1\" content=\"1 minute\" \/>\r\n<script type=\"application\/ld+json\" class=\"yoast-schema-graph\">{\"@context\":\"https:\/\/schema.org\",\"@graph\":[{\"@type\":\"WebPage\",\"@id\":\"https:\/\/paracherkaoui.ma\/index.php\/produit\/caudalie-eau-fraiche-fleur-de-vigne\/\",\"url\":\"https:\/\/paracherkaoui.ma\/index.php\/produit\/caudalie-eau-fraiche-fleur-de-vigne\/\",\"name\":\"CAUDALIE EAU FRAICHE FLEUR DE VIGNE - Paracherkaoui.ma\",\"isPartOf\":{\"@id\":\"https:\/\/paracherkaoui.ma\/#website\"},\"primaryImageOfPage\":{\"@id\":\"https:\/\/paracherkaoui.ma\/index.php\/produit\/caudalie-eau-fraiche-fleur-de-vigne\/#primaryimage\"},\"image\":{\"@id\":\"https:\/\/paracherkaoui.ma\/index.php\/produit\/caudalie-eau-fraiche-fleur-de-vigne\/#primaryimage\"},\"thumbnailUrl\":\"https:\/\/paracherkaoui.ma\/wp-content\/uploads\/2025\/12\/caudalie-eau-fraiche-fleur-de-vigne.jpg\",\"datePublished\":\"2025-12-12T17:34:05+00:00\",\"dateModified\":\"2025-12-12T17:34:14+00:00\",\"breadcrumb\":{\"@id\":\"https:\/\/paracherkaoui.ma\/index.php\/produit\/caudalie-eau-fraiche-fleur-de-vigne\/#breadcrumb\"},\"inLanguage\":\"fr-FR\",\"potentialAction\":[{\"@type\":\"ReadAction\",\"target\":[\"https:\/\/paracherkaoui.ma\/index.php\/produit\/caudalie-eau-fraiche-fleur-de-vigne\/\"]}]},{\"@type\":\"ImageObject\",\"inLanguage\":\"fr-FR\",\"@id\":\"https:\/\/paracherkaoui.ma\/index.php\/produit\/caudalie-eau-fraiche-fleur-de-vigne\/#primaryimage\",\"url\":\"https:\/\/paracherkaoui.ma\/wp-content\/uploads\/2025\/12\/caudalie-eau-fraiche-fleur-de-vigne.jpg\",\"contentUrl\":\"https:\/\/paracherkaoui.ma\/wp-content\/uploads\/2025\/12\/caudalie-eau-fraiche-fleur-de-vigne.jpg\",\"width\":700,\"height\":700},{\"@type\":\"BreadcrumbList\",\"@id\":\"https:\/\/paracherkaoui.ma\/index.php\/produit\/caudalie-eau-fraiche-fleur-de-vigne\/#breadcrumb\",\"itemListElement\":[{\"@type\":\"ListItem\",\"position\":1,\"name\":\"Accueil\",\"item\":\"https:\/\/paracherkaoui.ma\/\"},{\"@type\":\"ListItem\",\"position\":2,\"name\":\"Boutique\",\"item\":\"https:\/\/paracherkaoui.ma\/index.php\/boutique\/\"},{\"@type\":\"ListItem\",\"position\":3,\"name\":\"CAUDALIE EAU FRAICHE FLEUR DE VIGNE\"}]},{\"@type\":\"WebSite\",\"@id\":\"https:\/\/paracherkaoui.ma\/#website\",\"url\":\"https:\/\/paracherkaoui.ma\/\",\"name\":\"Paracherkaoui.ma\",\"description\":\"Achetez en ligne sur Paracherkaoui.ma\",\"potentialAction\":[{\"@type\":\"SearchAction\",\"target\":{\"@type\":\"EntryPoint\",\"urlTemplate\":\"https:\/\/paracherkaoui.ma\/?s={search_term_string}\"},\"query-input\":{\"@type\":\"PropertyValueSpecification\",\"valueRequired\":true,\"valueName\":\"search_term_string\"}}],\"inLanguage\":\"fr-FR\"}]}<\/script>\r\n<!-- \/ Yoast SEO plugin. -->","yoast_head_json":{"title":"CAUDALIE EAU FRAICHE FLEUR DE VIGNE - Paracherkaoui.ma","robots":{"index":"index","follow":"follow","max-snippet":"max-snippet:-1","max-image-preview":"max-image-preview:large","max-video-preview":"max-video-preview:-1"},"canonical":"https:\/\/paracherkaoui.ma\/index.php\/produit\/caudalie-eau-fraiche-fleur-de-vigne\/","og_locale":"fr_FR","og_type":"article","og_title":"CAUDALIE EAU FRAICHE FLEUR DE VIGNE - Paracherkaoui.ma","og_description":"La fleur de vigne est une fleur \u00e9ph\u00e9m\u00e8re qui n\u2019\u00e9clot que quelques jours en juin et annonce 110 jours plus","og_url":"https:\/\/paracherkaoui.ma\/index.php\/produit\/caudalie-eau-fraiche-fleur-de-vigne\/","og_site_name":"Paracherkaoui.ma","article_modified_time":"2025-12-12T17:34:14+00:00","og_image":[{"width":700,"height":700,"url":"https:\/\/paracherkaoui.ma\/wp-content\/uploads\/2025\/12\/caudalie-eau-fraiche-fleur-de-vigne.jpg","type":"image\/jpeg"}],"twitter_card":"summary_large_image","twitter_misc":{"Dur\u00e9e de lecture estim\u00e9e":"1 minute"},"schema":{"@context":"https:\/\/schema.org","@graph":[{"@type":"WebPage","@id":"https:\/\/paracherkaoui.ma\/index.php\/produit\/caudalie-eau-fraiche-fleur-de-vigne\/","url":"https:\/\/paracherkaoui.ma\/index.php\/produit\/caudalie-eau-fraiche-fleur-de-vigne\/","name":"CAUDALIE EAU FRAICHE FLEUR DE VIGNE - Paracherkaoui.ma","isPartOf":{"@id":"https:\/\/paracherkaoui.ma\/#website"},"primaryImageOfPage":{"@id":"https:\/\/paracherkaoui.ma\/index.php\/produit\/caudalie-eau-fraiche-fleur-de-vigne\/#primaryimage"},"image":{"@id":"https:\/\/paracherkaoui.ma\/index.php\/produit\/caudalie-eau-fraiche-fleur-de-vigne\/#primaryimage"},"thumbnailUrl":"https:\/\/paracherkaoui.ma\/wp-content\/uploads\/2025\/12\/caudalie-eau-fraiche-fleur-de-vigne.jpg","datePublished":"2025-12-12T17:34:05+00:00","dateModified":"2025-12-12T17:34:14+00:00","breadcrumb":{"@id":"https:\/\/paracherkaoui.ma\/index.php\/produit\/caudalie-eau-fraiche-fleur-de-vigne\/#breadcrumb"},"inLanguage":"fr-FR","potentialAction":[{"@type":"ReadAction","target":["https:\/\/paracherkaoui.ma\/index.php\/produit\/caudalie-eau-fraiche-fleur-de-vigne\/"]}]},{"@type":"ImageObject","inLanguage":"fr-FR","@id":"https:\/\/paracherkaoui.ma\/index.php\/produit\/caudalie-eau-fraiche-fleur-de-vigne\/#primaryimage","url":"https:\/\/paracherkaoui.ma\/wp-content\/uploads\/2025\/12\/caudalie-eau-fraiche-fleur-de-vigne.jpg","contentUrl":"https:\/\/paracherkaoui.ma\/wp-content\/uploads\/2025\/12\/caudalie-eau-fraiche-fleur-de-vigne.jpg","width":700,"height":700},{"@type":"BreadcrumbList","@id":"https:\/\/paracherkaoui.ma\/index.php\/produit\/caudalie-eau-fraiche-fleur-de-vigne\/#breadcrumb","itemListElement":[{"@type":"ListItem","position":1,"name":"Accueil","item":"https:\/\/paracherkaoui.ma\/"},{"@type":"ListItem","position":2,"name":"Boutique","item":"https:\/\/paracherkaoui.ma\/index.php\/boutique\/"},{"@type":"ListItem","position":3,"name":"CAUDALIE EAU FRAICHE FLEUR DE VIGNE"}]},{"@type":"WebSite","@id":"https:\/\/paracherkaoui.ma\/#website","url":"https:\/\/paracherkaoui.ma\/","name":"Paracherkaoui.ma","description":"Achetez en ligne sur Paracherkaoui.ma","potentialAction":[{"@type":"SearchAction","target":{"@type":"EntryPoint","urlTemplate":"https:\/\/paracherkaoui.ma\/?s={search_term_string}"},"query-input":{"@type":"PropertyValueSpecification","valueRequired":true,"valueName":"search_term_string"}}],"inLanguage":"fr-FR"}]}},"_links":{"self":[{"href":"https:\/\/paracherkaoui.ma\/index.php\/wp-json\/wp\/v2\/product\/31023","targetHints":{"allow":["GET"]}}],"collection":[{"href":"https:\/\/paracherkaoui.ma\/index.php\/wp-json\/wp\/v2\/product"}],"about":[{"href":"https:\/\/paracherkaoui.ma\/index.php\/wp-json\/wp\/v2\/types\/product"}],"replies":[{"embeddable":true,"href":"https:\/\/paracherkaoui.ma\/index.php\/wp-json\/wp\/v2\/comments?post=31023"}],"version-history":[{"count":1,"href":"https:\/\/paracherkaoui.ma\/index.php\/wp-json\/wp\/v2\/product\/31023\/revisions"}],"predecessor-version":[{"id":31074,"href":"https:\/\/paracherkaoui.ma\/index.php\/wp-json\/wp\/v2\/product\/31023\/revisions\/31074"}],"wp:featuredmedia":[{"embeddable":true,"href":"https:\/\/paracherkaoui.ma\/index.php\/wp-json\/wp\/v2\/media\/31073"}],"wp:attachment":[{"href":"https:\/\/paracherkaoui.ma\/index.php\/wp-json\/wp\/v2\/media?parent=31023"}],"wp:term":[{"taxonomy":"product_brand","embeddable":true,"href":"https:\/\/paracherkaoui.ma\/index.php\/wp-json\/wp\/v2\/product_brand?post=31023"},{"taxonomy":"product_cat","embeddable":true,"href":"https:\/\/paracherkaoui.ma\/index.php\/wp-json\/wp\/v2\/product_cat?post=31023"},{"taxonomy":"product_tag","embeddable":true,"href":"https:\/\/paracherkaoui.ma\/index.php\/wp-json\/wp\/v2\/product_tag?post=31023"}],"curies":[{"name":"wp","href":"https:\/\/api.w.org\/{rel}","templated":true}]}}