{"id":30633,"date":"2025-12-12T18:33:17","date_gmt":"2025-12-12T17:33:17","guid":{"rendered":"https:\/\/test.ecbeaute.com\/?post_type=product&#038;p=30633"},"modified":"2025-12-12T18:33:22","modified_gmt":"2025-12-12T17:33:22","slug":"martiderm-platinum-photo-age-hydratants-antioxydants-ha-10-ampoules-x-2-ml","status":"publish","type":"product","link":"https:\/\/paracherkaoui.ma\/index.php\/produit\/martiderm-platinum-photo-age-hydratants-antioxydants-ha-10-ampoules-x-2-ml\/","title":{"rendered":"MARTIDERM PLATINUM PHOTO-AGE HYDRATANTS ANTIOXYDANTS HA+-10 AMPOULES X 2 ML"},"content":{"rendered":"<p>Photo-Age HA+\u00a0est la nouvelle version super hydratante des ampoules Photo-Age. C\u2019est le r\u00e9sultat de la synergie entre la Vitamine\u00a0C, Proteum 89+ et, maintenant, l&rsquo;acide hyaluronique. Il s\u2019agit d\u2019une ampoule d&rsquo;absorption facile, qui hydrate et illumine la peau, tout en adoucissant l&rsquo;apparence des rides, ce qui vous permet d&rsquo;obtenir un visage plus ferme.<br \/>\nGr\u00e2ce aux 15\u00a0% de vitamine\u00a0C-Tech, aux 3\u00a0% de Proteum 89+, \u00e0 l\u2019acide hyaluronique de faible poids mol\u00e9culaire, \u00e0\u00a0Antiradical Complex\u00a0et \u00e0\u00a0Repair Complex, vous pouvez pr\u00e9venir et r\u00e9duire les signes du photovieillissement tels que les rides d\u2019expression et de vieillesse, les taches et la perte de fermet\u00e9 tout en prot\u00e9geant la peau des agressions quotidiennes.<br \/>\nConseils d&rsquo;utilisation<br \/>\nNettoyer la\u00a0peau\u00a0et appliquer sur le\u00a0visage, le cou et le d\u00e9collet\u00e9, en massant doucement jusqu&rsquo;\u00e0 absorption compl\u00e8te.<\/p>\n","protected":false},"excerpt":{"rendered":"<p>Photo-Age HA+\u00a0est la nouvelle version super hydratante des ampoules Photo-Age. C\u2019est le r\u00e9sultat de la synergie entre la Vitamine\u00a0C, Proteum<\/p>\n","protected":false},"featured_media":30682,"comment_status":"open","ping_status":"closed","template":"","meta":[],"product_brand":[291],"product_cat":[553],"product_tag":[],"class_list":{"0":"post-30633","1":"product","2":"type-product","3":"status-publish","4":"has-post-thumbnail","6":"product_brand-martiderm","7":"product_cat-cremes-eclats","9":"first","10":"instock","11":"sale","12":"shipping-taxable","13":"purchasable","14":"product-type-simple"},"yoast_head":"<!-- This site is optimized with the Yoast SEO plugin v26.6 - https:\/\/yoast.com\/wordpress\/plugins\/seo\/ -->\r\n<title>MARTIDERM PLATINUM PHOTO-AGE HYDRATANTS ANTIOXYDANTS HA+-10 AMPOULES X 2 ML - Paracherkaoui.ma<\/title>\r\n<meta name=\"robots\" content=\"index, follow, max-snippet:-1, max-image-preview:large, max-video-preview:-1\" \/>\r\n<link rel=\"canonical\" href=\"https:\/\/paracherkaoui.ma\/index.php\/produit\/martiderm-platinum-photo-age-hydratants-antioxydants-ha-10-ampoules-x-2-ml\/\" \/>\r\n<meta property=\"og:locale\" content=\"fr_FR\" \/>\r\n<meta property=\"og:type\" content=\"article\" \/>\r\n<meta property=\"og:title\" content=\"MARTIDERM PLATINUM PHOTO-AGE HYDRATANTS ANTIOXYDANTS HA+-10 AMPOULES X 2 ML - Paracherkaoui.ma\" \/>\r\n<meta property=\"og:description\" content=\"Photo-Age HA+\u00a0est la nouvelle version super hydratante des ampoules Photo-Age. C\u2019est le r\u00e9sultat de la synergie entre la Vitamine\u00a0C, Proteum\" \/>\r\n<meta property=\"og:url\" content=\"https:\/\/paracherkaoui.ma\/index.php\/produit\/martiderm-platinum-photo-age-hydratants-antioxydants-ha-10-ampoules-x-2-ml\/\" \/>\r\n<meta property=\"og:site_name\" content=\"Paracherkaoui.ma\" \/>\r\n<meta property=\"article:modified_time\" content=\"2025-12-12T17:33:22+00:00\" \/>\r\n<meta property=\"og:image\" content=\"https:\/\/paracherkaoui.ma\/wp-content\/uploads\/2025\/12\/martiderm-martiderm-platinum-photo-age-hydratants-antioxydants-ha-10-ampoules-x-2-ml-cremes-eclats.jpg\" \/>\r\n\t<meta property=\"og:image:width\" content=\"700\" \/>\r\n\t<meta property=\"og:image:height\" content=\"700\" \/>\r\n\t<meta property=\"og:image:type\" content=\"image\/jpeg\" \/>\r\n<meta name=\"twitter:card\" content=\"summary_large_image\" \/>\r\n<meta name=\"twitter:label1\" content=\"Dur\u00e9e de lecture estim\u00e9e\" \/>\n\t<meta name=\"twitter:data1\" content=\"1 minute\" \/>\r\n<script type=\"application\/ld+json\" class=\"yoast-schema-graph\">{\"@context\":\"https:\/\/schema.org\",\"@graph\":[{\"@type\":\"WebPage\",\"@id\":\"https:\/\/paracherkaoui.ma\/index.php\/produit\/martiderm-platinum-photo-age-hydratants-antioxydants-ha-10-ampoules-x-2-ml\/\",\"url\":\"https:\/\/paracherkaoui.ma\/index.php\/produit\/martiderm-platinum-photo-age-hydratants-antioxydants-ha-10-ampoules-x-2-ml\/\",\"name\":\"MARTIDERM PLATINUM PHOTO-AGE HYDRATANTS ANTIOXYDANTS HA+-10 AMPOULES X 2 ML - Paracherkaoui.ma\",\"isPartOf\":{\"@id\":\"https:\/\/paracherkaoui.ma\/#website\"},\"primaryImageOfPage\":{\"@id\":\"https:\/\/paracherkaoui.ma\/index.php\/produit\/martiderm-platinum-photo-age-hydratants-antioxydants-ha-10-ampoules-x-2-ml\/#primaryimage\"},\"image\":{\"@id\":\"https:\/\/paracherkaoui.ma\/index.php\/produit\/martiderm-platinum-photo-age-hydratants-antioxydants-ha-10-ampoules-x-2-ml\/#primaryimage\"},\"thumbnailUrl\":\"https:\/\/paracherkaoui.ma\/wp-content\/uploads\/2025\/12\/martiderm-martiderm-platinum-photo-age-hydratants-antioxydants-ha-10-ampoules-x-2-ml-cremes-eclats.jpg\",\"datePublished\":\"2025-12-12T17:33:17+00:00\",\"dateModified\":\"2025-12-12T17:33:22+00:00\",\"breadcrumb\":{\"@id\":\"https:\/\/paracherkaoui.ma\/index.php\/produit\/martiderm-platinum-photo-age-hydratants-antioxydants-ha-10-ampoules-x-2-ml\/#breadcrumb\"},\"inLanguage\":\"fr-FR\",\"potentialAction\":[{\"@type\":\"ReadAction\",\"target\":[\"https:\/\/paracherkaoui.ma\/index.php\/produit\/martiderm-platinum-photo-age-hydratants-antioxydants-ha-10-ampoules-x-2-ml\/\"]}]},{\"@type\":\"ImageObject\",\"inLanguage\":\"fr-FR\",\"@id\":\"https:\/\/paracherkaoui.ma\/index.php\/produit\/martiderm-platinum-photo-age-hydratants-antioxydants-ha-10-ampoules-x-2-ml\/#primaryimage\",\"url\":\"https:\/\/paracherkaoui.ma\/wp-content\/uploads\/2025\/12\/martiderm-martiderm-platinum-photo-age-hydratants-antioxydants-ha-10-ampoules-x-2-ml-cremes-eclats.jpg\",\"contentUrl\":\"https:\/\/paracherkaoui.ma\/wp-content\/uploads\/2025\/12\/martiderm-martiderm-platinum-photo-age-hydratants-antioxydants-ha-10-ampoules-x-2-ml-cremes-eclats.jpg\",\"width\":700,\"height\":700},{\"@type\":\"BreadcrumbList\",\"@id\":\"https:\/\/paracherkaoui.ma\/index.php\/produit\/martiderm-platinum-photo-age-hydratants-antioxydants-ha-10-ampoules-x-2-ml\/#breadcrumb\",\"itemListElement\":[{\"@type\":\"ListItem\",\"position\":1,\"name\":\"Accueil\",\"item\":\"https:\/\/paracherkaoui.ma\/\"},{\"@type\":\"ListItem\",\"position\":2,\"name\":\"Boutique\",\"item\":\"https:\/\/paracherkaoui.ma\/index.php\/boutique\/\"},{\"@type\":\"ListItem\",\"position\":3,\"name\":\"MARTIDERM PLATINUM PHOTO-AGE HYDRATANTS ANTIOXYDANTS HA+-10 AMPOULES X 2 ML\"}]},{\"@type\":\"WebSite\",\"@id\":\"https:\/\/paracherkaoui.ma\/#website\",\"url\":\"https:\/\/paracherkaoui.ma\/\",\"name\":\"Paracherkaoui.ma\",\"description\":\"Achetez en ligne sur Paracherkaoui.ma\",\"potentialAction\":[{\"@type\":\"SearchAction\",\"target\":{\"@type\":\"EntryPoint\",\"urlTemplate\":\"https:\/\/paracherkaoui.ma\/?s={search_term_string}\"},\"query-input\":{\"@type\":\"PropertyValueSpecification\",\"valueRequired\":true,\"valueName\":\"search_term_string\"}}],\"inLanguage\":\"fr-FR\"}]}<\/script>\r\n<!-- \/ Yoast SEO plugin. -->","yoast_head_json":{"title":"MARTIDERM PLATINUM PHOTO-AGE HYDRATANTS ANTIOXYDANTS HA+-10 AMPOULES X 2 ML - Paracherkaoui.ma","robots":{"index":"index","follow":"follow","max-snippet":"max-snippet:-1","max-image-preview":"max-image-preview:large","max-video-preview":"max-video-preview:-1"},"canonical":"https:\/\/paracherkaoui.ma\/index.php\/produit\/martiderm-platinum-photo-age-hydratants-antioxydants-ha-10-ampoules-x-2-ml\/","og_locale":"fr_FR","og_type":"article","og_title":"MARTIDERM PLATINUM PHOTO-AGE HYDRATANTS ANTIOXYDANTS HA+-10 AMPOULES X 2 ML - Paracherkaoui.ma","og_description":"Photo-Age HA+\u00a0est la nouvelle version super hydratante des ampoules Photo-Age. C\u2019est le r\u00e9sultat de la synergie entre la Vitamine\u00a0C, Proteum","og_url":"https:\/\/paracherkaoui.ma\/index.php\/produit\/martiderm-platinum-photo-age-hydratants-antioxydants-ha-10-ampoules-x-2-ml\/","og_site_name":"Paracherkaoui.ma","article_modified_time":"2025-12-12T17:33:22+00:00","og_image":[{"width":700,"height":700,"url":"https:\/\/paracherkaoui.ma\/wp-content\/uploads\/2025\/12\/martiderm-martiderm-platinum-photo-age-hydratants-antioxydants-ha-10-ampoules-x-2-ml-cremes-eclats.jpg","type":"image\/jpeg"}],"twitter_card":"summary_large_image","twitter_misc":{"Dur\u00e9e de lecture estim\u00e9e":"1 minute"},"schema":{"@context":"https:\/\/schema.org","@graph":[{"@type":"WebPage","@id":"https:\/\/paracherkaoui.ma\/index.php\/produit\/martiderm-platinum-photo-age-hydratants-antioxydants-ha-10-ampoules-x-2-ml\/","url":"https:\/\/paracherkaoui.ma\/index.php\/produit\/martiderm-platinum-photo-age-hydratants-antioxydants-ha-10-ampoules-x-2-ml\/","name":"MARTIDERM PLATINUM PHOTO-AGE HYDRATANTS ANTIOXYDANTS HA+-10 AMPOULES X 2 ML - Paracherkaoui.ma","isPartOf":{"@id":"https:\/\/paracherkaoui.ma\/#website"},"primaryImageOfPage":{"@id":"https:\/\/paracherkaoui.ma\/index.php\/produit\/martiderm-platinum-photo-age-hydratants-antioxydants-ha-10-ampoules-x-2-ml\/#primaryimage"},"image":{"@id":"https:\/\/paracherkaoui.ma\/index.php\/produit\/martiderm-platinum-photo-age-hydratants-antioxydants-ha-10-ampoules-x-2-ml\/#primaryimage"},"thumbnailUrl":"https:\/\/paracherkaoui.ma\/wp-content\/uploads\/2025\/12\/martiderm-martiderm-platinum-photo-age-hydratants-antioxydants-ha-10-ampoules-x-2-ml-cremes-eclats.jpg","datePublished":"2025-12-12T17:33:17+00:00","dateModified":"2025-12-12T17:33:22+00:00","breadcrumb":{"@id":"https:\/\/paracherkaoui.ma\/index.php\/produit\/martiderm-platinum-photo-age-hydratants-antioxydants-ha-10-ampoules-x-2-ml\/#breadcrumb"},"inLanguage":"fr-FR","potentialAction":[{"@type":"ReadAction","target":["https:\/\/paracherkaoui.ma\/index.php\/produit\/martiderm-platinum-photo-age-hydratants-antioxydants-ha-10-ampoules-x-2-ml\/"]}]},{"@type":"ImageObject","inLanguage":"fr-FR","@id":"https:\/\/paracherkaoui.ma\/index.php\/produit\/martiderm-platinum-photo-age-hydratants-antioxydants-ha-10-ampoules-x-2-ml\/#primaryimage","url":"https:\/\/paracherkaoui.ma\/wp-content\/uploads\/2025\/12\/martiderm-martiderm-platinum-photo-age-hydratants-antioxydants-ha-10-ampoules-x-2-ml-cremes-eclats.jpg","contentUrl":"https:\/\/paracherkaoui.ma\/wp-content\/uploads\/2025\/12\/martiderm-martiderm-platinum-photo-age-hydratants-antioxydants-ha-10-ampoules-x-2-ml-cremes-eclats.jpg","width":700,"height":700},{"@type":"BreadcrumbList","@id":"https:\/\/paracherkaoui.ma\/index.php\/produit\/martiderm-platinum-photo-age-hydratants-antioxydants-ha-10-ampoules-x-2-ml\/#breadcrumb","itemListElement":[{"@type":"ListItem","position":1,"name":"Accueil","item":"https:\/\/paracherkaoui.ma\/"},{"@type":"ListItem","position":2,"name":"Boutique","item":"https:\/\/paracherkaoui.ma\/index.php\/boutique\/"},{"@type":"ListItem","position":3,"name":"MARTIDERM PLATINUM PHOTO-AGE HYDRATANTS ANTIOXYDANTS HA+-10 AMPOULES X 2 ML"}]},{"@type":"WebSite","@id":"https:\/\/paracherkaoui.ma\/#website","url":"https:\/\/paracherkaoui.ma\/","name":"Paracherkaoui.ma","description":"Achetez en ligne sur Paracherkaoui.ma","potentialAction":[{"@type":"SearchAction","target":{"@type":"EntryPoint","urlTemplate":"https:\/\/paracherkaoui.ma\/?s={search_term_string}"},"query-input":{"@type":"PropertyValueSpecification","valueRequired":true,"valueName":"search_term_string"}}],"inLanguage":"fr-FR"}]}},"_links":{"self":[{"href":"https:\/\/paracherkaoui.ma\/index.php\/wp-json\/wp\/v2\/product\/30633","targetHints":{"allow":["GET"]}}],"collection":[{"href":"https:\/\/paracherkaoui.ma\/index.php\/wp-json\/wp\/v2\/product"}],"about":[{"href":"https:\/\/paracherkaoui.ma\/index.php\/wp-json\/wp\/v2\/types\/product"}],"replies":[{"embeddable":true,"href":"https:\/\/paracherkaoui.ma\/index.php\/wp-json\/wp\/v2\/comments?post=30633"}],"version-history":[{"count":1,"href":"https:\/\/paracherkaoui.ma\/index.php\/wp-json\/wp\/v2\/product\/30633\/revisions"}],"predecessor-version":[{"id":30683,"href":"https:\/\/paracherkaoui.ma\/index.php\/wp-json\/wp\/v2\/product\/30633\/revisions\/30683"}],"wp:featuredmedia":[{"embeddable":true,"href":"https:\/\/paracherkaoui.ma\/index.php\/wp-json\/wp\/v2\/media\/30682"}],"wp:attachment":[{"href":"https:\/\/paracherkaoui.ma\/index.php\/wp-json\/wp\/v2\/media?parent=30633"}],"wp:term":[{"taxonomy":"product_brand","embeddable":true,"href":"https:\/\/paracherkaoui.ma\/index.php\/wp-json\/wp\/v2\/product_brand?post=30633"},{"taxonomy":"product_cat","embeddable":true,"href":"https:\/\/paracherkaoui.ma\/index.php\/wp-json\/wp\/v2\/product_cat?post=30633"},{"taxonomy":"product_tag","embeddable":true,"href":"https:\/\/paracherkaoui.ma\/index.php\/wp-json\/wp\/v2\/product_tag?post=30633"}],"curies":[{"name":"wp","href":"https:\/\/api.w.org\/{rel}","templated":true}]}}