{"id":30616,"date":"2025-12-12T18:33:16","date_gmt":"2025-12-12T17:33:16","guid":{"rendered":"https:\/\/test.ecbeaute.com\/?post_type=product&#038;p=30616"},"modified":"2025-12-12T18:33:19","modified_gmt":"2025-12-12T17:33:19","slug":"acure-serum-pressurise-a-la-vitamine-c-30-ml","status":"publish","type":"product","link":"https:\/\/paracherkaoui.ma\/index.php\/produit\/acure-serum-pressurise-a-la-vitamine-c-30-ml\/","title":{"rendered":"ACURE SERUM PRESSURISE A LA VITAMINE C 30 ML"},"content":{"rendered":"<p>Le s\u00e9rum concentr\u00e9 press\u00e9 \u00ab C \u00bb (vitamine C, ester de vitamine et CoQ10) illumine l&rsquo;apparence de votre \u00e9clat naturel. L&rsquo;astaxanthine (un virelangue mais tr\u00e8s, tr\u00e8s riche en antioxydants) issue de microalgues est un pi\u00e9geur de radicaux libres de niveau sup\u00e9rieur. Passe du solide au s\u00e9rum lorsqu&rsquo;il touche votre peau.<br \/>\n100% V\u00c9G\u00c9TALIEN. 0% PR\u00c9TENTIEUX.<br \/>\nSans parab\u00e8ne, sans sulfate, sans huile min\u00e9rale, sans vaseline, sans formald\u00e9hyde, sans cruaut\u00e9 envers les animaux<br \/>\nConseils d&rsquo;utilisation:<br \/>\nAppliquez une petite quantit\u00e9 sur une peau propre, en r\u00e9chauffant d&rsquo;abord dans votre paume. Massez doucement jusqu&rsquo;\u00e0 ce qu&rsquo;il p\u00e9n\u00e8tre.<\/p>\n","protected":false},"excerpt":{"rendered":"<p>Le s\u00e9rum concentr\u00e9 press\u00e9 \u00ab C \u00bb (vitamine C, ester de vitamine et CoQ10) illumine l&rsquo;apparence de votre \u00e9clat naturel.<\/p>\n","protected":false},"featured_media":30652,"comment_status":"open","ping_status":"closed","template":"","meta":[],"product_brand":[347],"product_cat":[553],"product_tag":[],"class_list":{"0":"post-30616","1":"product","2":"type-product","3":"status-publish","4":"has-post-thumbnail","6":"product_brand-acure","7":"product_cat-cremes-eclats","9":"first","10":"instock","11":"shipping-taxable","12":"purchasable","13":"product-type-simple"},"yoast_head":"<!-- This site is optimized with the Yoast SEO plugin v26.6 - https:\/\/yoast.com\/wordpress\/plugins\/seo\/ -->\r\n<title>ACURE SERUM PRESSURISE A LA VITAMINE C 30 ML - Paracherkaoui.ma<\/title>\r\n<meta name=\"robots\" content=\"index, follow, max-snippet:-1, max-image-preview:large, max-video-preview:-1\" \/>\r\n<link rel=\"canonical\" href=\"https:\/\/paracherkaoui.ma\/index.php\/produit\/acure-serum-pressurise-a-la-vitamine-c-30-ml\/\" \/>\r\n<meta property=\"og:locale\" content=\"fr_FR\" \/>\r\n<meta property=\"og:type\" content=\"article\" \/>\r\n<meta property=\"og:title\" content=\"ACURE SERUM PRESSURISE A LA VITAMINE C 30 ML - Paracherkaoui.ma\" \/>\r\n<meta property=\"og:description\" content=\"Le s\u00e9rum concentr\u00e9 press\u00e9 \u00ab C \u00bb (vitamine C, ester de vitamine et CoQ10) illumine l&rsquo;apparence de votre \u00e9clat naturel.\" \/>\r\n<meta property=\"og:url\" content=\"https:\/\/paracherkaoui.ma\/index.php\/produit\/acure-serum-pressurise-a-la-vitamine-c-30-ml\/\" \/>\r\n<meta property=\"og:site_name\" content=\"Paracherkaoui.ma\" \/>\r\n<meta property=\"article:modified_time\" content=\"2025-12-12T17:33:19+00:00\" \/>\r\n<meta property=\"og:image\" content=\"https:\/\/paracherkaoui.ma\/wp-content\/uploads\/2025\/12\/acure-acure-serum-pressurise-a-la-vitamine-c-30-ml-cremes-eclats.jpg\" \/>\r\n\t<meta property=\"og:image:width\" content=\"700\" \/>\r\n\t<meta property=\"og:image:height\" content=\"700\" \/>\r\n\t<meta property=\"og:image:type\" content=\"image\/jpeg\" \/>\r\n<meta name=\"twitter:card\" content=\"summary_large_image\" \/>\r\n<meta name=\"twitter:label1\" content=\"Dur\u00e9e de lecture estim\u00e9e\" \/>\n\t<meta name=\"twitter:data1\" content=\"1 minute\" \/>\r\n<script type=\"application\/ld+json\" class=\"yoast-schema-graph\">{\"@context\":\"https:\/\/schema.org\",\"@graph\":[{\"@type\":\"WebPage\",\"@id\":\"https:\/\/paracherkaoui.ma\/index.php\/produit\/acure-serum-pressurise-a-la-vitamine-c-30-ml\/\",\"url\":\"https:\/\/paracherkaoui.ma\/index.php\/produit\/acure-serum-pressurise-a-la-vitamine-c-30-ml\/\",\"name\":\"ACURE SERUM PRESSURISE A LA VITAMINE C 30 ML - Paracherkaoui.ma\",\"isPartOf\":{\"@id\":\"https:\/\/paracherkaoui.ma\/#website\"},\"primaryImageOfPage\":{\"@id\":\"https:\/\/paracherkaoui.ma\/index.php\/produit\/acure-serum-pressurise-a-la-vitamine-c-30-ml\/#primaryimage\"},\"image\":{\"@id\":\"https:\/\/paracherkaoui.ma\/index.php\/produit\/acure-serum-pressurise-a-la-vitamine-c-30-ml\/#primaryimage\"},\"thumbnailUrl\":\"https:\/\/paracherkaoui.ma\/wp-content\/uploads\/2025\/12\/acure-acure-serum-pressurise-a-la-vitamine-c-30-ml-cremes-eclats.jpg\",\"datePublished\":\"2025-12-12T17:33:16+00:00\",\"dateModified\":\"2025-12-12T17:33:19+00:00\",\"breadcrumb\":{\"@id\":\"https:\/\/paracherkaoui.ma\/index.php\/produit\/acure-serum-pressurise-a-la-vitamine-c-30-ml\/#breadcrumb\"},\"inLanguage\":\"fr-FR\",\"potentialAction\":[{\"@type\":\"ReadAction\",\"target\":[\"https:\/\/paracherkaoui.ma\/index.php\/produit\/acure-serum-pressurise-a-la-vitamine-c-30-ml\/\"]}]},{\"@type\":\"ImageObject\",\"inLanguage\":\"fr-FR\",\"@id\":\"https:\/\/paracherkaoui.ma\/index.php\/produit\/acure-serum-pressurise-a-la-vitamine-c-30-ml\/#primaryimage\",\"url\":\"https:\/\/paracherkaoui.ma\/wp-content\/uploads\/2025\/12\/acure-acure-serum-pressurise-a-la-vitamine-c-30-ml-cremes-eclats.jpg\",\"contentUrl\":\"https:\/\/paracherkaoui.ma\/wp-content\/uploads\/2025\/12\/acure-acure-serum-pressurise-a-la-vitamine-c-30-ml-cremes-eclats.jpg\",\"width\":700,\"height\":700},{\"@type\":\"BreadcrumbList\",\"@id\":\"https:\/\/paracherkaoui.ma\/index.php\/produit\/acure-serum-pressurise-a-la-vitamine-c-30-ml\/#breadcrumb\",\"itemListElement\":[{\"@type\":\"ListItem\",\"position\":1,\"name\":\"Accueil\",\"item\":\"https:\/\/paracherkaoui.ma\/\"},{\"@type\":\"ListItem\",\"position\":2,\"name\":\"Boutique\",\"item\":\"https:\/\/paracherkaoui.ma\/index.php\/boutique\/\"},{\"@type\":\"ListItem\",\"position\":3,\"name\":\"ACURE SERUM PRESSURISE A LA VITAMINE C 30 ML\"}]},{\"@type\":\"WebSite\",\"@id\":\"https:\/\/paracherkaoui.ma\/#website\",\"url\":\"https:\/\/paracherkaoui.ma\/\",\"name\":\"Paracherkaoui.ma\",\"description\":\"Achetez en ligne sur Paracherkaoui.ma\",\"potentialAction\":[{\"@type\":\"SearchAction\",\"target\":{\"@type\":\"EntryPoint\",\"urlTemplate\":\"https:\/\/paracherkaoui.ma\/?s={search_term_string}\"},\"query-input\":{\"@type\":\"PropertyValueSpecification\",\"valueRequired\":true,\"valueName\":\"search_term_string\"}}],\"inLanguage\":\"fr-FR\"}]}<\/script>\r\n<!-- \/ Yoast SEO plugin. -->","yoast_head_json":{"title":"ACURE SERUM PRESSURISE A LA VITAMINE C 30 ML - Paracherkaoui.ma","robots":{"index":"index","follow":"follow","max-snippet":"max-snippet:-1","max-image-preview":"max-image-preview:large","max-video-preview":"max-video-preview:-1"},"canonical":"https:\/\/paracherkaoui.ma\/index.php\/produit\/acure-serum-pressurise-a-la-vitamine-c-30-ml\/","og_locale":"fr_FR","og_type":"article","og_title":"ACURE SERUM PRESSURISE A LA VITAMINE C 30 ML - Paracherkaoui.ma","og_description":"Le s\u00e9rum concentr\u00e9 press\u00e9 \u00ab C \u00bb (vitamine C, ester de vitamine et CoQ10) illumine l&rsquo;apparence de votre \u00e9clat naturel.","og_url":"https:\/\/paracherkaoui.ma\/index.php\/produit\/acure-serum-pressurise-a-la-vitamine-c-30-ml\/","og_site_name":"Paracherkaoui.ma","article_modified_time":"2025-12-12T17:33:19+00:00","og_image":[{"width":700,"height":700,"url":"https:\/\/paracherkaoui.ma\/wp-content\/uploads\/2025\/12\/acure-acure-serum-pressurise-a-la-vitamine-c-30-ml-cremes-eclats.jpg","type":"image\/jpeg"}],"twitter_card":"summary_large_image","twitter_misc":{"Dur\u00e9e de lecture estim\u00e9e":"1 minute"},"schema":{"@context":"https:\/\/schema.org","@graph":[{"@type":"WebPage","@id":"https:\/\/paracherkaoui.ma\/index.php\/produit\/acure-serum-pressurise-a-la-vitamine-c-30-ml\/","url":"https:\/\/paracherkaoui.ma\/index.php\/produit\/acure-serum-pressurise-a-la-vitamine-c-30-ml\/","name":"ACURE SERUM PRESSURISE A LA VITAMINE C 30 ML - Paracherkaoui.ma","isPartOf":{"@id":"https:\/\/paracherkaoui.ma\/#website"},"primaryImageOfPage":{"@id":"https:\/\/paracherkaoui.ma\/index.php\/produit\/acure-serum-pressurise-a-la-vitamine-c-30-ml\/#primaryimage"},"image":{"@id":"https:\/\/paracherkaoui.ma\/index.php\/produit\/acure-serum-pressurise-a-la-vitamine-c-30-ml\/#primaryimage"},"thumbnailUrl":"https:\/\/paracherkaoui.ma\/wp-content\/uploads\/2025\/12\/acure-acure-serum-pressurise-a-la-vitamine-c-30-ml-cremes-eclats.jpg","datePublished":"2025-12-12T17:33:16+00:00","dateModified":"2025-12-12T17:33:19+00:00","breadcrumb":{"@id":"https:\/\/paracherkaoui.ma\/index.php\/produit\/acure-serum-pressurise-a-la-vitamine-c-30-ml\/#breadcrumb"},"inLanguage":"fr-FR","potentialAction":[{"@type":"ReadAction","target":["https:\/\/paracherkaoui.ma\/index.php\/produit\/acure-serum-pressurise-a-la-vitamine-c-30-ml\/"]}]},{"@type":"ImageObject","inLanguage":"fr-FR","@id":"https:\/\/paracherkaoui.ma\/index.php\/produit\/acure-serum-pressurise-a-la-vitamine-c-30-ml\/#primaryimage","url":"https:\/\/paracherkaoui.ma\/wp-content\/uploads\/2025\/12\/acure-acure-serum-pressurise-a-la-vitamine-c-30-ml-cremes-eclats.jpg","contentUrl":"https:\/\/paracherkaoui.ma\/wp-content\/uploads\/2025\/12\/acure-acure-serum-pressurise-a-la-vitamine-c-30-ml-cremes-eclats.jpg","width":700,"height":700},{"@type":"BreadcrumbList","@id":"https:\/\/paracherkaoui.ma\/index.php\/produit\/acure-serum-pressurise-a-la-vitamine-c-30-ml\/#breadcrumb","itemListElement":[{"@type":"ListItem","position":1,"name":"Accueil","item":"https:\/\/paracherkaoui.ma\/"},{"@type":"ListItem","position":2,"name":"Boutique","item":"https:\/\/paracherkaoui.ma\/index.php\/boutique\/"},{"@type":"ListItem","position":3,"name":"ACURE SERUM PRESSURISE A LA VITAMINE C 30 ML"}]},{"@type":"WebSite","@id":"https:\/\/paracherkaoui.ma\/#website","url":"https:\/\/paracherkaoui.ma\/","name":"Paracherkaoui.ma","description":"Achetez en ligne sur Paracherkaoui.ma","potentialAction":[{"@type":"SearchAction","target":{"@type":"EntryPoint","urlTemplate":"https:\/\/paracherkaoui.ma\/?s={search_term_string}"},"query-input":{"@type":"PropertyValueSpecification","valueRequired":true,"valueName":"search_term_string"}}],"inLanguage":"fr-FR"}]}},"_links":{"self":[{"href":"https:\/\/paracherkaoui.ma\/index.php\/wp-json\/wp\/v2\/product\/30616","targetHints":{"allow":["GET"]}}],"collection":[{"href":"https:\/\/paracherkaoui.ma\/index.php\/wp-json\/wp\/v2\/product"}],"about":[{"href":"https:\/\/paracherkaoui.ma\/index.php\/wp-json\/wp\/v2\/types\/product"}],"replies":[{"embeddable":true,"href":"https:\/\/paracherkaoui.ma\/index.php\/wp-json\/wp\/v2\/comments?post=30616"}],"version-history":[{"count":1,"href":"https:\/\/paracherkaoui.ma\/index.php\/wp-json\/wp\/v2\/product\/30616\/revisions"}],"predecessor-version":[{"id":30653,"href":"https:\/\/paracherkaoui.ma\/index.php\/wp-json\/wp\/v2\/product\/30616\/revisions\/30653"}],"wp:featuredmedia":[{"embeddable":true,"href":"https:\/\/paracherkaoui.ma\/index.php\/wp-json\/wp\/v2\/media\/30652"}],"wp:attachment":[{"href":"https:\/\/paracherkaoui.ma\/index.php\/wp-json\/wp\/v2\/media?parent=30616"}],"wp:term":[{"taxonomy":"product_brand","embeddable":true,"href":"https:\/\/paracherkaoui.ma\/index.php\/wp-json\/wp\/v2\/product_brand?post=30616"},{"taxonomy":"product_cat","embeddable":true,"href":"https:\/\/paracherkaoui.ma\/index.php\/wp-json\/wp\/v2\/product_cat?post=30616"},{"taxonomy":"product_tag","embeddable":true,"href":"https:\/\/paracherkaoui.ma\/index.php\/wp-json\/wp\/v2\/product_tag?post=30616"}],"curies":[{"name":"wp","href":"https:\/\/api.w.org\/{rel}","templated":true}]}}