{"id":30305,"date":"2025-12-12T18:32:45","date_gmt":"2025-12-12T17:32:45","guid":{"rendered":"https:\/\/test.ecbeaute.com\/?post_type=product&#038;p=30305"},"modified":"2025-12-12T18:32:50","modified_gmt":"2025-12-12T17:32:50","slug":"cantabria-endocare-radiance-c-ferulic-edafence-serum","status":"publish","type":"product","link":"https:\/\/paracherkaoui.ma\/index.php\/produit\/cantabria-endocare-radiance-c-ferulic-edafence-serum\/","title":{"rendered":"CANTABRIA ENDOCARE RADIANCE C Ferulic EDAFENCE Serum"},"content":{"rendered":"<p>Description<br \/>\nS\u00e9rum \u00e0 absorption rapide sans r\u00e9sidu graisseux et un fini velout\u00e9 qui prot\u00e8ge la peau des dommages caus\u00e9s par les facteurs de stress environnementaux (radicaux libres, polluants urbains et la lumi\u00e8re bleue) Id\u00e9al pour tous les types de peau. Non com\u00e9dog\u00e8ne.<br \/>\nConseils d`utilisation<br \/>\nAgitez avant d&rsquo;utiliser. Appliquer 1 \u00e0 2 fois par jour uniform\u00e9ment sur la peau du visage, du cou et du d\u00e9collet\u00e9, en massant l\u00e9g\u00e8rement jusqu&rsquo;\u00e0 absorption compl\u00e8te.<\/p>\n","protected":false},"excerpt":{"rendered":"<p>Description S\u00e9rum \u00e0 absorption rapide sans r\u00e9sidu graisseux et un fini velout\u00e9 qui prot\u00e8ge la peau des dommages caus\u00e9s par<\/p>\n","protected":false},"featured_media":30352,"comment_status":"open","ping_status":"closed","template":"","meta":[],"product_brand":[147],"product_cat":[553],"product_tag":[],"class_list":{"0":"post-30305","1":"product","2":"type-product","3":"status-publish","4":"has-post-thumbnail","6":"product_brand-cantabria","7":"product_cat-cremes-eclats","9":"first","10":"instock","11":"sale","12":"shipping-taxable","13":"purchasable","14":"product-type-simple"},"yoast_head":"<!-- This site is optimized with the Yoast SEO plugin v26.6 - https:\/\/yoast.com\/wordpress\/plugins\/seo\/ -->\r\n<title>CANTABRIA ENDOCARE RADIANCE C Ferulic EDAFENCE Serum - Paracherkaoui.ma<\/title>\r\n<meta name=\"robots\" content=\"index, follow, max-snippet:-1, max-image-preview:large, max-video-preview:-1\" \/>\r\n<link rel=\"canonical\" href=\"https:\/\/paracherkaoui.ma\/index.php\/produit\/cantabria-endocare-radiance-c-ferulic-edafence-serum\/\" \/>\r\n<meta property=\"og:locale\" content=\"fr_FR\" \/>\r\n<meta property=\"og:type\" content=\"article\" \/>\r\n<meta property=\"og:title\" content=\"CANTABRIA ENDOCARE RADIANCE C Ferulic EDAFENCE Serum - Paracherkaoui.ma\" \/>\r\n<meta property=\"og:description\" content=\"Description S\u00e9rum \u00e0 absorption rapide sans r\u00e9sidu graisseux et un fini velout\u00e9 qui prot\u00e8ge la peau des dommages caus\u00e9s par\" \/>\r\n<meta property=\"og:url\" content=\"https:\/\/paracherkaoui.ma\/index.php\/produit\/cantabria-endocare-radiance-c-ferulic-edafence-serum\/\" \/>\r\n<meta property=\"og:site_name\" content=\"Paracherkaoui.ma\" \/>\r\n<meta property=\"article:modified_time\" content=\"2025-12-12T17:32:50+00:00\" \/>\r\n<meta property=\"og:image\" content=\"https:\/\/paracherkaoui.ma\/wp-content\/uploads\/2025\/12\/cantabria-endocare-radiance-c-ferulic-edafence-serum.jpg\" \/>\r\n\t<meta property=\"og:image:width\" content=\"700\" \/>\r\n\t<meta property=\"og:image:height\" content=\"700\" \/>\r\n\t<meta property=\"og:image:type\" content=\"image\/jpeg\" \/>\r\n<meta name=\"twitter:card\" content=\"summary_large_image\" \/>\r\n<script type=\"application\/ld+json\" class=\"yoast-schema-graph\">{\"@context\":\"https:\/\/schema.org\",\"@graph\":[{\"@type\":\"WebPage\",\"@id\":\"https:\/\/paracherkaoui.ma\/index.php\/produit\/cantabria-endocare-radiance-c-ferulic-edafence-serum\/\",\"url\":\"https:\/\/paracherkaoui.ma\/index.php\/produit\/cantabria-endocare-radiance-c-ferulic-edafence-serum\/\",\"name\":\"CANTABRIA ENDOCARE RADIANCE C Ferulic EDAFENCE Serum - Paracherkaoui.ma\",\"isPartOf\":{\"@id\":\"https:\/\/paracherkaoui.ma\/#website\"},\"primaryImageOfPage\":{\"@id\":\"https:\/\/paracherkaoui.ma\/index.php\/produit\/cantabria-endocare-radiance-c-ferulic-edafence-serum\/#primaryimage\"},\"image\":{\"@id\":\"https:\/\/paracherkaoui.ma\/index.php\/produit\/cantabria-endocare-radiance-c-ferulic-edafence-serum\/#primaryimage\"},\"thumbnailUrl\":\"https:\/\/paracherkaoui.ma\/wp-content\/uploads\/2025\/12\/cantabria-endocare-radiance-c-ferulic-edafence-serum.jpg\",\"datePublished\":\"2025-12-12T17:32:45+00:00\",\"dateModified\":\"2025-12-12T17:32:50+00:00\",\"breadcrumb\":{\"@id\":\"https:\/\/paracherkaoui.ma\/index.php\/produit\/cantabria-endocare-radiance-c-ferulic-edafence-serum\/#breadcrumb\"},\"inLanguage\":\"fr-FR\",\"potentialAction\":[{\"@type\":\"ReadAction\",\"target\":[\"https:\/\/paracherkaoui.ma\/index.php\/produit\/cantabria-endocare-radiance-c-ferulic-edafence-serum\/\"]}]},{\"@type\":\"ImageObject\",\"inLanguage\":\"fr-FR\",\"@id\":\"https:\/\/paracherkaoui.ma\/index.php\/produit\/cantabria-endocare-radiance-c-ferulic-edafence-serum\/#primaryimage\",\"url\":\"https:\/\/paracherkaoui.ma\/wp-content\/uploads\/2025\/12\/cantabria-endocare-radiance-c-ferulic-edafence-serum.jpg\",\"contentUrl\":\"https:\/\/paracherkaoui.ma\/wp-content\/uploads\/2025\/12\/cantabria-endocare-radiance-c-ferulic-edafence-serum.jpg\",\"width\":700,\"height\":700},{\"@type\":\"BreadcrumbList\",\"@id\":\"https:\/\/paracherkaoui.ma\/index.php\/produit\/cantabria-endocare-radiance-c-ferulic-edafence-serum\/#breadcrumb\",\"itemListElement\":[{\"@type\":\"ListItem\",\"position\":1,\"name\":\"Accueil\",\"item\":\"https:\/\/paracherkaoui.ma\/\"},{\"@type\":\"ListItem\",\"position\":2,\"name\":\"Boutique\",\"item\":\"https:\/\/paracherkaoui.ma\/index.php\/boutique\/\"},{\"@type\":\"ListItem\",\"position\":3,\"name\":\"CANTABRIA ENDOCARE RADIANCE C Ferulic EDAFENCE Serum\"}]},{\"@type\":\"WebSite\",\"@id\":\"https:\/\/paracherkaoui.ma\/#website\",\"url\":\"https:\/\/paracherkaoui.ma\/\",\"name\":\"Paracherkaoui.ma\",\"description\":\"Achetez en ligne sur Paracherkaoui.ma\",\"potentialAction\":[{\"@type\":\"SearchAction\",\"target\":{\"@type\":\"EntryPoint\",\"urlTemplate\":\"https:\/\/paracherkaoui.ma\/?s={search_term_string}\"},\"query-input\":{\"@type\":\"PropertyValueSpecification\",\"valueRequired\":true,\"valueName\":\"search_term_string\"}}],\"inLanguage\":\"fr-FR\"}]}<\/script>\r\n<!-- \/ Yoast SEO plugin. -->","yoast_head_json":{"title":"CANTABRIA ENDOCARE RADIANCE C Ferulic EDAFENCE Serum - Paracherkaoui.ma","robots":{"index":"index","follow":"follow","max-snippet":"max-snippet:-1","max-image-preview":"max-image-preview:large","max-video-preview":"max-video-preview:-1"},"canonical":"https:\/\/paracherkaoui.ma\/index.php\/produit\/cantabria-endocare-radiance-c-ferulic-edafence-serum\/","og_locale":"fr_FR","og_type":"article","og_title":"CANTABRIA ENDOCARE RADIANCE C Ferulic EDAFENCE Serum - Paracherkaoui.ma","og_description":"Description S\u00e9rum \u00e0 absorption rapide sans r\u00e9sidu graisseux et un fini velout\u00e9 qui prot\u00e8ge la peau des dommages caus\u00e9s par","og_url":"https:\/\/paracherkaoui.ma\/index.php\/produit\/cantabria-endocare-radiance-c-ferulic-edafence-serum\/","og_site_name":"Paracherkaoui.ma","article_modified_time":"2025-12-12T17:32:50+00:00","og_image":[{"width":700,"height":700,"url":"https:\/\/paracherkaoui.ma\/wp-content\/uploads\/2025\/12\/cantabria-endocare-radiance-c-ferulic-edafence-serum.jpg","type":"image\/jpeg"}],"twitter_card":"summary_large_image","schema":{"@context":"https:\/\/schema.org","@graph":[{"@type":"WebPage","@id":"https:\/\/paracherkaoui.ma\/index.php\/produit\/cantabria-endocare-radiance-c-ferulic-edafence-serum\/","url":"https:\/\/paracherkaoui.ma\/index.php\/produit\/cantabria-endocare-radiance-c-ferulic-edafence-serum\/","name":"CANTABRIA ENDOCARE RADIANCE C Ferulic EDAFENCE Serum - Paracherkaoui.ma","isPartOf":{"@id":"https:\/\/paracherkaoui.ma\/#website"},"primaryImageOfPage":{"@id":"https:\/\/paracherkaoui.ma\/index.php\/produit\/cantabria-endocare-radiance-c-ferulic-edafence-serum\/#primaryimage"},"image":{"@id":"https:\/\/paracherkaoui.ma\/index.php\/produit\/cantabria-endocare-radiance-c-ferulic-edafence-serum\/#primaryimage"},"thumbnailUrl":"https:\/\/paracherkaoui.ma\/wp-content\/uploads\/2025\/12\/cantabria-endocare-radiance-c-ferulic-edafence-serum.jpg","datePublished":"2025-12-12T17:32:45+00:00","dateModified":"2025-12-12T17:32:50+00:00","breadcrumb":{"@id":"https:\/\/paracherkaoui.ma\/index.php\/produit\/cantabria-endocare-radiance-c-ferulic-edafence-serum\/#breadcrumb"},"inLanguage":"fr-FR","potentialAction":[{"@type":"ReadAction","target":["https:\/\/paracherkaoui.ma\/index.php\/produit\/cantabria-endocare-radiance-c-ferulic-edafence-serum\/"]}]},{"@type":"ImageObject","inLanguage":"fr-FR","@id":"https:\/\/paracherkaoui.ma\/index.php\/produit\/cantabria-endocare-radiance-c-ferulic-edafence-serum\/#primaryimage","url":"https:\/\/paracherkaoui.ma\/wp-content\/uploads\/2025\/12\/cantabria-endocare-radiance-c-ferulic-edafence-serum.jpg","contentUrl":"https:\/\/paracherkaoui.ma\/wp-content\/uploads\/2025\/12\/cantabria-endocare-radiance-c-ferulic-edafence-serum.jpg","width":700,"height":700},{"@type":"BreadcrumbList","@id":"https:\/\/paracherkaoui.ma\/index.php\/produit\/cantabria-endocare-radiance-c-ferulic-edafence-serum\/#breadcrumb","itemListElement":[{"@type":"ListItem","position":1,"name":"Accueil","item":"https:\/\/paracherkaoui.ma\/"},{"@type":"ListItem","position":2,"name":"Boutique","item":"https:\/\/paracherkaoui.ma\/index.php\/boutique\/"},{"@type":"ListItem","position":3,"name":"CANTABRIA ENDOCARE RADIANCE C Ferulic EDAFENCE Serum"}]},{"@type":"WebSite","@id":"https:\/\/paracherkaoui.ma\/#website","url":"https:\/\/paracherkaoui.ma\/","name":"Paracherkaoui.ma","description":"Achetez en ligne sur Paracherkaoui.ma","potentialAction":[{"@type":"SearchAction","target":{"@type":"EntryPoint","urlTemplate":"https:\/\/paracherkaoui.ma\/?s={search_term_string}"},"query-input":{"@type":"PropertyValueSpecification","valueRequired":true,"valueName":"search_term_string"}}],"inLanguage":"fr-FR"}]}},"_links":{"self":[{"href":"https:\/\/paracherkaoui.ma\/index.php\/wp-json\/wp\/v2\/product\/30305","targetHints":{"allow":["GET"]}}],"collection":[{"href":"https:\/\/paracherkaoui.ma\/index.php\/wp-json\/wp\/v2\/product"}],"about":[{"href":"https:\/\/paracherkaoui.ma\/index.php\/wp-json\/wp\/v2\/types\/product"}],"replies":[{"embeddable":true,"href":"https:\/\/paracherkaoui.ma\/index.php\/wp-json\/wp\/v2\/comments?post=30305"}],"version-history":[{"count":1,"href":"https:\/\/paracherkaoui.ma\/index.php\/wp-json\/wp\/v2\/product\/30305\/revisions"}],"predecessor-version":[{"id":30353,"href":"https:\/\/paracherkaoui.ma\/index.php\/wp-json\/wp\/v2\/product\/30305\/revisions\/30353"}],"wp:featuredmedia":[{"embeddable":true,"href":"https:\/\/paracherkaoui.ma\/index.php\/wp-json\/wp\/v2\/media\/30352"}],"wp:attachment":[{"href":"https:\/\/paracherkaoui.ma\/index.php\/wp-json\/wp\/v2\/media?parent=30305"}],"wp:term":[{"taxonomy":"product_brand","embeddable":true,"href":"https:\/\/paracherkaoui.ma\/index.php\/wp-json\/wp\/v2\/product_brand?post=30305"},{"taxonomy":"product_cat","embeddable":true,"href":"https:\/\/paracherkaoui.ma\/index.php\/wp-json\/wp\/v2\/product_cat?post=30305"},{"taxonomy":"product_tag","embeddable":true,"href":"https:\/\/paracherkaoui.ma\/index.php\/wp-json\/wp\/v2\/product_tag?post=30305"}],"curies":[{"name":"wp","href":"https:\/\/api.w.org\/{rel}","templated":true}]}}