{"id":30204,"date":"2025-12-12T18:32:36","date_gmt":"2025-12-12T17:32:36","guid":{"rendered":"https:\/\/test.ecbeaute.com\/?post_type=product&#038;p=30204"},"modified":"2025-12-12T18:32:37","modified_gmt":"2025-12-12T17:32:37","slug":"avene-vitamin-activ-cg-serum-correcteur-eclat-30-ml","status":"publish","type":"product","link":"https:\/\/paracherkaoui.ma\/index.php\/produit\/avene-vitamin-activ-cg-serum-correcteur-eclat-30-ml\/","title":{"rendered":"AVENE VITAMIN ACTIV CG SERUM CORRECTEUR ECLAT 30 ML"},"content":{"rendered":"<p>AVENE Vitamin Activ Cg : S\u00e9rum correcteur \u00e9clat pour une peau radieuse<br \/>\nOffrez \u00e0 votre peau un coup d\u2019\u00e9clat imm\u00e9diat avec AVENE Vitamin Activ Cg S\u00e9rum Correcteur \u00c9clat. Formul\u00e9 avec un trio d\u2019actifs dermatologiques puissants, ce s\u00e9rum est la solution id\u00e9ale pour lisser les rides, att\u00e9nuer les taches brunes et booster l\u2019\u00e9clat naturel de la peau.<br \/>\nVitamine Cg (1,8 %) : un antioxydant exceptionnel, \u00e9quivalent \u00e0 20 % de Vitamine C pure, qui prot\u00e8ge la peau contre les agressions ext\u00e9rieures et illumine le teint.<br \/>\nNiacinamide (3 %) : r\u00e9g\u00e9n\u00e8re la peau en profondeur, r\u00e9duisant visiblement l\u2019apparence des taches pigmentaires.<br \/>\nBakuchiol (1,5 %) : alternative v\u00e9g\u00e9tale au r\u00e9tinol, qui agit en douceur pour lisser les rides et raffermir la peau.<br \/>\nD\u00e8s la premi\u00e8re application, votre peau para\u00eet plus lumineuse. Apr\u00e8s 15 jours, elle est visiblement plus lisse et repulp\u00e9e. En un mois, les taches sont significativement r\u00e9duites, r\u00e9v\u00e9lant un teint uniforme et \u00e9clatant.<br \/>\nCon\u00e7u pour les peaux sensibles, ce s\u00e9rum contient 94 % d\u2019ingr\u00e9dients d\u2019origine naturelle, sans composant d\u2019origine animale. Le flacon pipette en verre garantit une application pr\u00e9cise et hygi\u00e9nique, tout en \u00e9tant respectueux de l\u2019environnement.<br \/>\nConseils d\u2019utilisation<br \/>\nAppliquez quelques gouttes de s\u00e9rum sur une peau propre et s\u00e8che matin et soir, avant votre cr\u00e8me hydratante.<br \/>\nMassez d\u00e9licatement jusqu\u2019\u00e0 absorption compl\u00e8te, en insistant sur les zones pr\u00e9sentant des taches ou des rides.<br \/>\nUtilisez une protection solaire en journ\u00e9e pour optimiser les r\u00e9sultats.<br \/>\nComposition :<br \/>\nAVENE THERMAL SPRING WATER (AVENE AQUA). GLYCERIN. NIACINAMIDE. PENTYLENE GLYCOL. C9-12 ALKANE. CAPRYLIC\/CAPRIC TRIGLYCERIDE. PENTAERYTHRITYL TETRACAPRYLATE\/TETRACAPRATE. ASCORBYL GLUCOSIDE. BAKUCHIOL. 1,2-HEXANEDIOL. ACACIA SENEGAL GUM. BUTYLENE GLYCOL. CITRIC ACID. COCO-CAPRYLATE\/CAPRATE. FRAGRANCE (PARFUM). GLYCERYL BEHENATE. GLYCERYL DIBEHENATE. SODIUM CITRATE. SODIUM DILAURAMIDOGLUTAMIDE LYSINE. SODIUM HYALURONATE. SODIUM HYDROXIDE. TOCOPHERYL GLUCOSIDE. TRIBEHENIN. WATER (AQUA). XANTHAN GUM<\/p>\n","protected":false},"excerpt":{"rendered":"<p>AVENE Vitamin Activ Cg : S\u00e9rum correcteur \u00e9clat pour une peau radieuse Offrez \u00e0 votre peau un coup d\u2019\u00e9clat imm\u00e9diat<\/p>\n","protected":false},"featured_media":30234,"comment_status":"open","ping_status":"closed","template":"","meta":[],"product_brand":[136],"product_cat":[553],"product_tag":[],"class_list":{"0":"post-30204","1":"product","2":"type-product","3":"status-publish","4":"has-post-thumbnail","6":"product_brand-avene","7":"product_cat-cremes-eclats","9":"first","10":"instock","11":"sale","12":"shipping-taxable","13":"purchasable","14":"product-type-simple"},"yoast_head":"<!-- This site is optimized with the Yoast SEO plugin v26.6 - https:\/\/yoast.com\/wordpress\/plugins\/seo\/ -->\r\n<title>AVENE VITAMIN ACTIV CG SERUM CORRECTEUR ECLAT 30 ML - Paracherkaoui.ma<\/title>\r\n<meta name=\"robots\" content=\"index, follow, max-snippet:-1, max-image-preview:large, max-video-preview:-1\" \/>\r\n<link rel=\"canonical\" href=\"https:\/\/paracherkaoui.ma\/index.php\/produit\/avene-vitamin-activ-cg-serum-correcteur-eclat-30-ml\/\" \/>\r\n<meta property=\"og:locale\" content=\"fr_FR\" \/>\r\n<meta property=\"og:type\" content=\"article\" \/>\r\n<meta property=\"og:title\" content=\"AVENE VITAMIN ACTIV CG SERUM CORRECTEUR ECLAT 30 ML - Paracherkaoui.ma\" \/>\r\n<meta property=\"og:description\" content=\"AVENE Vitamin Activ Cg : S\u00e9rum correcteur \u00e9clat pour une peau radieuse Offrez \u00e0 votre peau un coup d\u2019\u00e9clat imm\u00e9diat\" \/>\r\n<meta property=\"og:url\" content=\"https:\/\/paracherkaoui.ma\/index.php\/produit\/avene-vitamin-activ-cg-serum-correcteur-eclat-30-ml\/\" \/>\r\n<meta property=\"og:site_name\" content=\"Paracherkaoui.ma\" \/>\r\n<meta property=\"article:modified_time\" content=\"2025-12-12T17:32:37+00:00\" \/>\r\n<meta property=\"og:image\" content=\"https:\/\/paracherkaoui.ma\/wp-content\/uploads\/2025\/12\/avene-vitamin-activ-cg-serum-correcteur-eclat-30-ml.jpg\" \/>\r\n\t<meta property=\"og:image:width\" content=\"700\" \/>\r\n\t<meta property=\"og:image:height\" content=\"700\" \/>\r\n\t<meta property=\"og:image:type\" content=\"image\/jpeg\" \/>\r\n<meta name=\"twitter:card\" content=\"summary_large_image\" \/>\r\n<meta name=\"twitter:label1\" content=\"Dur\u00e9e de lecture estim\u00e9e\" \/>\n\t<meta name=\"twitter:data1\" content=\"2 minutes\" \/>\r\n<script type=\"application\/ld+json\" class=\"yoast-schema-graph\">{\"@context\":\"https:\/\/schema.org\",\"@graph\":[{\"@type\":\"WebPage\",\"@id\":\"https:\/\/paracherkaoui.ma\/index.php\/produit\/avene-vitamin-activ-cg-serum-correcteur-eclat-30-ml\/\",\"url\":\"https:\/\/paracherkaoui.ma\/index.php\/produit\/avene-vitamin-activ-cg-serum-correcteur-eclat-30-ml\/\",\"name\":\"AVENE VITAMIN ACTIV CG SERUM CORRECTEUR ECLAT 30 ML - Paracherkaoui.ma\",\"isPartOf\":{\"@id\":\"https:\/\/paracherkaoui.ma\/#website\"},\"primaryImageOfPage\":{\"@id\":\"https:\/\/paracherkaoui.ma\/index.php\/produit\/avene-vitamin-activ-cg-serum-correcteur-eclat-30-ml\/#primaryimage\"},\"image\":{\"@id\":\"https:\/\/paracherkaoui.ma\/index.php\/produit\/avene-vitamin-activ-cg-serum-correcteur-eclat-30-ml\/#primaryimage\"},\"thumbnailUrl\":\"https:\/\/paracherkaoui.ma\/wp-content\/uploads\/2025\/12\/avene-vitamin-activ-cg-serum-correcteur-eclat-30-ml.jpg\",\"datePublished\":\"2025-12-12T17:32:36+00:00\",\"dateModified\":\"2025-12-12T17:32:37+00:00\",\"breadcrumb\":{\"@id\":\"https:\/\/paracherkaoui.ma\/index.php\/produit\/avene-vitamin-activ-cg-serum-correcteur-eclat-30-ml\/#breadcrumb\"},\"inLanguage\":\"fr-FR\",\"potentialAction\":[{\"@type\":\"ReadAction\",\"target\":[\"https:\/\/paracherkaoui.ma\/index.php\/produit\/avene-vitamin-activ-cg-serum-correcteur-eclat-30-ml\/\"]}]},{\"@type\":\"ImageObject\",\"inLanguage\":\"fr-FR\",\"@id\":\"https:\/\/paracherkaoui.ma\/index.php\/produit\/avene-vitamin-activ-cg-serum-correcteur-eclat-30-ml\/#primaryimage\",\"url\":\"https:\/\/paracherkaoui.ma\/wp-content\/uploads\/2025\/12\/avene-vitamin-activ-cg-serum-correcteur-eclat-30-ml.jpg\",\"contentUrl\":\"https:\/\/paracherkaoui.ma\/wp-content\/uploads\/2025\/12\/avene-vitamin-activ-cg-serum-correcteur-eclat-30-ml.jpg\",\"width\":700,\"height\":700},{\"@type\":\"BreadcrumbList\",\"@id\":\"https:\/\/paracherkaoui.ma\/index.php\/produit\/avene-vitamin-activ-cg-serum-correcteur-eclat-30-ml\/#breadcrumb\",\"itemListElement\":[{\"@type\":\"ListItem\",\"position\":1,\"name\":\"Accueil\",\"item\":\"https:\/\/paracherkaoui.ma\/\"},{\"@type\":\"ListItem\",\"position\":2,\"name\":\"Boutique\",\"item\":\"https:\/\/paracherkaoui.ma\/index.php\/boutique\/\"},{\"@type\":\"ListItem\",\"position\":3,\"name\":\"AVENE VITAMIN ACTIV CG SERUM CORRECTEUR ECLAT 30 ML\"}]},{\"@type\":\"WebSite\",\"@id\":\"https:\/\/paracherkaoui.ma\/#website\",\"url\":\"https:\/\/paracherkaoui.ma\/\",\"name\":\"Paracherkaoui.ma\",\"description\":\"Achetez en ligne sur Paracherkaoui.ma\",\"potentialAction\":[{\"@type\":\"SearchAction\",\"target\":{\"@type\":\"EntryPoint\",\"urlTemplate\":\"https:\/\/paracherkaoui.ma\/?s={search_term_string}\"},\"query-input\":{\"@type\":\"PropertyValueSpecification\",\"valueRequired\":true,\"valueName\":\"search_term_string\"}}],\"inLanguage\":\"fr-FR\"}]}<\/script>\r\n<!-- \/ Yoast SEO plugin. -->","yoast_head_json":{"title":"AVENE VITAMIN ACTIV CG SERUM CORRECTEUR ECLAT 30 ML - Paracherkaoui.ma","robots":{"index":"index","follow":"follow","max-snippet":"max-snippet:-1","max-image-preview":"max-image-preview:large","max-video-preview":"max-video-preview:-1"},"canonical":"https:\/\/paracherkaoui.ma\/index.php\/produit\/avene-vitamin-activ-cg-serum-correcteur-eclat-30-ml\/","og_locale":"fr_FR","og_type":"article","og_title":"AVENE VITAMIN ACTIV CG SERUM CORRECTEUR ECLAT 30 ML - Paracherkaoui.ma","og_description":"AVENE Vitamin Activ Cg : S\u00e9rum correcteur \u00e9clat pour une peau radieuse Offrez \u00e0 votre peau un coup d\u2019\u00e9clat imm\u00e9diat","og_url":"https:\/\/paracherkaoui.ma\/index.php\/produit\/avene-vitamin-activ-cg-serum-correcteur-eclat-30-ml\/","og_site_name":"Paracherkaoui.ma","article_modified_time":"2025-12-12T17:32:37+00:00","og_image":[{"width":700,"height":700,"url":"https:\/\/paracherkaoui.ma\/wp-content\/uploads\/2025\/12\/avene-vitamin-activ-cg-serum-correcteur-eclat-30-ml.jpg","type":"image\/jpeg"}],"twitter_card":"summary_large_image","twitter_misc":{"Dur\u00e9e de lecture estim\u00e9e":"2 minutes"},"schema":{"@context":"https:\/\/schema.org","@graph":[{"@type":"WebPage","@id":"https:\/\/paracherkaoui.ma\/index.php\/produit\/avene-vitamin-activ-cg-serum-correcteur-eclat-30-ml\/","url":"https:\/\/paracherkaoui.ma\/index.php\/produit\/avene-vitamin-activ-cg-serum-correcteur-eclat-30-ml\/","name":"AVENE VITAMIN ACTIV CG SERUM CORRECTEUR ECLAT 30 ML - Paracherkaoui.ma","isPartOf":{"@id":"https:\/\/paracherkaoui.ma\/#website"},"primaryImageOfPage":{"@id":"https:\/\/paracherkaoui.ma\/index.php\/produit\/avene-vitamin-activ-cg-serum-correcteur-eclat-30-ml\/#primaryimage"},"image":{"@id":"https:\/\/paracherkaoui.ma\/index.php\/produit\/avene-vitamin-activ-cg-serum-correcteur-eclat-30-ml\/#primaryimage"},"thumbnailUrl":"https:\/\/paracherkaoui.ma\/wp-content\/uploads\/2025\/12\/avene-vitamin-activ-cg-serum-correcteur-eclat-30-ml.jpg","datePublished":"2025-12-12T17:32:36+00:00","dateModified":"2025-12-12T17:32:37+00:00","breadcrumb":{"@id":"https:\/\/paracherkaoui.ma\/index.php\/produit\/avene-vitamin-activ-cg-serum-correcteur-eclat-30-ml\/#breadcrumb"},"inLanguage":"fr-FR","potentialAction":[{"@type":"ReadAction","target":["https:\/\/paracherkaoui.ma\/index.php\/produit\/avene-vitamin-activ-cg-serum-correcteur-eclat-30-ml\/"]}]},{"@type":"ImageObject","inLanguage":"fr-FR","@id":"https:\/\/paracherkaoui.ma\/index.php\/produit\/avene-vitamin-activ-cg-serum-correcteur-eclat-30-ml\/#primaryimage","url":"https:\/\/paracherkaoui.ma\/wp-content\/uploads\/2025\/12\/avene-vitamin-activ-cg-serum-correcteur-eclat-30-ml.jpg","contentUrl":"https:\/\/paracherkaoui.ma\/wp-content\/uploads\/2025\/12\/avene-vitamin-activ-cg-serum-correcteur-eclat-30-ml.jpg","width":700,"height":700},{"@type":"BreadcrumbList","@id":"https:\/\/paracherkaoui.ma\/index.php\/produit\/avene-vitamin-activ-cg-serum-correcteur-eclat-30-ml\/#breadcrumb","itemListElement":[{"@type":"ListItem","position":1,"name":"Accueil","item":"https:\/\/paracherkaoui.ma\/"},{"@type":"ListItem","position":2,"name":"Boutique","item":"https:\/\/paracherkaoui.ma\/index.php\/boutique\/"},{"@type":"ListItem","position":3,"name":"AVENE VITAMIN ACTIV CG SERUM CORRECTEUR ECLAT 30 ML"}]},{"@type":"WebSite","@id":"https:\/\/paracherkaoui.ma\/#website","url":"https:\/\/paracherkaoui.ma\/","name":"Paracherkaoui.ma","description":"Achetez en ligne sur Paracherkaoui.ma","potentialAction":[{"@type":"SearchAction","target":{"@type":"EntryPoint","urlTemplate":"https:\/\/paracherkaoui.ma\/?s={search_term_string}"},"query-input":{"@type":"PropertyValueSpecification","valueRequired":true,"valueName":"search_term_string"}}],"inLanguage":"fr-FR"}]}},"_links":{"self":[{"href":"https:\/\/paracherkaoui.ma\/index.php\/wp-json\/wp\/v2\/product\/30204","targetHints":{"allow":["GET"]}}],"collection":[{"href":"https:\/\/paracherkaoui.ma\/index.php\/wp-json\/wp\/v2\/product"}],"about":[{"href":"https:\/\/paracherkaoui.ma\/index.php\/wp-json\/wp\/v2\/types\/product"}],"replies":[{"embeddable":true,"href":"https:\/\/paracherkaoui.ma\/index.php\/wp-json\/wp\/v2\/comments?post=30204"}],"version-history":[{"count":1,"href":"https:\/\/paracherkaoui.ma\/index.php\/wp-json\/wp\/v2\/product\/30204\/revisions"}],"predecessor-version":[{"id":30235,"href":"https:\/\/paracherkaoui.ma\/index.php\/wp-json\/wp\/v2\/product\/30204\/revisions\/30235"}],"wp:featuredmedia":[{"embeddable":true,"href":"https:\/\/paracherkaoui.ma\/index.php\/wp-json\/wp\/v2\/media\/30234"}],"wp:attachment":[{"href":"https:\/\/paracherkaoui.ma\/index.php\/wp-json\/wp\/v2\/media?parent=30204"}],"wp:term":[{"taxonomy":"product_brand","embeddable":true,"href":"https:\/\/paracherkaoui.ma\/index.php\/wp-json\/wp\/v2\/product_brand?post=30204"},{"taxonomy":"product_cat","embeddable":true,"href":"https:\/\/paracherkaoui.ma\/index.php\/wp-json\/wp\/v2\/product_cat?post=30204"},{"taxonomy":"product_tag","embeddable":true,"href":"https:\/\/paracherkaoui.ma\/index.php\/wp-json\/wp\/v2\/product_tag?post=30204"}],"curies":[{"name":"wp","href":"https:\/\/api.w.org\/{rel}","templated":true}]}}