{"id":29978,"date":"2025-12-12T18:32:00","date_gmt":"2025-12-12T17:32:00","guid":{"rendered":"https:\/\/test.ecbeaute.com\/?post_type=product&#038;p=29978"},"modified":"2025-12-12T18:32:05","modified_gmt":"2025-12-12T17:32:05","slug":"noreva-trio-a-soin-depigmentant-intensif-30-ml-2","status":"publish","type":"product","link":"https:\/\/paracherkaoui.ma\/index.php\/produit\/noreva-trio-a-soin-depigmentant-intensif-30-ml-2\/","title":{"rendered":"NOREVA TRIO A SOIN DEPIGMENTANT INTENSIF 30 ML"},"content":{"rendered":"<p>Le soin trio A d\u00e9pigmentant intensif de Noreva est une cr\u00e8me qui \u00e9limine rapidement les taches brunes au niveau du visage, des mains ou du d\u00e9collet\u00e9. Ce soin hydrate aussi la peau sensible aux rayons solaires en renouvelant les cellules \u00e9pidermiques.<br \/>\nConseil d&rsquo;utilisation<br \/>\nAppliquez matin et soir sur les zones concern\u00e9es.Ne pas utiliser sur l&rsquo;enfant de moins de 3 ans.<br \/>\nComposition<br \/>\naqua (water) ammonium lactate aluminium starch octenylsuccinate c12-15 alkyl benzoate isopropyl palmitate polymethyl methacrylate glycereth-26 isostearyl isostearate titanium dioxide arachidyl alcohol, citric acid dimethicone behenyl alcohol cetyl alcohol glyceryl stearate peg-100 stearate cyclopentasiloxane arachidyl glucoside disodium edta sodium metabisulfite imidazolidinyl urea parfum (fragrance) xanthan gum methylparaben glycyrrhiza glabra (licorice extract) propylparaben tocopherol dimethiconol trimethoxycaprylylsilane alpha-isomethylionone butylphenyl methylpropionate benzyl salicylate hexyl cinnamal linalool hydroxyisohexyl 3-cyclohexene carboxaldehyde citronellol geraniol hydroxycitronellal.<\/p>\n","protected":false},"excerpt":{"rendered":"<p>Le soin trio A d\u00e9pigmentant intensif de Noreva est une cr\u00e8me qui \u00e9limine rapidement les taches brunes au niveau du<\/p>\n","protected":false},"featured_media":25657,"comment_status":"open","ping_status":"closed","template":"","meta":[],"product_brand":[403],"product_cat":[549],"product_tag":[],"class_list":{"0":"post-29978","1":"product","2":"type-product","3":"status-publish","4":"has-post-thumbnail","6":"product_brand-noreva","7":"product_cat-cremes-depigmentantes","9":"first","10":"instock","11":"sale","12":"shipping-taxable","13":"purchasable","14":"product-type-simple"},"yoast_head":"<!-- This site is optimized with the Yoast SEO plugin v26.6 - https:\/\/yoast.com\/wordpress\/plugins\/seo\/ -->\r\n<title>NOREVA TRIO A SOIN DEPIGMENTANT INTENSIF 30 ML - Paracherkaoui.ma<\/title>\r\n<meta name=\"robots\" content=\"index, follow, max-snippet:-1, max-image-preview:large, max-video-preview:-1\" \/>\r\n<link rel=\"canonical\" href=\"https:\/\/paracherkaoui.ma\/index.php\/produit\/noreva-trio-a-soin-depigmentant-intensif-30-ml-2\/\" \/>\r\n<meta property=\"og:locale\" content=\"fr_FR\" \/>\r\n<meta property=\"og:type\" content=\"article\" \/>\r\n<meta property=\"og:title\" content=\"NOREVA TRIO A SOIN DEPIGMENTANT INTENSIF 30 ML - Paracherkaoui.ma\" \/>\r\n<meta property=\"og:description\" content=\"Le soin trio A d\u00e9pigmentant intensif de Noreva est une cr\u00e8me qui \u00e9limine rapidement les taches brunes au niveau du\" \/>\r\n<meta property=\"og:url\" content=\"https:\/\/paracherkaoui.ma\/index.php\/produit\/noreva-trio-a-soin-depigmentant-intensif-30-ml-2\/\" \/>\r\n<meta property=\"og:site_name\" content=\"Paracherkaoui.ma\" \/>\r\n<meta property=\"article:modified_time\" content=\"2025-12-12T17:32:05+00:00\" \/>\r\n<meta property=\"og:image\" content=\"https:\/\/paracherkaoui.ma\/wp-content\/uploads\/2025\/12\/noreva-trio-a-soin-depigmentant-intensif-30-ml.jpg\" \/>\r\n\t<meta property=\"og:image:width\" content=\"700\" \/>\r\n\t<meta property=\"og:image:height\" content=\"700\" \/>\r\n\t<meta property=\"og:image:type\" content=\"image\/jpeg\" \/>\r\n<meta name=\"twitter:card\" content=\"summary_large_image\" \/>\r\n<meta name=\"twitter:label1\" content=\"Dur\u00e9e de lecture estim\u00e9e\" \/>\n\t<meta name=\"twitter:data1\" content=\"1 minute\" \/>\r\n<script type=\"application\/ld+json\" class=\"yoast-schema-graph\">{\"@context\":\"https:\/\/schema.org\",\"@graph\":[{\"@type\":\"WebPage\",\"@id\":\"https:\/\/paracherkaoui.ma\/index.php\/produit\/noreva-trio-a-soin-depigmentant-intensif-30-ml-2\/\",\"url\":\"https:\/\/paracherkaoui.ma\/index.php\/produit\/noreva-trio-a-soin-depigmentant-intensif-30-ml-2\/\",\"name\":\"NOREVA TRIO A SOIN DEPIGMENTANT INTENSIF 30 ML - Paracherkaoui.ma\",\"isPartOf\":{\"@id\":\"https:\/\/paracherkaoui.ma\/#website\"},\"primaryImageOfPage\":{\"@id\":\"https:\/\/paracherkaoui.ma\/index.php\/produit\/noreva-trio-a-soin-depigmentant-intensif-30-ml-2\/#primaryimage\"},\"image\":{\"@id\":\"https:\/\/paracherkaoui.ma\/index.php\/produit\/noreva-trio-a-soin-depigmentant-intensif-30-ml-2\/#primaryimage\"},\"thumbnailUrl\":\"https:\/\/paracherkaoui.ma\/wp-content\/uploads\/2025\/12\/noreva-trio-a-soin-depigmentant-intensif-30-ml.jpg\",\"datePublished\":\"2025-12-12T17:32:00+00:00\",\"dateModified\":\"2025-12-12T17:32:05+00:00\",\"breadcrumb\":{\"@id\":\"https:\/\/paracherkaoui.ma\/index.php\/produit\/noreva-trio-a-soin-depigmentant-intensif-30-ml-2\/#breadcrumb\"},\"inLanguage\":\"fr-FR\",\"potentialAction\":[{\"@type\":\"ReadAction\",\"target\":[\"https:\/\/paracherkaoui.ma\/index.php\/produit\/noreva-trio-a-soin-depigmentant-intensif-30-ml-2\/\"]}]},{\"@type\":\"ImageObject\",\"inLanguage\":\"fr-FR\",\"@id\":\"https:\/\/paracherkaoui.ma\/index.php\/produit\/noreva-trio-a-soin-depigmentant-intensif-30-ml-2\/#primaryimage\",\"url\":\"https:\/\/paracherkaoui.ma\/wp-content\/uploads\/2025\/12\/noreva-trio-a-soin-depigmentant-intensif-30-ml.jpg\",\"contentUrl\":\"https:\/\/paracherkaoui.ma\/wp-content\/uploads\/2025\/12\/noreva-trio-a-soin-depigmentant-intensif-30-ml.jpg\",\"width\":700,\"height\":700},{\"@type\":\"BreadcrumbList\",\"@id\":\"https:\/\/paracherkaoui.ma\/index.php\/produit\/noreva-trio-a-soin-depigmentant-intensif-30-ml-2\/#breadcrumb\",\"itemListElement\":[{\"@type\":\"ListItem\",\"position\":1,\"name\":\"Accueil\",\"item\":\"https:\/\/paracherkaoui.ma\/\"},{\"@type\":\"ListItem\",\"position\":2,\"name\":\"Boutique\",\"item\":\"https:\/\/paracherkaoui.ma\/index.php\/boutique\/\"},{\"@type\":\"ListItem\",\"position\":3,\"name\":\"NOREVA TRIO A SOIN DEPIGMENTANT INTENSIF 30 ML\"}]},{\"@type\":\"WebSite\",\"@id\":\"https:\/\/paracherkaoui.ma\/#website\",\"url\":\"https:\/\/paracherkaoui.ma\/\",\"name\":\"Paracherkaoui.ma\",\"description\":\"Achetez en ligne sur Paracherkaoui.ma\",\"potentialAction\":[{\"@type\":\"SearchAction\",\"target\":{\"@type\":\"EntryPoint\",\"urlTemplate\":\"https:\/\/paracherkaoui.ma\/?s={search_term_string}\"},\"query-input\":{\"@type\":\"PropertyValueSpecification\",\"valueRequired\":true,\"valueName\":\"search_term_string\"}}],\"inLanguage\":\"fr-FR\"}]}<\/script>\r\n<!-- \/ Yoast SEO plugin. -->","yoast_head_json":{"title":"NOREVA TRIO A SOIN DEPIGMENTANT INTENSIF 30 ML - Paracherkaoui.ma","robots":{"index":"index","follow":"follow","max-snippet":"max-snippet:-1","max-image-preview":"max-image-preview:large","max-video-preview":"max-video-preview:-1"},"canonical":"https:\/\/paracherkaoui.ma\/index.php\/produit\/noreva-trio-a-soin-depigmentant-intensif-30-ml-2\/","og_locale":"fr_FR","og_type":"article","og_title":"NOREVA TRIO A SOIN DEPIGMENTANT INTENSIF 30 ML - Paracherkaoui.ma","og_description":"Le soin trio A d\u00e9pigmentant intensif de Noreva est une cr\u00e8me qui \u00e9limine rapidement les taches brunes au niveau du","og_url":"https:\/\/paracherkaoui.ma\/index.php\/produit\/noreva-trio-a-soin-depigmentant-intensif-30-ml-2\/","og_site_name":"Paracherkaoui.ma","article_modified_time":"2025-12-12T17:32:05+00:00","og_image":[{"width":700,"height":700,"url":"https:\/\/paracherkaoui.ma\/wp-content\/uploads\/2025\/12\/noreva-trio-a-soin-depigmentant-intensif-30-ml.jpg","type":"image\/jpeg"}],"twitter_card":"summary_large_image","twitter_misc":{"Dur\u00e9e de lecture estim\u00e9e":"1 minute"},"schema":{"@context":"https:\/\/schema.org","@graph":[{"@type":"WebPage","@id":"https:\/\/paracherkaoui.ma\/index.php\/produit\/noreva-trio-a-soin-depigmentant-intensif-30-ml-2\/","url":"https:\/\/paracherkaoui.ma\/index.php\/produit\/noreva-trio-a-soin-depigmentant-intensif-30-ml-2\/","name":"NOREVA TRIO A SOIN DEPIGMENTANT INTENSIF 30 ML - Paracherkaoui.ma","isPartOf":{"@id":"https:\/\/paracherkaoui.ma\/#website"},"primaryImageOfPage":{"@id":"https:\/\/paracherkaoui.ma\/index.php\/produit\/noreva-trio-a-soin-depigmentant-intensif-30-ml-2\/#primaryimage"},"image":{"@id":"https:\/\/paracherkaoui.ma\/index.php\/produit\/noreva-trio-a-soin-depigmentant-intensif-30-ml-2\/#primaryimage"},"thumbnailUrl":"https:\/\/paracherkaoui.ma\/wp-content\/uploads\/2025\/12\/noreva-trio-a-soin-depigmentant-intensif-30-ml.jpg","datePublished":"2025-12-12T17:32:00+00:00","dateModified":"2025-12-12T17:32:05+00:00","breadcrumb":{"@id":"https:\/\/paracherkaoui.ma\/index.php\/produit\/noreva-trio-a-soin-depigmentant-intensif-30-ml-2\/#breadcrumb"},"inLanguage":"fr-FR","potentialAction":[{"@type":"ReadAction","target":["https:\/\/paracherkaoui.ma\/index.php\/produit\/noreva-trio-a-soin-depigmentant-intensif-30-ml-2\/"]}]},{"@type":"ImageObject","inLanguage":"fr-FR","@id":"https:\/\/paracherkaoui.ma\/index.php\/produit\/noreva-trio-a-soin-depigmentant-intensif-30-ml-2\/#primaryimage","url":"https:\/\/paracherkaoui.ma\/wp-content\/uploads\/2025\/12\/noreva-trio-a-soin-depigmentant-intensif-30-ml.jpg","contentUrl":"https:\/\/paracherkaoui.ma\/wp-content\/uploads\/2025\/12\/noreva-trio-a-soin-depigmentant-intensif-30-ml.jpg","width":700,"height":700},{"@type":"BreadcrumbList","@id":"https:\/\/paracherkaoui.ma\/index.php\/produit\/noreva-trio-a-soin-depigmentant-intensif-30-ml-2\/#breadcrumb","itemListElement":[{"@type":"ListItem","position":1,"name":"Accueil","item":"https:\/\/paracherkaoui.ma\/"},{"@type":"ListItem","position":2,"name":"Boutique","item":"https:\/\/paracherkaoui.ma\/index.php\/boutique\/"},{"@type":"ListItem","position":3,"name":"NOREVA TRIO A SOIN DEPIGMENTANT INTENSIF 30 ML"}]},{"@type":"WebSite","@id":"https:\/\/paracherkaoui.ma\/#website","url":"https:\/\/paracherkaoui.ma\/","name":"Paracherkaoui.ma","description":"Achetez en ligne sur Paracherkaoui.ma","potentialAction":[{"@type":"SearchAction","target":{"@type":"EntryPoint","urlTemplate":"https:\/\/paracherkaoui.ma\/?s={search_term_string}"},"query-input":{"@type":"PropertyValueSpecification","valueRequired":true,"valueName":"search_term_string"}}],"inLanguage":"fr-FR"}]}},"_links":{"self":[{"href":"https:\/\/paracherkaoui.ma\/index.php\/wp-json\/wp\/v2\/product\/29978","targetHints":{"allow":["GET"]}}],"collection":[{"href":"https:\/\/paracherkaoui.ma\/index.php\/wp-json\/wp\/v2\/product"}],"about":[{"href":"https:\/\/paracherkaoui.ma\/index.php\/wp-json\/wp\/v2\/types\/product"}],"replies":[{"embeddable":true,"href":"https:\/\/paracherkaoui.ma\/index.php\/wp-json\/wp\/v2\/comments?post=29978"}],"version-history":[{"count":1,"href":"https:\/\/paracherkaoui.ma\/index.php\/wp-json\/wp\/v2\/product\/29978\/revisions"}],"predecessor-version":[{"id":30012,"href":"https:\/\/paracherkaoui.ma\/index.php\/wp-json\/wp\/v2\/product\/29978\/revisions\/30012"}],"wp:featuredmedia":[{"embeddable":true,"href":"https:\/\/paracherkaoui.ma\/index.php\/wp-json\/wp\/v2\/media\/25657"}],"wp:attachment":[{"href":"https:\/\/paracherkaoui.ma\/index.php\/wp-json\/wp\/v2\/media?parent=29978"}],"wp:term":[{"taxonomy":"product_brand","embeddable":true,"href":"https:\/\/paracherkaoui.ma\/index.php\/wp-json\/wp\/v2\/product_brand?post=29978"},{"taxonomy":"product_cat","embeddable":true,"href":"https:\/\/paracherkaoui.ma\/index.php\/wp-json\/wp\/v2\/product_cat?post=29978"},{"taxonomy":"product_tag","embeddable":true,"href":"https:\/\/paracherkaoui.ma\/index.php\/wp-json\/wp\/v2\/product_tag?post=29978"}],"curies":[{"name":"wp","href":"https:\/\/api.w.org\/{rel}","templated":true}]}}