{"id":29906,"date":"2025-12-12T18:31:53","date_gmt":"2025-12-12T17:31:53","guid":{"rendered":"https:\/\/test.ecbeaute.com\/?post_type=product&#038;p=29906"},"modified":"2025-12-12T18:31:56","modified_gmt":"2025-12-12T17:31:56","slug":"nuxe-nuxuriance-ultra-le-serum-correcteur-de-taches-30-ml-2","status":"publish","type":"product","link":"https:\/\/paracherkaoui.ma\/index.php\/produit\/nuxe-nuxuriance-ultra-le-serum-correcteur-de-taches-30-ml-2\/","title":{"rendered":"NUXE NUXURIANCE ULTRA LE SERUM CORRECTEUR DE TACHES 30 ML"},"content":{"rendered":"<p>Le NUXE Nuxuriance Ultra S\u00e9rum Correcteur de Taches est un soin r\u00e9volutionnaire qui corrige visiblement les signes de l&rsquo;\u00e2ge tout en r\u00e9duisant l&rsquo;apparence des taches pigmentaires. Gr\u00e2ce \u00e0 la puissante Technologie Alfa [3R], ce s\u00e9rum combine trois actions cl\u00e9s : [R]evitaliser, [R]\u00e9g\u00e9n\u00e9rer et [R]esurfacer. Son ingr\u00e9dient star, l&rsquo;extrait de graines d&rsquo;Alfalfa, est renforc\u00e9 par l&rsquo;acide hyaluronique et l&rsquo;extrait d&rsquo;h\u00e9m\u00e9rocalle pour une efficacit\u00e9 anti-\u00e2ge globale. \u00c0 cela s&rsquo;ajoute la Vitamine C, reconnue pour son efficacit\u00e9 \u00e0 estomper les taches et raviver l&rsquo;\u00e9clat du teint.<br \/>\nAvec une texture fluide lact\u00e9e, l\u00e9g\u00e8re et non collante, ce s\u00e9rum p\u00e9n\u00e8tre rapidement la peau pour une sensation de confort imm\u00e9diat. Son parfum d\u00e9licat et \u00e9l\u00e9gant compl\u00e8te cette exp\u00e9rience sensorielle unique. En seulement 2 semaines, 86 % des femmes constatent un teint plus uniforme et lumineux. Apr\u00e8s 1 mois, 90 % des utilisatrices observent une peau plus ferme et plus lisse.<br \/>\nCe s\u00e9rum est id\u00e9al pour celles qui souhaitent non seulement diminuer l&rsquo;apparence des taches, mais aussi raffermir, lisser et hydrater leur peau au quotidien. Il est parfait pour un usage quotidien et convient \u00e0 tous les types de peau, m\u00eame les plus sensibles.<br \/>\nConseils d&rsquo;utilisation :<br \/>\nAppliquez matin et\/ou soir sur une peau propre et s\u00e8che.<br \/>\nD\u00e9posez 3 gouttes de s\u00e9rum dans le creux de votre main.<br \/>\nMassez doucement sur l&rsquo;ensemble du visage et du cou en \u00e9vitant le contour des yeux.<br \/>\nCompl\u00e9tez avec votre cr\u00e8me de jour ou de nuit pour maximiser les bienfaits.<\/p>\n","protected":false},"excerpt":{"rendered":"<p>Le NUXE Nuxuriance Ultra S\u00e9rum Correcteur de Taches est un soin r\u00e9volutionnaire qui corrige visiblement les signes de l&rsquo;\u00e2ge tout<\/p>\n","protected":false},"featured_media":25490,"comment_status":"open","ping_status":"closed","template":"","meta":[],"product_brand":[230],"product_cat":[549],"product_tag":[],"class_list":{"0":"post-29906","1":"product","2":"type-product","3":"status-publish","4":"has-post-thumbnail","6":"product_brand-nuxe","7":"product_cat-cremes-depigmentantes","9":"first","10":"instock","11":"sale","12":"shipping-taxable","13":"purchasable","14":"product-type-simple"},"yoast_head":"<!-- This site is optimized with the Yoast SEO plugin v26.6 - https:\/\/yoast.com\/wordpress\/plugins\/seo\/ -->\r\n<title>NUXE NUXURIANCE ULTRA LE SERUM CORRECTEUR DE TACHES 30 ML - Paracherkaoui.ma<\/title>\r\n<meta name=\"robots\" content=\"index, follow, max-snippet:-1, max-image-preview:large, max-video-preview:-1\" \/>\r\n<link rel=\"canonical\" href=\"https:\/\/paracherkaoui.ma\/index.php\/produit\/nuxe-nuxuriance-ultra-le-serum-correcteur-de-taches-30-ml-2\/\" \/>\r\n<meta property=\"og:locale\" content=\"fr_FR\" \/>\r\n<meta property=\"og:type\" content=\"article\" \/>\r\n<meta property=\"og:title\" content=\"NUXE NUXURIANCE ULTRA LE SERUM CORRECTEUR DE TACHES 30 ML - Paracherkaoui.ma\" \/>\r\n<meta property=\"og:description\" content=\"Le NUXE Nuxuriance Ultra S\u00e9rum Correcteur de Taches est un soin r\u00e9volutionnaire qui corrige visiblement les signes de l&rsquo;\u00e2ge tout\" \/>\r\n<meta property=\"og:url\" content=\"https:\/\/paracherkaoui.ma\/index.php\/produit\/nuxe-nuxuriance-ultra-le-serum-correcteur-de-taches-30-ml-2\/\" \/>\r\n<meta property=\"og:site_name\" content=\"Paracherkaoui.ma\" \/>\r\n<meta property=\"article:modified_time\" content=\"2025-12-12T17:31:56+00:00\" \/>\r\n<meta property=\"og:image\" content=\"https:\/\/paracherkaoui.ma\/wp-content\/uploads\/2025\/12\/nuxe-nuxe-nuxuriance-ultra-le-serum-correcteur-de-taches-30-ml-creme-depigmentantes.jpg\" \/>\r\n\t<meta property=\"og:image:width\" content=\"700\" \/>\r\n\t<meta property=\"og:image:height\" content=\"700\" \/>\r\n\t<meta property=\"og:image:type\" content=\"image\/jpeg\" \/>\r\n<meta name=\"twitter:card\" content=\"summary_large_image\" \/>\r\n<meta name=\"twitter:label1\" content=\"Dur\u00e9e de lecture estim\u00e9e\" \/>\n\t<meta name=\"twitter:data1\" content=\"1 minute\" \/>\r\n<script type=\"application\/ld+json\" class=\"yoast-schema-graph\">{\"@context\":\"https:\/\/schema.org\",\"@graph\":[{\"@type\":\"WebPage\",\"@id\":\"https:\/\/paracherkaoui.ma\/index.php\/produit\/nuxe-nuxuriance-ultra-le-serum-correcteur-de-taches-30-ml-2\/\",\"url\":\"https:\/\/paracherkaoui.ma\/index.php\/produit\/nuxe-nuxuriance-ultra-le-serum-correcteur-de-taches-30-ml-2\/\",\"name\":\"NUXE NUXURIANCE ULTRA LE SERUM CORRECTEUR DE TACHES 30 ML - Paracherkaoui.ma\",\"isPartOf\":{\"@id\":\"https:\/\/paracherkaoui.ma\/#website\"},\"primaryImageOfPage\":{\"@id\":\"https:\/\/paracherkaoui.ma\/index.php\/produit\/nuxe-nuxuriance-ultra-le-serum-correcteur-de-taches-30-ml-2\/#primaryimage\"},\"image\":{\"@id\":\"https:\/\/paracherkaoui.ma\/index.php\/produit\/nuxe-nuxuriance-ultra-le-serum-correcteur-de-taches-30-ml-2\/#primaryimage\"},\"thumbnailUrl\":\"https:\/\/paracherkaoui.ma\/wp-content\/uploads\/2025\/12\/nuxe-nuxe-nuxuriance-ultra-le-serum-correcteur-de-taches-30-ml-creme-depigmentantes.jpg\",\"datePublished\":\"2025-12-12T17:31:53+00:00\",\"dateModified\":\"2025-12-12T17:31:56+00:00\",\"breadcrumb\":{\"@id\":\"https:\/\/paracherkaoui.ma\/index.php\/produit\/nuxe-nuxuriance-ultra-le-serum-correcteur-de-taches-30-ml-2\/#breadcrumb\"},\"inLanguage\":\"fr-FR\",\"potentialAction\":[{\"@type\":\"ReadAction\",\"target\":[\"https:\/\/paracherkaoui.ma\/index.php\/produit\/nuxe-nuxuriance-ultra-le-serum-correcteur-de-taches-30-ml-2\/\"]}]},{\"@type\":\"ImageObject\",\"inLanguage\":\"fr-FR\",\"@id\":\"https:\/\/paracherkaoui.ma\/index.php\/produit\/nuxe-nuxuriance-ultra-le-serum-correcteur-de-taches-30-ml-2\/#primaryimage\",\"url\":\"https:\/\/paracherkaoui.ma\/wp-content\/uploads\/2025\/12\/nuxe-nuxe-nuxuriance-ultra-le-serum-correcteur-de-taches-30-ml-creme-depigmentantes.jpg\",\"contentUrl\":\"https:\/\/paracherkaoui.ma\/wp-content\/uploads\/2025\/12\/nuxe-nuxe-nuxuriance-ultra-le-serum-correcteur-de-taches-30-ml-creme-depigmentantes.jpg\",\"width\":700,\"height\":700},{\"@type\":\"BreadcrumbList\",\"@id\":\"https:\/\/paracherkaoui.ma\/index.php\/produit\/nuxe-nuxuriance-ultra-le-serum-correcteur-de-taches-30-ml-2\/#breadcrumb\",\"itemListElement\":[{\"@type\":\"ListItem\",\"position\":1,\"name\":\"Accueil\",\"item\":\"https:\/\/paracherkaoui.ma\/\"},{\"@type\":\"ListItem\",\"position\":2,\"name\":\"Boutique\",\"item\":\"https:\/\/paracherkaoui.ma\/index.php\/boutique\/\"},{\"@type\":\"ListItem\",\"position\":3,\"name\":\"NUXE NUXURIANCE ULTRA LE SERUM CORRECTEUR DE TACHES 30 ML\"}]},{\"@type\":\"WebSite\",\"@id\":\"https:\/\/paracherkaoui.ma\/#website\",\"url\":\"https:\/\/paracherkaoui.ma\/\",\"name\":\"Paracherkaoui.ma\",\"description\":\"Achetez en ligne sur Paracherkaoui.ma\",\"potentialAction\":[{\"@type\":\"SearchAction\",\"target\":{\"@type\":\"EntryPoint\",\"urlTemplate\":\"https:\/\/paracherkaoui.ma\/?s={search_term_string}\"},\"query-input\":{\"@type\":\"PropertyValueSpecification\",\"valueRequired\":true,\"valueName\":\"search_term_string\"}}],\"inLanguage\":\"fr-FR\"}]}<\/script>\r\n<!-- \/ Yoast SEO plugin. -->","yoast_head_json":{"title":"NUXE NUXURIANCE ULTRA LE SERUM CORRECTEUR DE TACHES 30 ML - Paracherkaoui.ma","robots":{"index":"index","follow":"follow","max-snippet":"max-snippet:-1","max-image-preview":"max-image-preview:large","max-video-preview":"max-video-preview:-1"},"canonical":"https:\/\/paracherkaoui.ma\/index.php\/produit\/nuxe-nuxuriance-ultra-le-serum-correcteur-de-taches-30-ml-2\/","og_locale":"fr_FR","og_type":"article","og_title":"NUXE NUXURIANCE ULTRA LE SERUM CORRECTEUR DE TACHES 30 ML - Paracherkaoui.ma","og_description":"Le NUXE Nuxuriance Ultra S\u00e9rum Correcteur de Taches est un soin r\u00e9volutionnaire qui corrige visiblement les signes de l&rsquo;\u00e2ge tout","og_url":"https:\/\/paracherkaoui.ma\/index.php\/produit\/nuxe-nuxuriance-ultra-le-serum-correcteur-de-taches-30-ml-2\/","og_site_name":"Paracherkaoui.ma","article_modified_time":"2025-12-12T17:31:56+00:00","og_image":[{"width":700,"height":700,"url":"https:\/\/paracherkaoui.ma\/wp-content\/uploads\/2025\/12\/nuxe-nuxe-nuxuriance-ultra-le-serum-correcteur-de-taches-30-ml-creme-depigmentantes.jpg","type":"image\/jpeg"}],"twitter_card":"summary_large_image","twitter_misc":{"Dur\u00e9e de lecture estim\u00e9e":"1 minute"},"schema":{"@context":"https:\/\/schema.org","@graph":[{"@type":"WebPage","@id":"https:\/\/paracherkaoui.ma\/index.php\/produit\/nuxe-nuxuriance-ultra-le-serum-correcteur-de-taches-30-ml-2\/","url":"https:\/\/paracherkaoui.ma\/index.php\/produit\/nuxe-nuxuriance-ultra-le-serum-correcteur-de-taches-30-ml-2\/","name":"NUXE NUXURIANCE ULTRA LE SERUM CORRECTEUR DE TACHES 30 ML - Paracherkaoui.ma","isPartOf":{"@id":"https:\/\/paracherkaoui.ma\/#website"},"primaryImageOfPage":{"@id":"https:\/\/paracherkaoui.ma\/index.php\/produit\/nuxe-nuxuriance-ultra-le-serum-correcteur-de-taches-30-ml-2\/#primaryimage"},"image":{"@id":"https:\/\/paracherkaoui.ma\/index.php\/produit\/nuxe-nuxuriance-ultra-le-serum-correcteur-de-taches-30-ml-2\/#primaryimage"},"thumbnailUrl":"https:\/\/paracherkaoui.ma\/wp-content\/uploads\/2025\/12\/nuxe-nuxe-nuxuriance-ultra-le-serum-correcteur-de-taches-30-ml-creme-depigmentantes.jpg","datePublished":"2025-12-12T17:31:53+00:00","dateModified":"2025-12-12T17:31:56+00:00","breadcrumb":{"@id":"https:\/\/paracherkaoui.ma\/index.php\/produit\/nuxe-nuxuriance-ultra-le-serum-correcteur-de-taches-30-ml-2\/#breadcrumb"},"inLanguage":"fr-FR","potentialAction":[{"@type":"ReadAction","target":["https:\/\/paracherkaoui.ma\/index.php\/produit\/nuxe-nuxuriance-ultra-le-serum-correcteur-de-taches-30-ml-2\/"]}]},{"@type":"ImageObject","inLanguage":"fr-FR","@id":"https:\/\/paracherkaoui.ma\/index.php\/produit\/nuxe-nuxuriance-ultra-le-serum-correcteur-de-taches-30-ml-2\/#primaryimage","url":"https:\/\/paracherkaoui.ma\/wp-content\/uploads\/2025\/12\/nuxe-nuxe-nuxuriance-ultra-le-serum-correcteur-de-taches-30-ml-creme-depigmentantes.jpg","contentUrl":"https:\/\/paracherkaoui.ma\/wp-content\/uploads\/2025\/12\/nuxe-nuxe-nuxuriance-ultra-le-serum-correcteur-de-taches-30-ml-creme-depigmentantes.jpg","width":700,"height":700},{"@type":"BreadcrumbList","@id":"https:\/\/paracherkaoui.ma\/index.php\/produit\/nuxe-nuxuriance-ultra-le-serum-correcteur-de-taches-30-ml-2\/#breadcrumb","itemListElement":[{"@type":"ListItem","position":1,"name":"Accueil","item":"https:\/\/paracherkaoui.ma\/"},{"@type":"ListItem","position":2,"name":"Boutique","item":"https:\/\/paracherkaoui.ma\/index.php\/boutique\/"},{"@type":"ListItem","position":3,"name":"NUXE NUXURIANCE ULTRA LE SERUM CORRECTEUR DE TACHES 30 ML"}]},{"@type":"WebSite","@id":"https:\/\/paracherkaoui.ma\/#website","url":"https:\/\/paracherkaoui.ma\/","name":"Paracherkaoui.ma","description":"Achetez en ligne sur Paracherkaoui.ma","potentialAction":[{"@type":"SearchAction","target":{"@type":"EntryPoint","urlTemplate":"https:\/\/paracherkaoui.ma\/?s={search_term_string}"},"query-input":{"@type":"PropertyValueSpecification","valueRequired":true,"valueName":"search_term_string"}}],"inLanguage":"fr-FR"}]}},"_links":{"self":[{"href":"https:\/\/paracherkaoui.ma\/index.php\/wp-json\/wp\/v2\/product\/29906","targetHints":{"allow":["GET"]}}],"collection":[{"href":"https:\/\/paracherkaoui.ma\/index.php\/wp-json\/wp\/v2\/product"}],"about":[{"href":"https:\/\/paracherkaoui.ma\/index.php\/wp-json\/wp\/v2\/types\/product"}],"replies":[{"embeddable":true,"href":"https:\/\/paracherkaoui.ma\/index.php\/wp-json\/wp\/v2\/comments?post=29906"}],"version-history":[{"count":1,"href":"https:\/\/paracherkaoui.ma\/index.php\/wp-json\/wp\/v2\/product\/29906\/revisions"}],"predecessor-version":[{"id":29937,"href":"https:\/\/paracherkaoui.ma\/index.php\/wp-json\/wp\/v2\/product\/29906\/revisions\/29937"}],"wp:featuredmedia":[{"embeddable":true,"href":"https:\/\/paracherkaoui.ma\/index.php\/wp-json\/wp\/v2\/media\/25490"}],"wp:attachment":[{"href":"https:\/\/paracherkaoui.ma\/index.php\/wp-json\/wp\/v2\/media?parent=29906"}],"wp:term":[{"taxonomy":"product_brand","embeddable":true,"href":"https:\/\/paracherkaoui.ma\/index.php\/wp-json\/wp\/v2\/product_brand?post=29906"},{"taxonomy":"product_cat","embeddable":true,"href":"https:\/\/paracherkaoui.ma\/index.php\/wp-json\/wp\/v2\/product_cat?post=29906"},{"taxonomy":"product_tag","embeddable":true,"href":"https:\/\/paracherkaoui.ma\/index.php\/wp-json\/wp\/v2\/product_tag?post=29906"}],"curies":[{"name":"wp","href":"https:\/\/api.w.org\/{rel}","templated":true}]}}