{"id":29861,"date":"2025-12-12T18:31:48","date_gmt":"2025-12-12T17:31:48","guid":{"rendered":"https:\/\/test.ecbeaute.com\/?post_type=product&#038;p=29861"},"modified":"2025-12-12T18:31:52","modified_gmt":"2025-12-12T17:31:52","slug":"niacinaz-creme-pure-niacinamide-10-50-ml","status":"publish","type":"product","link":"https:\/\/paracherkaoui.ma\/index.php\/produit\/niacinaz-creme-pure-niacinamide-10-50-ml\/","title":{"rendered":"NIACINAZ CREME PURE NIACINAMIDE 10% 50 ML"},"content":{"rendered":"<p>La Cr\u00e8me Pure Niacinamide 10% de NiacinAZ est un soin puissant qui r\u00e9volutionne votre routine de soins de la peau. Gr\u00e2ce \u00e0 sa formule enrichie en niacinamide (vitamine B3), elle cible efficacement les probl\u00e8mes de pigmentation et aide \u00e0 lutter contre le vieillissement cutan\u00e9 tout en maintenant une hydratation optimale. La niacinamide agit en profondeur pour att\u00e9nuer les taches pigmentaires, r\u00e9duire les rougeurs et calmer les irritations, vous offrant une peau plus lumineuse et un teint uniformis\u00e9.<br \/>\nBienfaits principaux :<br \/>\nLutte contre les signes du vieillissement : R\u00e9duit l&rsquo;apparence des ridules et des rides tout en raffermissant la peau, pour un visage plus jeune et tonifi\u00e9.<br \/>\nUnifie et illumine le teint : Gr\u00e2ce \u00e0 sa concentration en niacinamide (10%), cette cr\u00e8me cible les taches pigmentaires et am\u00e9liore la texture de la peau.<br \/>\nPropri\u00e9t\u00e9s anti-inflammatoires : Calme les inflammations cutan\u00e9es, tout en pr\u00e9venant les rougeurs et autres imperfections.<br \/>\nHydratation longue dur\u00e9e : Maintient un niveau d&rsquo;hydratation optimal tout au long de la journ\u00e9e, sans effet gras.<br \/>\nActifs cl\u00e9s :<br \/>\nNiacinamide : Diminue la taille des pores et am\u00e9liore la texture de la peau, tout en favorisant la production de k\u00e9ratine.<br \/>\nVitamine E : Anti-oxydant puissant, elle prot\u00e8ge la peau contre les radicaux libres, r\u00e9duisant le vieillissement pr\u00e9matur\u00e9 et renfor\u00e7ant la barri\u00e8re cutan\u00e9e.<br \/>\nConseils d\u2019utilisation :<br \/>\nAppliquez la cr\u00e8me matin et soir sur une peau propre, en \u00e9talant d\u00e9licatement sur le visage, le cou et le d\u00e9collet\u00e9. Elle peut \u00eatre utilis\u00e9e comme traitement d&rsquo;entretien quotidien pour pr\u00e9venir l\u2019apparition des taches futures et am\u00e9liorer visiblement la texture de la peau. Sa texture non grasse et non com\u00e9dog\u00e8ne convient \u00e0 tous les types de peau.<\/p>\n","protected":false},"excerpt":{"rendered":"<p>La Cr\u00e8me Pure Niacinamide 10% de NiacinAZ est un soin puissant qui r\u00e9volutionne votre routine de soins de la peau.<\/p>\n","protected":false},"featured_media":29895,"comment_status":"open","ping_status":"closed","template":"","meta":[],"product_brand":[442],"product_cat":[549],"product_tag":[],"class_list":{"0":"post-29861","1":"product","2":"type-product","3":"status-publish","4":"has-post-thumbnail","6":"product_brand-niacinaz","7":"product_cat-cremes-depigmentantes","9":"first","10":"instock","11":"sale","12":"shipping-taxable","13":"purchasable","14":"product-type-simple"},"yoast_head":"<!-- This site is optimized with the Yoast SEO plugin v26.6 - https:\/\/yoast.com\/wordpress\/plugins\/seo\/ -->\r\n<title>NIACINAZ CREME PURE NIACINAMIDE 10% 50 ML - Paracherkaoui.ma<\/title>\r\n<meta name=\"robots\" content=\"index, follow, max-snippet:-1, max-image-preview:large, max-video-preview:-1\" \/>\r\n<link rel=\"canonical\" href=\"https:\/\/paracherkaoui.ma\/index.php\/produit\/niacinaz-creme-pure-niacinamide-10-50-ml\/\" \/>\r\n<meta property=\"og:locale\" content=\"fr_FR\" \/>\r\n<meta property=\"og:type\" content=\"article\" \/>\r\n<meta property=\"og:title\" content=\"NIACINAZ CREME PURE NIACINAMIDE 10% 50 ML - Paracherkaoui.ma\" \/>\r\n<meta property=\"og:description\" content=\"La Cr\u00e8me Pure Niacinamide 10% de NiacinAZ est un soin puissant qui r\u00e9volutionne votre routine de soins de la peau.\" \/>\r\n<meta property=\"og:url\" content=\"https:\/\/paracherkaoui.ma\/index.php\/produit\/niacinaz-creme-pure-niacinamide-10-50-ml\/\" \/>\r\n<meta property=\"og:site_name\" content=\"Paracherkaoui.ma\" \/>\r\n<meta property=\"article:modified_time\" content=\"2025-12-12T17:31:52+00:00\" \/>\r\n<meta property=\"og:image\" content=\"https:\/\/paracherkaoui.ma\/wp-content\/uploads\/2025\/12\/niacinaz-creme-pure-niacinamide-10-50-ml.jpg\" \/>\r\n\t<meta property=\"og:image:width\" content=\"700\" \/>\r\n\t<meta property=\"og:image:height\" content=\"700\" \/>\r\n\t<meta property=\"og:image:type\" content=\"image\/jpeg\" \/>\r\n<meta name=\"twitter:card\" content=\"summary_large_image\" \/>\r\n<meta name=\"twitter:label1\" content=\"Dur\u00e9e de lecture estim\u00e9e\" \/>\n\t<meta name=\"twitter:data1\" content=\"1 minute\" \/>\r\n<script type=\"application\/ld+json\" class=\"yoast-schema-graph\">{\"@context\":\"https:\/\/schema.org\",\"@graph\":[{\"@type\":\"WebPage\",\"@id\":\"https:\/\/paracherkaoui.ma\/index.php\/produit\/niacinaz-creme-pure-niacinamide-10-50-ml\/\",\"url\":\"https:\/\/paracherkaoui.ma\/index.php\/produit\/niacinaz-creme-pure-niacinamide-10-50-ml\/\",\"name\":\"NIACINAZ CREME PURE NIACINAMIDE 10% 50 ML - Paracherkaoui.ma\",\"isPartOf\":{\"@id\":\"https:\/\/paracherkaoui.ma\/#website\"},\"primaryImageOfPage\":{\"@id\":\"https:\/\/paracherkaoui.ma\/index.php\/produit\/niacinaz-creme-pure-niacinamide-10-50-ml\/#primaryimage\"},\"image\":{\"@id\":\"https:\/\/paracherkaoui.ma\/index.php\/produit\/niacinaz-creme-pure-niacinamide-10-50-ml\/#primaryimage\"},\"thumbnailUrl\":\"https:\/\/paracherkaoui.ma\/wp-content\/uploads\/2025\/12\/niacinaz-creme-pure-niacinamide-10-50-ml.jpg\",\"datePublished\":\"2025-12-12T17:31:48+00:00\",\"dateModified\":\"2025-12-12T17:31:52+00:00\",\"breadcrumb\":{\"@id\":\"https:\/\/paracherkaoui.ma\/index.php\/produit\/niacinaz-creme-pure-niacinamide-10-50-ml\/#breadcrumb\"},\"inLanguage\":\"fr-FR\",\"potentialAction\":[{\"@type\":\"ReadAction\",\"target\":[\"https:\/\/paracherkaoui.ma\/index.php\/produit\/niacinaz-creme-pure-niacinamide-10-50-ml\/\"]}]},{\"@type\":\"ImageObject\",\"inLanguage\":\"fr-FR\",\"@id\":\"https:\/\/paracherkaoui.ma\/index.php\/produit\/niacinaz-creme-pure-niacinamide-10-50-ml\/#primaryimage\",\"url\":\"https:\/\/paracherkaoui.ma\/wp-content\/uploads\/2025\/12\/niacinaz-creme-pure-niacinamide-10-50-ml.jpg\",\"contentUrl\":\"https:\/\/paracherkaoui.ma\/wp-content\/uploads\/2025\/12\/niacinaz-creme-pure-niacinamide-10-50-ml.jpg\",\"width\":700,\"height\":700},{\"@type\":\"BreadcrumbList\",\"@id\":\"https:\/\/paracherkaoui.ma\/index.php\/produit\/niacinaz-creme-pure-niacinamide-10-50-ml\/#breadcrumb\",\"itemListElement\":[{\"@type\":\"ListItem\",\"position\":1,\"name\":\"Accueil\",\"item\":\"https:\/\/paracherkaoui.ma\/\"},{\"@type\":\"ListItem\",\"position\":2,\"name\":\"Boutique\",\"item\":\"https:\/\/paracherkaoui.ma\/index.php\/boutique\/\"},{\"@type\":\"ListItem\",\"position\":3,\"name\":\"NIACINAZ CREME PURE NIACINAMIDE 10% 50 ML\"}]},{\"@type\":\"WebSite\",\"@id\":\"https:\/\/paracherkaoui.ma\/#website\",\"url\":\"https:\/\/paracherkaoui.ma\/\",\"name\":\"Paracherkaoui.ma\",\"description\":\"Achetez en ligne sur Paracherkaoui.ma\",\"potentialAction\":[{\"@type\":\"SearchAction\",\"target\":{\"@type\":\"EntryPoint\",\"urlTemplate\":\"https:\/\/paracherkaoui.ma\/?s={search_term_string}\"},\"query-input\":{\"@type\":\"PropertyValueSpecification\",\"valueRequired\":true,\"valueName\":\"search_term_string\"}}],\"inLanguage\":\"fr-FR\"}]}<\/script>\r\n<!-- \/ Yoast SEO plugin. -->","yoast_head_json":{"title":"NIACINAZ CREME PURE NIACINAMIDE 10% 50 ML - Paracherkaoui.ma","robots":{"index":"index","follow":"follow","max-snippet":"max-snippet:-1","max-image-preview":"max-image-preview:large","max-video-preview":"max-video-preview:-1"},"canonical":"https:\/\/paracherkaoui.ma\/index.php\/produit\/niacinaz-creme-pure-niacinamide-10-50-ml\/","og_locale":"fr_FR","og_type":"article","og_title":"NIACINAZ CREME PURE NIACINAMIDE 10% 50 ML - Paracherkaoui.ma","og_description":"La Cr\u00e8me Pure Niacinamide 10% de NiacinAZ est un soin puissant qui r\u00e9volutionne votre routine de soins de la peau.","og_url":"https:\/\/paracherkaoui.ma\/index.php\/produit\/niacinaz-creme-pure-niacinamide-10-50-ml\/","og_site_name":"Paracherkaoui.ma","article_modified_time":"2025-12-12T17:31:52+00:00","og_image":[{"width":700,"height":700,"url":"https:\/\/paracherkaoui.ma\/wp-content\/uploads\/2025\/12\/niacinaz-creme-pure-niacinamide-10-50-ml.jpg","type":"image\/jpeg"}],"twitter_card":"summary_large_image","twitter_misc":{"Dur\u00e9e de lecture estim\u00e9e":"1 minute"},"schema":{"@context":"https:\/\/schema.org","@graph":[{"@type":"WebPage","@id":"https:\/\/paracherkaoui.ma\/index.php\/produit\/niacinaz-creme-pure-niacinamide-10-50-ml\/","url":"https:\/\/paracherkaoui.ma\/index.php\/produit\/niacinaz-creme-pure-niacinamide-10-50-ml\/","name":"NIACINAZ CREME PURE NIACINAMIDE 10% 50 ML - Paracherkaoui.ma","isPartOf":{"@id":"https:\/\/paracherkaoui.ma\/#website"},"primaryImageOfPage":{"@id":"https:\/\/paracherkaoui.ma\/index.php\/produit\/niacinaz-creme-pure-niacinamide-10-50-ml\/#primaryimage"},"image":{"@id":"https:\/\/paracherkaoui.ma\/index.php\/produit\/niacinaz-creme-pure-niacinamide-10-50-ml\/#primaryimage"},"thumbnailUrl":"https:\/\/paracherkaoui.ma\/wp-content\/uploads\/2025\/12\/niacinaz-creme-pure-niacinamide-10-50-ml.jpg","datePublished":"2025-12-12T17:31:48+00:00","dateModified":"2025-12-12T17:31:52+00:00","breadcrumb":{"@id":"https:\/\/paracherkaoui.ma\/index.php\/produit\/niacinaz-creme-pure-niacinamide-10-50-ml\/#breadcrumb"},"inLanguage":"fr-FR","potentialAction":[{"@type":"ReadAction","target":["https:\/\/paracherkaoui.ma\/index.php\/produit\/niacinaz-creme-pure-niacinamide-10-50-ml\/"]}]},{"@type":"ImageObject","inLanguage":"fr-FR","@id":"https:\/\/paracherkaoui.ma\/index.php\/produit\/niacinaz-creme-pure-niacinamide-10-50-ml\/#primaryimage","url":"https:\/\/paracherkaoui.ma\/wp-content\/uploads\/2025\/12\/niacinaz-creme-pure-niacinamide-10-50-ml.jpg","contentUrl":"https:\/\/paracherkaoui.ma\/wp-content\/uploads\/2025\/12\/niacinaz-creme-pure-niacinamide-10-50-ml.jpg","width":700,"height":700},{"@type":"BreadcrumbList","@id":"https:\/\/paracherkaoui.ma\/index.php\/produit\/niacinaz-creme-pure-niacinamide-10-50-ml\/#breadcrumb","itemListElement":[{"@type":"ListItem","position":1,"name":"Accueil","item":"https:\/\/paracherkaoui.ma\/"},{"@type":"ListItem","position":2,"name":"Boutique","item":"https:\/\/paracherkaoui.ma\/index.php\/boutique\/"},{"@type":"ListItem","position":3,"name":"NIACINAZ CREME PURE NIACINAMIDE 10% 50 ML"}]},{"@type":"WebSite","@id":"https:\/\/paracherkaoui.ma\/#website","url":"https:\/\/paracherkaoui.ma\/","name":"Paracherkaoui.ma","description":"Achetez en ligne sur Paracherkaoui.ma","potentialAction":[{"@type":"SearchAction","target":{"@type":"EntryPoint","urlTemplate":"https:\/\/paracherkaoui.ma\/?s={search_term_string}"},"query-input":{"@type":"PropertyValueSpecification","valueRequired":true,"valueName":"search_term_string"}}],"inLanguage":"fr-FR"}]}},"_links":{"self":[{"href":"https:\/\/paracherkaoui.ma\/index.php\/wp-json\/wp\/v2\/product\/29861","targetHints":{"allow":["GET"]}}],"collection":[{"href":"https:\/\/paracherkaoui.ma\/index.php\/wp-json\/wp\/v2\/product"}],"about":[{"href":"https:\/\/paracherkaoui.ma\/index.php\/wp-json\/wp\/v2\/types\/product"}],"replies":[{"embeddable":true,"href":"https:\/\/paracherkaoui.ma\/index.php\/wp-json\/wp\/v2\/comments?post=29861"}],"version-history":[{"count":1,"href":"https:\/\/paracherkaoui.ma\/index.php\/wp-json\/wp\/v2\/product\/29861\/revisions"}],"predecessor-version":[{"id":29896,"href":"https:\/\/paracherkaoui.ma\/index.php\/wp-json\/wp\/v2\/product\/29861\/revisions\/29896"}],"wp:featuredmedia":[{"embeddable":true,"href":"https:\/\/paracherkaoui.ma\/index.php\/wp-json\/wp\/v2\/media\/29895"}],"wp:attachment":[{"href":"https:\/\/paracherkaoui.ma\/index.php\/wp-json\/wp\/v2\/media?parent=29861"}],"wp:term":[{"taxonomy":"product_brand","embeddable":true,"href":"https:\/\/paracherkaoui.ma\/index.php\/wp-json\/wp\/v2\/product_brand?post=29861"},{"taxonomy":"product_cat","embeddable":true,"href":"https:\/\/paracherkaoui.ma\/index.php\/wp-json\/wp\/v2\/product_cat?post=29861"},{"taxonomy":"product_tag","embeddable":true,"href":"https:\/\/paracherkaoui.ma\/index.php\/wp-json\/wp\/v2\/product_tag?post=29861"}],"curies":[{"name":"wp","href":"https:\/\/api.w.org\/{rel}","templated":true}]}}