{"id":29843,"date":"2025-12-12T18:31:47","date_gmt":"2025-12-12T17:31:47","guid":{"rendered":"https:\/\/test.ecbeaute.com\/?post_type=product&#038;p=29843"},"modified":"2025-12-12T18:31:49","modified_gmt":"2025-12-12T17:31:49","slug":"hyfac-clarifac-soin-anti-taches-40-ml-3","status":"publish","type":"product","link":"https:\/\/paracherkaoui.ma\/index.php\/produit\/hyfac-clarifac-soin-anti-taches-40-ml-3\/","title":{"rendered":"HYFAC CLARIFAC SOIN ANTI TACHES 40 ML"},"content":{"rendered":"<p>Hyfac Clarifac Soin Anti-Taches\u00a0 40 ml \u00e0 la texture l\u00e9g\u00e8re et hydratante est un soin \u00e9claircissant adapt\u00e9 aux peaux qui pr\u00e9sentent des taches pigment\u00e9es.<br \/>\nSa formule redonne \u00e0 la peau son \u00e9clat naturel et prot\u00e8ge des UV gr\u00e2ce \u00e0 son SPF 30. Ce soin anti-taches contient des actifs v\u00e9g\u00e9taux qui agissent sur les 3 \u00e9tapes principales de la m\u00e9lanogen\u00e8se.<br \/>\n&#8211; diminue l&rsquo;activit\u00e9 de la tyrosinase, principale enzyme responsable de la synth\u00e8se de la m\u00e9lanine.<br \/>\n&#8211; retarde la maturation du m\u00e9lanosome, unit\u00e9 de fabrication de la m\u00e9lanine.<br \/>\n&#8211; diminue le transfert de la m\u00e9lanine vers les k\u00e9ratinocytes.<br \/>\nLes taches sont r\u00e9duites, le teint est plus clair et la peau est prot\u00e9g\u00e9e<br \/>\nNe pas appliquer sur les muqueuses.<br \/>\nIndication : R\u00e9duire les taches pigment\u00e9es et donner de l&rsquo;\u00e9clat au teint.<\/p>\n","protected":false},"excerpt":{"rendered":"<p>Hyfac Clarifac Soin Anti-Taches\u00a0 40 ml \u00e0 la texture l\u00e9g\u00e8re et hydratante est un soin \u00e9claircissant adapt\u00e9 aux peaux qui<\/p>\n","protected":false},"featured_media":25277,"comment_status":"open","ping_status":"closed","template":"","meta":[],"product_brand":[365],"product_cat":[549],"product_tag":[],"class_list":{"0":"post-29843","1":"product","2":"type-product","3":"status-publish","4":"has-post-thumbnail","6":"product_brand-hyfac","7":"product_cat-cremes-depigmentantes","9":"first","10":"instock","11":"sale","12":"shipping-taxable","13":"purchasable","14":"product-type-simple"},"yoast_head":"<!-- This site is optimized with the Yoast SEO plugin v26.6 - https:\/\/yoast.com\/wordpress\/plugins\/seo\/ -->\r\n<title>HYFAC CLARIFAC SOIN ANTI TACHES 40 ML - Paracherkaoui.ma<\/title>\r\n<meta name=\"robots\" content=\"index, follow, max-snippet:-1, max-image-preview:large, max-video-preview:-1\" \/>\r\n<link rel=\"canonical\" href=\"https:\/\/paracherkaoui.ma\/index.php\/produit\/hyfac-clarifac-soin-anti-taches-40-ml-3\/\" \/>\r\n<meta property=\"og:locale\" content=\"fr_FR\" \/>\r\n<meta property=\"og:type\" content=\"article\" \/>\r\n<meta property=\"og:title\" content=\"HYFAC CLARIFAC SOIN ANTI TACHES 40 ML - Paracherkaoui.ma\" \/>\r\n<meta property=\"og:description\" content=\"Hyfac Clarifac Soin Anti-Taches\u00a0 40 ml \u00e0 la texture l\u00e9g\u00e8re et hydratante est un soin \u00e9claircissant adapt\u00e9 aux peaux qui\" \/>\r\n<meta property=\"og:url\" content=\"https:\/\/paracherkaoui.ma\/index.php\/produit\/hyfac-clarifac-soin-anti-taches-40-ml-3\/\" \/>\r\n<meta property=\"og:site_name\" content=\"Paracherkaoui.ma\" \/>\r\n<meta property=\"article:modified_time\" content=\"2025-12-12T17:31:49+00:00\" \/>\r\n<meta property=\"og:image\" content=\"https:\/\/paracherkaoui.ma\/wp-content\/uploads\/2025\/12\/hyfac-clarifac-soin-anti-taches-40-ml.jpg\" \/>\r\n\t<meta property=\"og:image:width\" content=\"700\" \/>\r\n\t<meta property=\"og:image:height\" content=\"700\" \/>\r\n\t<meta property=\"og:image:type\" content=\"image\/jpeg\" \/>\r\n<meta name=\"twitter:card\" content=\"summary_large_image\" \/>\r\n<meta name=\"twitter:label1\" content=\"Dur\u00e9e de lecture estim\u00e9e\" \/>\n\t<meta name=\"twitter:data1\" content=\"1 minute\" \/>\r\n<script type=\"application\/ld+json\" class=\"yoast-schema-graph\">{\"@context\":\"https:\/\/schema.org\",\"@graph\":[{\"@type\":\"WebPage\",\"@id\":\"https:\/\/paracherkaoui.ma\/index.php\/produit\/hyfac-clarifac-soin-anti-taches-40-ml-3\/\",\"url\":\"https:\/\/paracherkaoui.ma\/index.php\/produit\/hyfac-clarifac-soin-anti-taches-40-ml-3\/\",\"name\":\"HYFAC CLARIFAC SOIN ANTI TACHES 40 ML - Paracherkaoui.ma\",\"isPartOf\":{\"@id\":\"https:\/\/paracherkaoui.ma\/#website\"},\"primaryImageOfPage\":{\"@id\":\"https:\/\/paracherkaoui.ma\/index.php\/produit\/hyfac-clarifac-soin-anti-taches-40-ml-3\/#primaryimage\"},\"image\":{\"@id\":\"https:\/\/paracherkaoui.ma\/index.php\/produit\/hyfac-clarifac-soin-anti-taches-40-ml-3\/#primaryimage\"},\"thumbnailUrl\":\"https:\/\/paracherkaoui.ma\/wp-content\/uploads\/2025\/12\/hyfac-clarifac-soin-anti-taches-40-ml.jpg\",\"datePublished\":\"2025-12-12T17:31:47+00:00\",\"dateModified\":\"2025-12-12T17:31:49+00:00\",\"breadcrumb\":{\"@id\":\"https:\/\/paracherkaoui.ma\/index.php\/produit\/hyfac-clarifac-soin-anti-taches-40-ml-3\/#breadcrumb\"},\"inLanguage\":\"fr-FR\",\"potentialAction\":[{\"@type\":\"ReadAction\",\"target\":[\"https:\/\/paracherkaoui.ma\/index.php\/produit\/hyfac-clarifac-soin-anti-taches-40-ml-3\/\"]}]},{\"@type\":\"ImageObject\",\"inLanguage\":\"fr-FR\",\"@id\":\"https:\/\/paracherkaoui.ma\/index.php\/produit\/hyfac-clarifac-soin-anti-taches-40-ml-3\/#primaryimage\",\"url\":\"https:\/\/paracherkaoui.ma\/wp-content\/uploads\/2025\/12\/hyfac-clarifac-soin-anti-taches-40-ml.jpg\",\"contentUrl\":\"https:\/\/paracherkaoui.ma\/wp-content\/uploads\/2025\/12\/hyfac-clarifac-soin-anti-taches-40-ml.jpg\",\"width\":700,\"height\":700},{\"@type\":\"BreadcrumbList\",\"@id\":\"https:\/\/paracherkaoui.ma\/index.php\/produit\/hyfac-clarifac-soin-anti-taches-40-ml-3\/#breadcrumb\",\"itemListElement\":[{\"@type\":\"ListItem\",\"position\":1,\"name\":\"Accueil\",\"item\":\"https:\/\/paracherkaoui.ma\/\"},{\"@type\":\"ListItem\",\"position\":2,\"name\":\"Boutique\",\"item\":\"https:\/\/paracherkaoui.ma\/index.php\/boutique\/\"},{\"@type\":\"ListItem\",\"position\":3,\"name\":\"HYFAC CLARIFAC SOIN ANTI TACHES 40 ML\"}]},{\"@type\":\"WebSite\",\"@id\":\"https:\/\/paracherkaoui.ma\/#website\",\"url\":\"https:\/\/paracherkaoui.ma\/\",\"name\":\"Paracherkaoui.ma\",\"description\":\"Achetez en ligne sur Paracherkaoui.ma\",\"potentialAction\":[{\"@type\":\"SearchAction\",\"target\":{\"@type\":\"EntryPoint\",\"urlTemplate\":\"https:\/\/paracherkaoui.ma\/?s={search_term_string}\"},\"query-input\":{\"@type\":\"PropertyValueSpecification\",\"valueRequired\":true,\"valueName\":\"search_term_string\"}}],\"inLanguage\":\"fr-FR\"}]}<\/script>\r\n<!-- \/ Yoast SEO plugin. -->","yoast_head_json":{"title":"HYFAC CLARIFAC SOIN ANTI TACHES 40 ML - Paracherkaoui.ma","robots":{"index":"index","follow":"follow","max-snippet":"max-snippet:-1","max-image-preview":"max-image-preview:large","max-video-preview":"max-video-preview:-1"},"canonical":"https:\/\/paracherkaoui.ma\/index.php\/produit\/hyfac-clarifac-soin-anti-taches-40-ml-3\/","og_locale":"fr_FR","og_type":"article","og_title":"HYFAC CLARIFAC SOIN ANTI TACHES 40 ML - Paracherkaoui.ma","og_description":"Hyfac Clarifac Soin Anti-Taches\u00a0 40 ml \u00e0 la texture l\u00e9g\u00e8re et hydratante est un soin \u00e9claircissant adapt\u00e9 aux peaux qui","og_url":"https:\/\/paracherkaoui.ma\/index.php\/produit\/hyfac-clarifac-soin-anti-taches-40-ml-3\/","og_site_name":"Paracherkaoui.ma","article_modified_time":"2025-12-12T17:31:49+00:00","og_image":[{"width":700,"height":700,"url":"https:\/\/paracherkaoui.ma\/wp-content\/uploads\/2025\/12\/hyfac-clarifac-soin-anti-taches-40-ml.jpg","type":"image\/jpeg"}],"twitter_card":"summary_large_image","twitter_misc":{"Dur\u00e9e de lecture estim\u00e9e":"1 minute"},"schema":{"@context":"https:\/\/schema.org","@graph":[{"@type":"WebPage","@id":"https:\/\/paracherkaoui.ma\/index.php\/produit\/hyfac-clarifac-soin-anti-taches-40-ml-3\/","url":"https:\/\/paracherkaoui.ma\/index.php\/produit\/hyfac-clarifac-soin-anti-taches-40-ml-3\/","name":"HYFAC CLARIFAC SOIN ANTI TACHES 40 ML - Paracherkaoui.ma","isPartOf":{"@id":"https:\/\/paracherkaoui.ma\/#website"},"primaryImageOfPage":{"@id":"https:\/\/paracherkaoui.ma\/index.php\/produit\/hyfac-clarifac-soin-anti-taches-40-ml-3\/#primaryimage"},"image":{"@id":"https:\/\/paracherkaoui.ma\/index.php\/produit\/hyfac-clarifac-soin-anti-taches-40-ml-3\/#primaryimage"},"thumbnailUrl":"https:\/\/paracherkaoui.ma\/wp-content\/uploads\/2025\/12\/hyfac-clarifac-soin-anti-taches-40-ml.jpg","datePublished":"2025-12-12T17:31:47+00:00","dateModified":"2025-12-12T17:31:49+00:00","breadcrumb":{"@id":"https:\/\/paracherkaoui.ma\/index.php\/produit\/hyfac-clarifac-soin-anti-taches-40-ml-3\/#breadcrumb"},"inLanguage":"fr-FR","potentialAction":[{"@type":"ReadAction","target":["https:\/\/paracherkaoui.ma\/index.php\/produit\/hyfac-clarifac-soin-anti-taches-40-ml-3\/"]}]},{"@type":"ImageObject","inLanguage":"fr-FR","@id":"https:\/\/paracherkaoui.ma\/index.php\/produit\/hyfac-clarifac-soin-anti-taches-40-ml-3\/#primaryimage","url":"https:\/\/paracherkaoui.ma\/wp-content\/uploads\/2025\/12\/hyfac-clarifac-soin-anti-taches-40-ml.jpg","contentUrl":"https:\/\/paracherkaoui.ma\/wp-content\/uploads\/2025\/12\/hyfac-clarifac-soin-anti-taches-40-ml.jpg","width":700,"height":700},{"@type":"BreadcrumbList","@id":"https:\/\/paracherkaoui.ma\/index.php\/produit\/hyfac-clarifac-soin-anti-taches-40-ml-3\/#breadcrumb","itemListElement":[{"@type":"ListItem","position":1,"name":"Accueil","item":"https:\/\/paracherkaoui.ma\/"},{"@type":"ListItem","position":2,"name":"Boutique","item":"https:\/\/paracherkaoui.ma\/index.php\/boutique\/"},{"@type":"ListItem","position":3,"name":"HYFAC CLARIFAC SOIN ANTI TACHES 40 ML"}]},{"@type":"WebSite","@id":"https:\/\/paracherkaoui.ma\/#website","url":"https:\/\/paracherkaoui.ma\/","name":"Paracherkaoui.ma","description":"Achetez en ligne sur Paracherkaoui.ma","potentialAction":[{"@type":"SearchAction","target":{"@type":"EntryPoint","urlTemplate":"https:\/\/paracherkaoui.ma\/?s={search_term_string}"},"query-input":{"@type":"PropertyValueSpecification","valueRequired":true,"valueName":"search_term_string"}}],"inLanguage":"fr-FR"}]}},"_links":{"self":[{"href":"https:\/\/paracherkaoui.ma\/index.php\/wp-json\/wp\/v2\/product\/29843","targetHints":{"allow":["GET"]}}],"collection":[{"href":"https:\/\/paracherkaoui.ma\/index.php\/wp-json\/wp\/v2\/product"}],"about":[{"href":"https:\/\/paracherkaoui.ma\/index.php\/wp-json\/wp\/v2\/types\/product"}],"replies":[{"embeddable":true,"href":"https:\/\/paracherkaoui.ma\/index.php\/wp-json\/wp\/v2\/comments?post=29843"}],"version-history":[{"count":1,"href":"https:\/\/paracherkaoui.ma\/index.php\/wp-json\/wp\/v2\/product\/29843\/revisions"}],"predecessor-version":[{"id":29873,"href":"https:\/\/paracherkaoui.ma\/index.php\/wp-json\/wp\/v2\/product\/29843\/revisions\/29873"}],"wp:featuredmedia":[{"embeddable":true,"href":"https:\/\/paracherkaoui.ma\/index.php\/wp-json\/wp\/v2\/media\/25277"}],"wp:attachment":[{"href":"https:\/\/paracherkaoui.ma\/index.php\/wp-json\/wp\/v2\/media?parent=29843"}],"wp:term":[{"taxonomy":"product_brand","embeddable":true,"href":"https:\/\/paracherkaoui.ma\/index.php\/wp-json\/wp\/v2\/product_brand?post=29843"},{"taxonomy":"product_cat","embeddable":true,"href":"https:\/\/paracherkaoui.ma\/index.php\/wp-json\/wp\/v2\/product_cat?post=29843"},{"taxonomy":"product_tag","embeddable":true,"href":"https:\/\/paracherkaoui.ma\/index.php\/wp-json\/wp\/v2\/product_tag?post=29843"}],"curies":[{"name":"wp","href":"https:\/\/api.w.org\/{rel}","templated":true}]}}