{"id":29780,"date":"2025-12-12T18:31:41","date_gmt":"2025-12-12T17:31:41","guid":{"rendered":"https:\/\/test.ecbeaute.com\/?post_type=product&#038;p=29780"},"modified":"2025-12-12T18:31:43","modified_gmt":"2025-12-12T17:31:43","slug":"bella-aurora-cc-creme-anti-taches-spf50-teinte-claire-3","status":"publish","type":"product","link":"https:\/\/paracherkaoui.ma\/index.php\/produit\/bella-aurora-cc-creme-anti-taches-spf50-teinte-claire-3\/","title":{"rendered":"BELLA AURORA CC CREME ANTI TACHES SPF50 TEINTE CLAIRE"},"content":{"rendered":"<p>Description:<br \/>\nAnti-dark spots CC Cream;Cr\u00e8me de couleur anti-taches avec une protection solaire \u00e9lev\u00e9e SPF50+<br \/>\n&#8211; Tr\u00e8s haute protection contre les UVA, UVB et infrarouges, gr\u00e2ce \u00e0 une combinaison de filtres \u00e0 large spectre pour une protection quotidienne optimale. SPF50+.<br \/>\n&#8211; Sa formulation comprend des principes actifs anti-taches qui att\u00e9nuent les taches existantes et emp\u00eachent l&rsquo;apparition de nouvelles, pour obtenir une peau uniforme et sans d\u00e9faut.<br \/>\n&#8211; Prot\u00e8ge et r\u00e9pare l&rsquo;ADN des cellules endommag\u00e9es, pr\u00e9venant ainsi le vieillissement pr\u00e9matur\u00e9 de la peau.<br \/>\n&#8211; Au syst\u00e8me color-adapt, une touche de couleur qui s&rsquo;adapte \u00e0 la teinte de chaque peau et qui estompe ses d\u00e9fauts.<br \/>\nConseils d&rsquo;utilisation:<br \/>\nAppliquez g\u00e9n\u00e9reusement sur le visage apr\u00e8s votre traitement ou cr\u00e8me quotidienne habituelle. Elle peut \u00e9galement \u00eatre utilis\u00e9e comme un hydratant pr\u00e9ventif contre les taches avec son facteur de protection \u00e9lev\u00e9 et sa touche de couleur.<\/p>\n","protected":false},"excerpt":{"rendered":"<p>Description: Anti-dark spots CC Cream;Cr\u00e8me de couleur anti-taches avec une protection solaire \u00e9lev\u00e9e SPF50+ &#8211; Tr\u00e8s haute protection contre les<\/p>\n","protected":false},"featured_media":25038,"comment_status":"open","ping_status":"closed","template":"","meta":[],"product_brand":[359],"product_cat":[549],"product_tag":[],"class_list":{"0":"post-29780","1":"product","2":"type-product","3":"status-publish","4":"has-post-thumbnail","6":"product_brand-bella-aurora","7":"product_cat-cremes-depigmentantes","9":"first","10":"instock","11":"sale","12":"shipping-taxable","13":"purchasable","14":"product-type-simple"},"yoast_head":"<!-- This site is optimized with the Yoast SEO plugin v26.6 - https:\/\/yoast.com\/wordpress\/plugins\/seo\/ -->\r\n<title>BELLA AURORA CC CREME ANTI TACHES SPF50 TEINTE CLAIRE - Paracherkaoui.ma<\/title>\r\n<meta name=\"robots\" content=\"index, follow, max-snippet:-1, max-image-preview:large, max-video-preview:-1\" \/>\r\n<link rel=\"canonical\" href=\"https:\/\/paracherkaoui.ma\/index.php\/produit\/bella-aurora-cc-creme-anti-taches-spf50-teinte-claire-3\/\" \/>\r\n<meta property=\"og:locale\" content=\"fr_FR\" \/>\r\n<meta property=\"og:type\" content=\"article\" \/>\r\n<meta property=\"og:title\" content=\"BELLA AURORA CC CREME ANTI TACHES SPF50 TEINTE CLAIRE - Paracherkaoui.ma\" \/>\r\n<meta property=\"og:description\" content=\"Description: Anti-dark spots CC Cream;Cr\u00e8me de couleur anti-taches avec une protection solaire \u00e9lev\u00e9e SPF50+ &#8211; Tr\u00e8s haute protection contre les\" \/>\r\n<meta property=\"og:url\" content=\"https:\/\/paracherkaoui.ma\/index.php\/produit\/bella-aurora-cc-creme-anti-taches-spf50-teinte-claire-3\/\" \/>\r\n<meta property=\"og:site_name\" content=\"Paracherkaoui.ma\" \/>\r\n<meta property=\"article:modified_time\" content=\"2025-12-12T17:31:43+00:00\" \/>\r\n<meta property=\"og:image\" content=\"https:\/\/paracherkaoui.ma\/wp-content\/uploads\/2025\/12\/bella-aurora-bella-aurora-cc-creme-anti-taches-spf50-teinte-claire-cremes-jour.jpg\" \/>\r\n\t<meta property=\"og:image:width\" content=\"700\" \/>\r\n\t<meta property=\"og:image:height\" content=\"700\" \/>\r\n\t<meta property=\"og:image:type\" content=\"image\/jpeg\" \/>\r\n<meta name=\"twitter:card\" content=\"summary_large_image\" \/>\r\n<meta name=\"twitter:label1\" content=\"Dur\u00e9e de lecture estim\u00e9e\" \/>\n\t<meta name=\"twitter:data1\" content=\"1 minute\" \/>\r\n<script type=\"application\/ld+json\" class=\"yoast-schema-graph\">{\"@context\":\"https:\/\/schema.org\",\"@graph\":[{\"@type\":\"WebPage\",\"@id\":\"https:\/\/paracherkaoui.ma\/index.php\/produit\/bella-aurora-cc-creme-anti-taches-spf50-teinte-claire-3\/\",\"url\":\"https:\/\/paracherkaoui.ma\/index.php\/produit\/bella-aurora-cc-creme-anti-taches-spf50-teinte-claire-3\/\",\"name\":\"BELLA AURORA CC CREME ANTI TACHES SPF50 TEINTE CLAIRE - Paracherkaoui.ma\",\"isPartOf\":{\"@id\":\"https:\/\/paracherkaoui.ma\/#website\"},\"primaryImageOfPage\":{\"@id\":\"https:\/\/paracherkaoui.ma\/index.php\/produit\/bella-aurora-cc-creme-anti-taches-spf50-teinte-claire-3\/#primaryimage\"},\"image\":{\"@id\":\"https:\/\/paracherkaoui.ma\/index.php\/produit\/bella-aurora-cc-creme-anti-taches-spf50-teinte-claire-3\/#primaryimage\"},\"thumbnailUrl\":\"https:\/\/paracherkaoui.ma\/wp-content\/uploads\/2025\/12\/bella-aurora-bella-aurora-cc-creme-anti-taches-spf50-teinte-claire-cremes-jour.jpg\",\"datePublished\":\"2025-12-12T17:31:41+00:00\",\"dateModified\":\"2025-12-12T17:31:43+00:00\",\"breadcrumb\":{\"@id\":\"https:\/\/paracherkaoui.ma\/index.php\/produit\/bella-aurora-cc-creme-anti-taches-spf50-teinte-claire-3\/#breadcrumb\"},\"inLanguage\":\"fr-FR\",\"potentialAction\":[{\"@type\":\"ReadAction\",\"target\":[\"https:\/\/paracherkaoui.ma\/index.php\/produit\/bella-aurora-cc-creme-anti-taches-spf50-teinte-claire-3\/\"]}]},{\"@type\":\"ImageObject\",\"inLanguage\":\"fr-FR\",\"@id\":\"https:\/\/paracherkaoui.ma\/index.php\/produit\/bella-aurora-cc-creme-anti-taches-spf50-teinte-claire-3\/#primaryimage\",\"url\":\"https:\/\/paracherkaoui.ma\/wp-content\/uploads\/2025\/12\/bella-aurora-bella-aurora-cc-creme-anti-taches-spf50-teinte-claire-cremes-jour.jpg\",\"contentUrl\":\"https:\/\/paracherkaoui.ma\/wp-content\/uploads\/2025\/12\/bella-aurora-bella-aurora-cc-creme-anti-taches-spf50-teinte-claire-cremes-jour.jpg\",\"width\":700,\"height\":700},{\"@type\":\"BreadcrumbList\",\"@id\":\"https:\/\/paracherkaoui.ma\/index.php\/produit\/bella-aurora-cc-creme-anti-taches-spf50-teinte-claire-3\/#breadcrumb\",\"itemListElement\":[{\"@type\":\"ListItem\",\"position\":1,\"name\":\"Accueil\",\"item\":\"https:\/\/paracherkaoui.ma\/\"},{\"@type\":\"ListItem\",\"position\":2,\"name\":\"Boutique\",\"item\":\"https:\/\/paracherkaoui.ma\/index.php\/boutique\/\"},{\"@type\":\"ListItem\",\"position\":3,\"name\":\"BELLA AURORA CC CREME ANTI TACHES SPF50 TEINTE CLAIRE\"}]},{\"@type\":\"WebSite\",\"@id\":\"https:\/\/paracherkaoui.ma\/#website\",\"url\":\"https:\/\/paracherkaoui.ma\/\",\"name\":\"Paracherkaoui.ma\",\"description\":\"Achetez en ligne sur Paracherkaoui.ma\",\"potentialAction\":[{\"@type\":\"SearchAction\",\"target\":{\"@type\":\"EntryPoint\",\"urlTemplate\":\"https:\/\/paracherkaoui.ma\/?s={search_term_string}\"},\"query-input\":{\"@type\":\"PropertyValueSpecification\",\"valueRequired\":true,\"valueName\":\"search_term_string\"}}],\"inLanguage\":\"fr-FR\"}]}<\/script>\r\n<!-- \/ Yoast SEO plugin. -->","yoast_head_json":{"title":"BELLA AURORA CC CREME ANTI TACHES SPF50 TEINTE CLAIRE - Paracherkaoui.ma","robots":{"index":"index","follow":"follow","max-snippet":"max-snippet:-1","max-image-preview":"max-image-preview:large","max-video-preview":"max-video-preview:-1"},"canonical":"https:\/\/paracherkaoui.ma\/index.php\/produit\/bella-aurora-cc-creme-anti-taches-spf50-teinte-claire-3\/","og_locale":"fr_FR","og_type":"article","og_title":"BELLA AURORA CC CREME ANTI TACHES SPF50 TEINTE CLAIRE - Paracherkaoui.ma","og_description":"Description: Anti-dark spots CC Cream;Cr\u00e8me de couleur anti-taches avec une protection solaire \u00e9lev\u00e9e SPF50+ &#8211; Tr\u00e8s haute protection contre les","og_url":"https:\/\/paracherkaoui.ma\/index.php\/produit\/bella-aurora-cc-creme-anti-taches-spf50-teinte-claire-3\/","og_site_name":"Paracherkaoui.ma","article_modified_time":"2025-12-12T17:31:43+00:00","og_image":[{"width":700,"height":700,"url":"https:\/\/paracherkaoui.ma\/wp-content\/uploads\/2025\/12\/bella-aurora-bella-aurora-cc-creme-anti-taches-spf50-teinte-claire-cremes-jour.jpg","type":"image\/jpeg"}],"twitter_card":"summary_large_image","twitter_misc":{"Dur\u00e9e de lecture estim\u00e9e":"1 minute"},"schema":{"@context":"https:\/\/schema.org","@graph":[{"@type":"WebPage","@id":"https:\/\/paracherkaoui.ma\/index.php\/produit\/bella-aurora-cc-creme-anti-taches-spf50-teinte-claire-3\/","url":"https:\/\/paracherkaoui.ma\/index.php\/produit\/bella-aurora-cc-creme-anti-taches-spf50-teinte-claire-3\/","name":"BELLA AURORA CC CREME ANTI TACHES SPF50 TEINTE CLAIRE - Paracherkaoui.ma","isPartOf":{"@id":"https:\/\/paracherkaoui.ma\/#website"},"primaryImageOfPage":{"@id":"https:\/\/paracherkaoui.ma\/index.php\/produit\/bella-aurora-cc-creme-anti-taches-spf50-teinte-claire-3\/#primaryimage"},"image":{"@id":"https:\/\/paracherkaoui.ma\/index.php\/produit\/bella-aurora-cc-creme-anti-taches-spf50-teinte-claire-3\/#primaryimage"},"thumbnailUrl":"https:\/\/paracherkaoui.ma\/wp-content\/uploads\/2025\/12\/bella-aurora-bella-aurora-cc-creme-anti-taches-spf50-teinte-claire-cremes-jour.jpg","datePublished":"2025-12-12T17:31:41+00:00","dateModified":"2025-12-12T17:31:43+00:00","breadcrumb":{"@id":"https:\/\/paracherkaoui.ma\/index.php\/produit\/bella-aurora-cc-creme-anti-taches-spf50-teinte-claire-3\/#breadcrumb"},"inLanguage":"fr-FR","potentialAction":[{"@type":"ReadAction","target":["https:\/\/paracherkaoui.ma\/index.php\/produit\/bella-aurora-cc-creme-anti-taches-spf50-teinte-claire-3\/"]}]},{"@type":"ImageObject","inLanguage":"fr-FR","@id":"https:\/\/paracherkaoui.ma\/index.php\/produit\/bella-aurora-cc-creme-anti-taches-spf50-teinte-claire-3\/#primaryimage","url":"https:\/\/paracherkaoui.ma\/wp-content\/uploads\/2025\/12\/bella-aurora-bella-aurora-cc-creme-anti-taches-spf50-teinte-claire-cremes-jour.jpg","contentUrl":"https:\/\/paracherkaoui.ma\/wp-content\/uploads\/2025\/12\/bella-aurora-bella-aurora-cc-creme-anti-taches-spf50-teinte-claire-cremes-jour.jpg","width":700,"height":700},{"@type":"BreadcrumbList","@id":"https:\/\/paracherkaoui.ma\/index.php\/produit\/bella-aurora-cc-creme-anti-taches-spf50-teinte-claire-3\/#breadcrumb","itemListElement":[{"@type":"ListItem","position":1,"name":"Accueil","item":"https:\/\/paracherkaoui.ma\/"},{"@type":"ListItem","position":2,"name":"Boutique","item":"https:\/\/paracherkaoui.ma\/index.php\/boutique\/"},{"@type":"ListItem","position":3,"name":"BELLA AURORA CC CREME ANTI TACHES SPF50 TEINTE CLAIRE"}]},{"@type":"WebSite","@id":"https:\/\/paracherkaoui.ma\/#website","url":"https:\/\/paracherkaoui.ma\/","name":"Paracherkaoui.ma","description":"Achetez en ligne sur Paracherkaoui.ma","potentialAction":[{"@type":"SearchAction","target":{"@type":"EntryPoint","urlTemplate":"https:\/\/paracherkaoui.ma\/?s={search_term_string}"},"query-input":{"@type":"PropertyValueSpecification","valueRequired":true,"valueName":"search_term_string"}}],"inLanguage":"fr-FR"}]}},"_links":{"self":[{"href":"https:\/\/paracherkaoui.ma\/index.php\/wp-json\/wp\/v2\/product\/29780","targetHints":{"allow":["GET"]}}],"collection":[{"href":"https:\/\/paracherkaoui.ma\/index.php\/wp-json\/wp\/v2\/product"}],"about":[{"href":"https:\/\/paracherkaoui.ma\/index.php\/wp-json\/wp\/v2\/types\/product"}],"replies":[{"embeddable":true,"href":"https:\/\/paracherkaoui.ma\/index.php\/wp-json\/wp\/v2\/comments?post=29780"}],"version-history":[{"count":1,"href":"https:\/\/paracherkaoui.ma\/index.php\/wp-json\/wp\/v2\/product\/29780\/revisions"}],"predecessor-version":[{"id":29810,"href":"https:\/\/paracherkaoui.ma\/index.php\/wp-json\/wp\/v2\/product\/29780\/revisions\/29810"}],"wp:featuredmedia":[{"embeddable":true,"href":"https:\/\/paracherkaoui.ma\/index.php\/wp-json\/wp\/v2\/media\/25038"}],"wp:attachment":[{"href":"https:\/\/paracherkaoui.ma\/index.php\/wp-json\/wp\/v2\/media?parent=29780"}],"wp:term":[{"taxonomy":"product_brand","embeddable":true,"href":"https:\/\/paracherkaoui.ma\/index.php\/wp-json\/wp\/v2\/product_brand?post=29780"},{"taxonomy":"product_cat","embeddable":true,"href":"https:\/\/paracherkaoui.ma\/index.php\/wp-json\/wp\/v2\/product_cat?post=29780"},{"taxonomy":"product_tag","embeddable":true,"href":"https:\/\/paracherkaoui.ma\/index.php\/wp-json\/wp\/v2\/product_tag?post=29780"}],"curies":[{"name":"wp","href":"https:\/\/api.w.org\/{rel}","templated":true}]}}

<p>Description:<br />
Anti-dark spots CC Cream;Crème de couleur anti-taches avec une protection solaire élevée SPF50+<br />
&#8211; Très haute protection contre les UVA, UVB et infrarouges, grâce à une combinaison de filtres à large spectre pour une protection quotidienne optimale. SPF50+.<br />
&#8211; Sa formulation comprend des principes actifs anti-taches qui atténuent les taches existantes et empêchent l&rsquo;apparition de nouvelles, pour obtenir une peau uniforme et sans défaut.<br />
&#8211; Protège et répare l&rsquo;ADN des cellules endommagées, prévenant ainsi le vieillissement prématuré de la peau.<br />
&#8211; Au système color-adapt, une touche de couleur qui s&rsquo;adapte à la teinte de chaque peau et qui estompe ses défauts.<br />
Conseils d&rsquo;utilisation:<br />
Appliquez généreusement sur le visage après votre traitement ou crème quotidienne habituelle. Elle peut également être utilisée comme un hydratant préventif contre les taches avec son facteur de protection élevé et sa touche de couleur.</p>

<p>Description: Anti-dark spots CC Cream;Crème de couleur anti-taches avec une protection solaire élevée SPF50+ &#8211; Très haute protection contre les</p>

<!-- This site is optimized with the Yoast SEO plugin v26.6 - https://yoast.com/wordpress/plugins/seo/ -->
<title>BELLA AURORA CC CREME ANTI TACHES SPF50 TEINTE CLAIRE - Paracherkaoui.ma</title>
<meta name="robots" content="index, follow, max-snippet:-1, max-image-preview:large, max-video-preview:-1" />
<link rel="canonical" href="https://paracherkaoui.ma/index.php/produit/bella-aurora-cc-creme-anti-taches-spf50-teinte-claire-3/" />
<meta property="og:locale" content="fr_FR" />
<meta property="og:type" content="article" />
<meta property="og:title" content="BELLA AURORA CC CREME ANTI TACHES SPF50 TEINTE CLAIRE - Paracherkaoui.ma" />
<meta property="og:description" content="Description: Anti-dark spots CC Cream;Crème de couleur anti-taches avec une protection solaire élevée SPF50+ &#8211; Très haute protection contre les" />
<meta property="og:url" content="https://paracherkaoui.ma/index.php/produit/bella-aurora-cc-creme-anti-taches-spf50-teinte-claire-3/" />
<meta property="og:site_name" content="Paracherkaoui.ma" />
<meta property="article:modified_time" content="2025-12-12T17:31:43+00:00" />
<meta property="og:image" content="https://paracherkaoui.ma/wp-content/uploads/2025/12/bella-aurora-bella-aurora-cc-creme-anti-taches-spf50-teinte-claire-cremes-jour.jpg" />
	<meta property="og:image:width" content="700" />
	<meta property="og:image:height" content="700" />
	<meta property="og:image:type" content="image/jpeg" />
<meta name="twitter:card" content="summary_large_image" />
<meta name="twitter:label1" content="Durée de lecture estimée" />
	<meta name="twitter:data1" content="1 minute" />
<script type="application/ld+json" class="yoast-schema-graph">{"@context":"https://schema.org","@graph":[{"@type":"WebPage","@id":"https://paracherkaoui.ma/index.php/produit/bella-aurora-cc-creme-anti-taches-spf50-teinte-claire-3/","url":"https://paracherkaoui.ma/index.php/produit/bella-aurora-cc-creme-anti-taches-spf50-teinte-claire-3/","name":"BELLA AURORA CC CREME ANTI TACHES SPF50 TEINTE CLAIRE - Paracherkaoui.ma","isPartOf":{"@id":"https://paracherkaoui.ma/#website"},"primaryImageOfPage":{"@id":"https://paracherkaoui.ma/index.php/produit/bella-aurora-cc-creme-anti-taches-spf50-teinte-claire-3/#primaryimage"},"image":{"@id":"https://paracherkaoui.ma/index.php/produit/bella-aurora-cc-creme-anti-taches-spf50-teinte-claire-3/#primaryimage"},"thumbnailUrl":"https://paracherkaoui.ma/wp-content/uploads/2025/12/bella-aurora-bella-aurora-cc-creme-anti-taches-spf50-teinte-claire-cremes-jour.jpg","datePublished":"2025-12-12T17:31:41+00:00","dateModified":"2025-12-12T17:31:43+00:00","breadcrumb":{"@id":"https://paracherkaoui.ma/index.php/produit/bella-aurora-cc-creme-anti-taches-spf50-teinte-claire-3/#breadcrumb"},"inLanguage":"fr-FR","potentialAction":[{"@type":"ReadAction","target":["https://paracherkaoui.ma/index.php/produit/bella-aurora-cc-creme-anti-taches-spf50-teinte-claire-3/"]}]},{"@type":"ImageObject","inLanguage":"fr-FR","@id":"https://paracherkaoui.ma/index.php/produit/bella-aurora-cc-creme-anti-taches-spf50-teinte-claire-3/#primaryimage","url":"https://paracherkaoui.ma/wp-content/uploads/2025/12/bella-aurora-bella-aurora-cc-creme-anti-taches-spf50-teinte-claire-cremes-jour.jpg","contentUrl":"https://paracherkaoui.ma/wp-content/uploads/2025/12/bella-aurora-bella-aurora-cc-creme-anti-taches-spf50-teinte-claire-cremes-jour.jpg","width":700,"height":700},{"@type":"BreadcrumbList","@id":"https://paracherkaoui.ma/index.php/produit/bella-aurora-cc-creme-anti-taches-spf50-teinte-claire-3/#breadcrumb","itemListElement":[{"@type":"ListItem","position":1,"name":"Accueil","item":"https://paracherkaoui.ma/"},{"@type":"ListItem","position":2,"name":"Boutique","item":"https://paracherkaoui.ma/index.php/boutique/"},{"@type":"ListItem","position":3,"name":"BELLA AURORA CC CREME ANTI TACHES SPF50 TEINTE CLAIRE"}]},{"@type":"WebSite","@id":"https://paracherkaoui.ma/#website","url":"https://paracherkaoui.ma/","name":"Paracherkaoui.ma","description":"Achetez en ligne sur Paracherkaoui.ma","potentialAction":[{"@type":"SearchAction","target":{"@type":"EntryPoint","urlTemplate":"https://paracherkaoui.ma/?s={search_term_string}"},"query-input":{"@type":"PropertyValueSpecification","valueRequired":true,"valueName":"search_term_string"}}],"inLanguage":"fr-FR"}]}</script>
<!-- / Yoast SEO plugin. -->

Description: Anti-dark spots CC Cream;Crème de couleur anti-taches avec une protection solaire élevée SPF50+ &#8211; Très haute protection contre les
