{"id":29689,"date":"2025-12-12T18:31:17","date_gmt":"2025-12-12T17:31:17","guid":{"rendered":"https:\/\/test.ecbeaute.com\/?post_type=product&#038;p=29689"},"modified":"2025-12-12T18:31:20","modified_gmt":"2025-12-12T17:31:20","slug":"acm-boreade-m-soin-seboregulateur-matifiant-40-ml-4","status":"publish","type":"product","link":"https:\/\/paracherkaoui.ma\/index.php\/produit\/acm-boreade-m-soin-seboregulateur-matifiant-40-ml-4\/","title":{"rendered":"ACM BOREADE M SOIN SEBOREGULATEUR MATIFIANT 40 ML"},"content":{"rendered":"<p>Description:<br \/>\nGr\u00e2ce \u00e0 son complexe triple action S.M.A et aux poudres absorbantes, le soin s\u00e9bor\u00e9gulateur matifiant Bor\u00e9ade M resserre les pores dilat\u00e9s, limite l\u2019exc\u00e8s de s\u00e9bum et pr\u00e9vient l\u2019apparition des imperfections. Cette cr\u00e8me, \u00e0 la texture fra\u00eeche et l\u00e9g\u00e8re, hydrate la peau tout en apaisant rapidement les sensations d\u2019inconforts notamment provoqu\u00e9es par certains traitements.<br \/>\nConseils d&rsquo;utilisation:<br \/>\nAppliquer matin et soir sur le visage propre et sec. Excellente base de maquillage. Peut-\u00eatre utilis\u00e9 seul ou en association avec les traitements anti-acn\u00e9iques.<\/p>\n","protected":false},"excerpt":{"rendered":"<p>Description: Gr\u00e2ce \u00e0 son complexe triple action S.M.A et aux poudres absorbantes, le soin s\u00e9bor\u00e9gulateur matifiant Bor\u00e9ade M resserre les<\/p>\n","protected":false},"featured_media":13856,"comment_status":"open","ping_status":"closed","template":"","meta":[],"product_brand":[142],"product_cat":[549],"product_tag":[],"class_list":{"0":"post-29689","1":"product","2":"type-product","3":"status-publish","4":"has-post-thumbnail","6":"product_brand-acm","7":"product_cat-cremes-depigmentantes","9":"first","10":"instock","11":"sale","12":"shipping-taxable","13":"purchasable","14":"product-type-simple"},"yoast_head":"<!-- This site is optimized with the Yoast SEO plugin v26.6 - https:\/\/yoast.com\/wordpress\/plugins\/seo\/ -->\r\n<title>ACM BOREADE M SOIN SEBOREGULATEUR MATIFIANT 40 ML - Paracherkaoui.ma<\/title>\r\n<meta name=\"robots\" content=\"index, follow, max-snippet:-1, max-image-preview:large, max-video-preview:-1\" \/>\r\n<link rel=\"canonical\" href=\"https:\/\/paracherkaoui.ma\/index.php\/produit\/acm-boreade-m-soin-seboregulateur-matifiant-40-ml-4\/\" \/>\r\n<meta property=\"og:locale\" content=\"fr_FR\" \/>\r\n<meta property=\"og:type\" content=\"article\" \/>\r\n<meta property=\"og:title\" content=\"ACM BOREADE M SOIN SEBOREGULATEUR MATIFIANT 40 ML - Paracherkaoui.ma\" \/>\r\n<meta property=\"og:description\" content=\"Description: Gr\u00e2ce \u00e0 son complexe triple action S.M.A et aux poudres absorbantes, le soin s\u00e9bor\u00e9gulateur matifiant Bor\u00e9ade M resserre les\" \/>\r\n<meta property=\"og:url\" content=\"https:\/\/paracherkaoui.ma\/index.php\/produit\/acm-boreade-m-soin-seboregulateur-matifiant-40-ml-4\/\" \/>\r\n<meta property=\"og:site_name\" content=\"Paracherkaoui.ma\" \/>\r\n<meta property=\"article:modified_time\" content=\"2025-12-12T17:31:20+00:00\" \/>\r\n<meta property=\"og:image\" content=\"https:\/\/paracherkaoui.ma\/wp-content\/uploads\/2025\/12\/acm-acm-boreade-m-soin-seboregulateur-matifiant-40-ml-cremes-depigmentantes.jpg\" \/>\r\n\t<meta property=\"og:image:width\" content=\"700\" \/>\r\n\t<meta property=\"og:image:height\" content=\"700\" \/>\r\n\t<meta property=\"og:image:type\" content=\"image\/jpeg\" \/>\r\n<meta name=\"twitter:card\" content=\"summary_large_image\" \/>\r\n<script type=\"application\/ld+json\" class=\"yoast-schema-graph\">{\"@context\":\"https:\/\/schema.org\",\"@graph\":[{\"@type\":\"WebPage\",\"@id\":\"https:\/\/paracherkaoui.ma\/index.php\/produit\/acm-boreade-m-soin-seboregulateur-matifiant-40-ml-4\/\",\"url\":\"https:\/\/paracherkaoui.ma\/index.php\/produit\/acm-boreade-m-soin-seboregulateur-matifiant-40-ml-4\/\",\"name\":\"ACM BOREADE M SOIN SEBOREGULATEUR MATIFIANT 40 ML - Paracherkaoui.ma\",\"isPartOf\":{\"@id\":\"https:\/\/paracherkaoui.ma\/#website\"},\"primaryImageOfPage\":{\"@id\":\"https:\/\/paracherkaoui.ma\/index.php\/produit\/acm-boreade-m-soin-seboregulateur-matifiant-40-ml-4\/#primaryimage\"},\"image\":{\"@id\":\"https:\/\/paracherkaoui.ma\/index.php\/produit\/acm-boreade-m-soin-seboregulateur-matifiant-40-ml-4\/#primaryimage\"},\"thumbnailUrl\":\"https:\/\/paracherkaoui.ma\/wp-content\/uploads\/2025\/12\/acm-acm-boreade-m-soin-seboregulateur-matifiant-40-ml-cremes-depigmentantes.jpg\",\"datePublished\":\"2025-12-12T17:31:17+00:00\",\"dateModified\":\"2025-12-12T17:31:20+00:00\",\"breadcrumb\":{\"@id\":\"https:\/\/paracherkaoui.ma\/index.php\/produit\/acm-boreade-m-soin-seboregulateur-matifiant-40-ml-4\/#breadcrumb\"},\"inLanguage\":\"fr-FR\",\"potentialAction\":[{\"@type\":\"ReadAction\",\"target\":[\"https:\/\/paracherkaoui.ma\/index.php\/produit\/acm-boreade-m-soin-seboregulateur-matifiant-40-ml-4\/\"]}]},{\"@type\":\"ImageObject\",\"inLanguage\":\"fr-FR\",\"@id\":\"https:\/\/paracherkaoui.ma\/index.php\/produit\/acm-boreade-m-soin-seboregulateur-matifiant-40-ml-4\/#primaryimage\",\"url\":\"https:\/\/paracherkaoui.ma\/wp-content\/uploads\/2025\/12\/acm-acm-boreade-m-soin-seboregulateur-matifiant-40-ml-cremes-depigmentantes.jpg\",\"contentUrl\":\"https:\/\/paracherkaoui.ma\/wp-content\/uploads\/2025\/12\/acm-acm-boreade-m-soin-seboregulateur-matifiant-40-ml-cremes-depigmentantes.jpg\",\"width\":700,\"height\":700},{\"@type\":\"BreadcrumbList\",\"@id\":\"https:\/\/paracherkaoui.ma\/index.php\/produit\/acm-boreade-m-soin-seboregulateur-matifiant-40-ml-4\/#breadcrumb\",\"itemListElement\":[{\"@type\":\"ListItem\",\"position\":1,\"name\":\"Accueil\",\"item\":\"https:\/\/paracherkaoui.ma\/\"},{\"@type\":\"ListItem\",\"position\":2,\"name\":\"Boutique\",\"item\":\"https:\/\/paracherkaoui.ma\/index.php\/boutique\/\"},{\"@type\":\"ListItem\",\"position\":3,\"name\":\"ACM BOREADE M SOIN SEBOREGULATEUR MATIFIANT 40 ML\"}]},{\"@type\":\"WebSite\",\"@id\":\"https:\/\/paracherkaoui.ma\/#website\",\"url\":\"https:\/\/paracherkaoui.ma\/\",\"name\":\"Paracherkaoui.ma\",\"description\":\"Achetez en ligne sur Paracherkaoui.ma\",\"potentialAction\":[{\"@type\":\"SearchAction\",\"target\":{\"@type\":\"EntryPoint\",\"urlTemplate\":\"https:\/\/paracherkaoui.ma\/?s={search_term_string}\"},\"query-input\":{\"@type\":\"PropertyValueSpecification\",\"valueRequired\":true,\"valueName\":\"search_term_string\"}}],\"inLanguage\":\"fr-FR\"}]}<\/script>\r\n<!-- \/ Yoast SEO plugin. -->","yoast_head_json":{"title":"ACM BOREADE M SOIN SEBOREGULATEUR MATIFIANT 40 ML - Paracherkaoui.ma","robots":{"index":"index","follow":"follow","max-snippet":"max-snippet:-1","max-image-preview":"max-image-preview:large","max-video-preview":"max-video-preview:-1"},"canonical":"https:\/\/paracherkaoui.ma\/index.php\/produit\/acm-boreade-m-soin-seboregulateur-matifiant-40-ml-4\/","og_locale":"fr_FR","og_type":"article","og_title":"ACM BOREADE M SOIN SEBOREGULATEUR MATIFIANT 40 ML - Paracherkaoui.ma","og_description":"Description: Gr\u00e2ce \u00e0 son complexe triple action S.M.A et aux poudres absorbantes, le soin s\u00e9bor\u00e9gulateur matifiant Bor\u00e9ade M resserre les","og_url":"https:\/\/paracherkaoui.ma\/index.php\/produit\/acm-boreade-m-soin-seboregulateur-matifiant-40-ml-4\/","og_site_name":"Paracherkaoui.ma","article_modified_time":"2025-12-12T17:31:20+00:00","og_image":[{"width":700,"height":700,"url":"https:\/\/paracherkaoui.ma\/wp-content\/uploads\/2025\/12\/acm-acm-boreade-m-soin-seboregulateur-matifiant-40-ml-cremes-depigmentantes.jpg","type":"image\/jpeg"}],"twitter_card":"summary_large_image","schema":{"@context":"https:\/\/schema.org","@graph":[{"@type":"WebPage","@id":"https:\/\/paracherkaoui.ma\/index.php\/produit\/acm-boreade-m-soin-seboregulateur-matifiant-40-ml-4\/","url":"https:\/\/paracherkaoui.ma\/index.php\/produit\/acm-boreade-m-soin-seboregulateur-matifiant-40-ml-4\/","name":"ACM BOREADE M SOIN SEBOREGULATEUR MATIFIANT 40 ML - Paracherkaoui.ma","isPartOf":{"@id":"https:\/\/paracherkaoui.ma\/#website"},"primaryImageOfPage":{"@id":"https:\/\/paracherkaoui.ma\/index.php\/produit\/acm-boreade-m-soin-seboregulateur-matifiant-40-ml-4\/#primaryimage"},"image":{"@id":"https:\/\/paracherkaoui.ma\/index.php\/produit\/acm-boreade-m-soin-seboregulateur-matifiant-40-ml-4\/#primaryimage"},"thumbnailUrl":"https:\/\/paracherkaoui.ma\/wp-content\/uploads\/2025\/12\/acm-acm-boreade-m-soin-seboregulateur-matifiant-40-ml-cremes-depigmentantes.jpg","datePublished":"2025-12-12T17:31:17+00:00","dateModified":"2025-12-12T17:31:20+00:00","breadcrumb":{"@id":"https:\/\/paracherkaoui.ma\/index.php\/produit\/acm-boreade-m-soin-seboregulateur-matifiant-40-ml-4\/#breadcrumb"},"inLanguage":"fr-FR","potentialAction":[{"@type":"ReadAction","target":["https:\/\/paracherkaoui.ma\/index.php\/produit\/acm-boreade-m-soin-seboregulateur-matifiant-40-ml-4\/"]}]},{"@type":"ImageObject","inLanguage":"fr-FR","@id":"https:\/\/paracherkaoui.ma\/index.php\/produit\/acm-boreade-m-soin-seboregulateur-matifiant-40-ml-4\/#primaryimage","url":"https:\/\/paracherkaoui.ma\/wp-content\/uploads\/2025\/12\/acm-acm-boreade-m-soin-seboregulateur-matifiant-40-ml-cremes-depigmentantes.jpg","contentUrl":"https:\/\/paracherkaoui.ma\/wp-content\/uploads\/2025\/12\/acm-acm-boreade-m-soin-seboregulateur-matifiant-40-ml-cremes-depigmentantes.jpg","width":700,"height":700},{"@type":"BreadcrumbList","@id":"https:\/\/paracherkaoui.ma\/index.php\/produit\/acm-boreade-m-soin-seboregulateur-matifiant-40-ml-4\/#breadcrumb","itemListElement":[{"@type":"ListItem","position":1,"name":"Accueil","item":"https:\/\/paracherkaoui.ma\/"},{"@type":"ListItem","position":2,"name":"Boutique","item":"https:\/\/paracherkaoui.ma\/index.php\/boutique\/"},{"@type":"ListItem","position":3,"name":"ACM BOREADE M SOIN SEBOREGULATEUR MATIFIANT 40 ML"}]},{"@type":"WebSite","@id":"https:\/\/paracherkaoui.ma\/#website","url":"https:\/\/paracherkaoui.ma\/","name":"Paracherkaoui.ma","description":"Achetez en ligne sur Paracherkaoui.ma","potentialAction":[{"@type":"SearchAction","target":{"@type":"EntryPoint","urlTemplate":"https:\/\/paracherkaoui.ma\/?s={search_term_string}"},"query-input":{"@type":"PropertyValueSpecification","valueRequired":true,"valueName":"search_term_string"}}],"inLanguage":"fr-FR"}]}},"_links":{"self":[{"href":"https:\/\/paracherkaoui.ma\/index.php\/wp-json\/wp\/v2\/product\/29689","targetHints":{"allow":["GET"]}}],"collection":[{"href":"https:\/\/paracherkaoui.ma\/index.php\/wp-json\/wp\/v2\/product"}],"about":[{"href":"https:\/\/paracherkaoui.ma\/index.php\/wp-json\/wp\/v2\/types\/product"}],"replies":[{"embeddable":true,"href":"https:\/\/paracherkaoui.ma\/index.php\/wp-json\/wp\/v2\/comments?post=29689"}],"version-history":[{"count":1,"href":"https:\/\/paracherkaoui.ma\/index.php\/wp-json\/wp\/v2\/product\/29689\/revisions"}],"predecessor-version":[{"id":29723,"href":"https:\/\/paracherkaoui.ma\/index.php\/wp-json\/wp\/v2\/product\/29689\/revisions\/29723"}],"wp:featuredmedia":[{"embeddable":true,"href":"https:\/\/paracherkaoui.ma\/index.php\/wp-json\/wp\/v2\/media\/13856"}],"wp:attachment":[{"href":"https:\/\/paracherkaoui.ma\/index.php\/wp-json\/wp\/v2\/media?parent=29689"}],"wp:term":[{"taxonomy":"product_brand","embeddable":true,"href":"https:\/\/paracherkaoui.ma\/index.php\/wp-json\/wp\/v2\/product_brand?post=29689"},{"taxonomy":"product_cat","embeddable":true,"href":"https:\/\/paracherkaoui.ma\/index.php\/wp-json\/wp\/v2\/product_cat?post=29689"},{"taxonomy":"product_tag","embeddable":true,"href":"https:\/\/paracherkaoui.ma\/index.php\/wp-json\/wp\/v2\/product_tag?post=29689"}],"curies":[{"name":"wp","href":"https:\/\/api.w.org\/{rel}","templated":true}]}}