{"id":29551,"date":"2025-12-12T18:31:04","date_gmt":"2025-12-12T17:31:04","guid":{"rendered":"https:\/\/test.ecbeaute.com\/?post_type=product&#038;p=29551"},"modified":"2025-12-12T18:31:09","modified_gmt":"2025-12-12T17:31:09","slug":"acm-vitix-gel-regulateur-50-ml-5","status":"publish","type":"product","link":"https:\/\/paracherkaoui.ma\/index.php\/produit\/acm-vitix-gel-regulateur-50-ml-5\/","title":{"rendered":"ACM VITIX GEL REGULATEUR 50 ML"},"content":{"rendered":"<p>ViTiX\u00a0est destin\u00e9 \u00e0 favoriser la repigmentation de l&rsquo;\u00e9piderme. Il se pr\u00e9sente sous forme d\u2019un gel topique contenant des micro sph\u00e8res d\u2019un extrait v\u00e9g\u00e9tal, riche en activit\u00e9 anti-oxydante.ViTiX\u00a0agit en cr\u00e9ant un environnement favorable pour les cellules en charge de produire les pigments responsables de la couleur de la peau (m\u00e9lanocytes). La repigmentation des taches blanches peut \u00eatre observ\u00e9e sous forme de petites taches rondes, ou uniform\u00e9ment lorsque les m\u00e9lanocytes n\u2019ont pas totalement disparu de la zone d\u00e9pigment\u00e9e. De fait, ViTiX\u00a0est un produit dermo-cosm\u00e9tique contenant un extrait v\u00e9g\u00e9tal riche en activit\u00e9 anti-oxydante. Ce dernier est sous forme de micro-sph\u00e8res afin d&rsquo;assurer sa stabilit\u00e9..<br \/>\nConseils d&rsquo;utilisation:<br \/>\n2 applications par jour en association avec une phototh\u00e9rapie ou une h\u00e9lioth\u00e9rapie Appliquer ViTiX\u00a0sur une peau parfaitement propre. Masser l\u00e9g\u00e8rement pour faire p\u00e9n\u00e9trer. Utiliser matin et soir sur les zones concern\u00e9es.<\/p>\n","protected":false},"excerpt":{"rendered":"<p>ViTiX\u00a0est destin\u00e9 \u00e0 favoriser la repigmentation de l&rsquo;\u00e9piderme. Il se pr\u00e9sente sous forme d\u2019un gel topique contenant des micro sph\u00e8res<\/p>\n","protected":false},"featured_media":11763,"comment_status":"open","ping_status":"closed","template":"","meta":[],"product_brand":[142],"product_cat":[549],"product_tag":[],"class_list":{"0":"post-29551","1":"product","2":"type-product","3":"status-publish","4":"has-post-thumbnail","6":"product_brand-acm","7":"product_cat-cremes-depigmentantes","9":"first","10":"instock","11":"sale","12":"shipping-taxable","13":"purchasable","14":"product-type-simple"},"yoast_head":"<!-- This site is optimized with the Yoast SEO plugin v26.6 - https:\/\/yoast.com\/wordpress\/plugins\/seo\/ -->\r\n<title>ACM VITIX GEL REGULATEUR 50 ML - Paracherkaoui.ma<\/title>\r\n<meta name=\"robots\" content=\"index, follow, max-snippet:-1, max-image-preview:large, max-video-preview:-1\" \/>\r\n<link rel=\"canonical\" href=\"https:\/\/paracherkaoui.ma\/index.php\/produit\/acm-vitix-gel-regulateur-50-ml-5\/\" \/>\r\n<meta property=\"og:locale\" content=\"fr_FR\" \/>\r\n<meta property=\"og:type\" content=\"article\" \/>\r\n<meta property=\"og:title\" content=\"ACM VITIX GEL REGULATEUR 50 ML - Paracherkaoui.ma\" \/>\r\n<meta property=\"og:description\" content=\"ViTiX\u00a0est destin\u00e9 \u00e0 favoriser la repigmentation de l&rsquo;\u00e9piderme. Il se pr\u00e9sente sous forme d\u2019un gel topique contenant des micro sph\u00e8res\" \/>\r\n<meta property=\"og:url\" content=\"https:\/\/paracherkaoui.ma\/index.php\/produit\/acm-vitix-gel-regulateur-50-ml-5\/\" \/>\r\n<meta property=\"og:site_name\" content=\"Paracherkaoui.ma\" \/>\r\n<meta property=\"article:modified_time\" content=\"2025-12-12T17:31:09+00:00\" \/>\r\n<meta property=\"og:image\" content=\"https:\/\/paracherkaoui.ma\/wp-content\/uploads\/2025\/12\/acm-acm-vitix-gel-regulateur-50-ml-cremes-depigmentantes.jpg\" \/>\r\n\t<meta property=\"og:image:width\" content=\"700\" \/>\r\n\t<meta property=\"og:image:height\" content=\"700\" \/>\r\n\t<meta property=\"og:image:type\" content=\"image\/jpeg\" \/>\r\n<meta name=\"twitter:card\" content=\"summary_large_image\" \/>\r\n<meta name=\"twitter:label1\" content=\"Dur\u00e9e de lecture estim\u00e9e\" \/>\n\t<meta name=\"twitter:data1\" content=\"1 minute\" \/>\r\n<script type=\"application\/ld+json\" class=\"yoast-schema-graph\">{\"@context\":\"https:\/\/schema.org\",\"@graph\":[{\"@type\":\"WebPage\",\"@id\":\"https:\/\/paracherkaoui.ma\/index.php\/produit\/acm-vitix-gel-regulateur-50-ml-5\/\",\"url\":\"https:\/\/paracherkaoui.ma\/index.php\/produit\/acm-vitix-gel-regulateur-50-ml-5\/\",\"name\":\"ACM VITIX GEL REGULATEUR 50 ML - Paracherkaoui.ma\",\"isPartOf\":{\"@id\":\"https:\/\/paracherkaoui.ma\/#website\"},\"primaryImageOfPage\":{\"@id\":\"https:\/\/paracherkaoui.ma\/index.php\/produit\/acm-vitix-gel-regulateur-50-ml-5\/#primaryimage\"},\"image\":{\"@id\":\"https:\/\/paracherkaoui.ma\/index.php\/produit\/acm-vitix-gel-regulateur-50-ml-5\/#primaryimage\"},\"thumbnailUrl\":\"https:\/\/paracherkaoui.ma\/wp-content\/uploads\/2025\/12\/acm-acm-vitix-gel-regulateur-50-ml-cremes-depigmentantes.jpg\",\"datePublished\":\"2025-12-12T17:31:04+00:00\",\"dateModified\":\"2025-12-12T17:31:09+00:00\",\"breadcrumb\":{\"@id\":\"https:\/\/paracherkaoui.ma\/index.php\/produit\/acm-vitix-gel-regulateur-50-ml-5\/#breadcrumb\"},\"inLanguage\":\"fr-FR\",\"potentialAction\":[{\"@type\":\"ReadAction\",\"target\":[\"https:\/\/paracherkaoui.ma\/index.php\/produit\/acm-vitix-gel-regulateur-50-ml-5\/\"]}]},{\"@type\":\"ImageObject\",\"inLanguage\":\"fr-FR\",\"@id\":\"https:\/\/paracherkaoui.ma\/index.php\/produit\/acm-vitix-gel-regulateur-50-ml-5\/#primaryimage\",\"url\":\"https:\/\/paracherkaoui.ma\/wp-content\/uploads\/2025\/12\/acm-acm-vitix-gel-regulateur-50-ml-cremes-depigmentantes.jpg\",\"contentUrl\":\"https:\/\/paracherkaoui.ma\/wp-content\/uploads\/2025\/12\/acm-acm-vitix-gel-regulateur-50-ml-cremes-depigmentantes.jpg\",\"width\":700,\"height\":700},{\"@type\":\"BreadcrumbList\",\"@id\":\"https:\/\/paracherkaoui.ma\/index.php\/produit\/acm-vitix-gel-regulateur-50-ml-5\/#breadcrumb\",\"itemListElement\":[{\"@type\":\"ListItem\",\"position\":1,\"name\":\"Accueil\",\"item\":\"https:\/\/paracherkaoui.ma\/\"},{\"@type\":\"ListItem\",\"position\":2,\"name\":\"Boutique\",\"item\":\"https:\/\/paracherkaoui.ma\/index.php\/boutique\/\"},{\"@type\":\"ListItem\",\"position\":3,\"name\":\"ACM VITIX GEL REGULATEUR 50 ML\"}]},{\"@type\":\"WebSite\",\"@id\":\"https:\/\/paracherkaoui.ma\/#website\",\"url\":\"https:\/\/paracherkaoui.ma\/\",\"name\":\"Paracherkaoui.ma\",\"description\":\"Achetez en ligne sur Paracherkaoui.ma\",\"potentialAction\":[{\"@type\":\"SearchAction\",\"target\":{\"@type\":\"EntryPoint\",\"urlTemplate\":\"https:\/\/paracherkaoui.ma\/?s={search_term_string}\"},\"query-input\":{\"@type\":\"PropertyValueSpecification\",\"valueRequired\":true,\"valueName\":\"search_term_string\"}}],\"inLanguage\":\"fr-FR\"}]}<\/script>\r\n<!-- \/ Yoast SEO plugin. -->","yoast_head_json":{"title":"ACM VITIX GEL REGULATEUR 50 ML - Paracherkaoui.ma","robots":{"index":"index","follow":"follow","max-snippet":"max-snippet:-1","max-image-preview":"max-image-preview:large","max-video-preview":"max-video-preview:-1"},"canonical":"https:\/\/paracherkaoui.ma\/index.php\/produit\/acm-vitix-gel-regulateur-50-ml-5\/","og_locale":"fr_FR","og_type":"article","og_title":"ACM VITIX GEL REGULATEUR 50 ML - Paracherkaoui.ma","og_description":"ViTiX\u00a0est destin\u00e9 \u00e0 favoriser la repigmentation de l&rsquo;\u00e9piderme. Il se pr\u00e9sente sous forme d\u2019un gel topique contenant des micro sph\u00e8res","og_url":"https:\/\/paracherkaoui.ma\/index.php\/produit\/acm-vitix-gel-regulateur-50-ml-5\/","og_site_name":"Paracherkaoui.ma","article_modified_time":"2025-12-12T17:31:09+00:00","og_image":[{"width":700,"height":700,"url":"https:\/\/paracherkaoui.ma\/wp-content\/uploads\/2025\/12\/acm-acm-vitix-gel-regulateur-50-ml-cremes-depigmentantes.jpg","type":"image\/jpeg"}],"twitter_card":"summary_large_image","twitter_misc":{"Dur\u00e9e de lecture estim\u00e9e":"1 minute"},"schema":{"@context":"https:\/\/schema.org","@graph":[{"@type":"WebPage","@id":"https:\/\/paracherkaoui.ma\/index.php\/produit\/acm-vitix-gel-regulateur-50-ml-5\/","url":"https:\/\/paracherkaoui.ma\/index.php\/produit\/acm-vitix-gel-regulateur-50-ml-5\/","name":"ACM VITIX GEL REGULATEUR 50 ML - Paracherkaoui.ma","isPartOf":{"@id":"https:\/\/paracherkaoui.ma\/#website"},"primaryImageOfPage":{"@id":"https:\/\/paracherkaoui.ma\/index.php\/produit\/acm-vitix-gel-regulateur-50-ml-5\/#primaryimage"},"image":{"@id":"https:\/\/paracherkaoui.ma\/index.php\/produit\/acm-vitix-gel-regulateur-50-ml-5\/#primaryimage"},"thumbnailUrl":"https:\/\/paracherkaoui.ma\/wp-content\/uploads\/2025\/12\/acm-acm-vitix-gel-regulateur-50-ml-cremes-depigmentantes.jpg","datePublished":"2025-12-12T17:31:04+00:00","dateModified":"2025-12-12T17:31:09+00:00","breadcrumb":{"@id":"https:\/\/paracherkaoui.ma\/index.php\/produit\/acm-vitix-gel-regulateur-50-ml-5\/#breadcrumb"},"inLanguage":"fr-FR","potentialAction":[{"@type":"ReadAction","target":["https:\/\/paracherkaoui.ma\/index.php\/produit\/acm-vitix-gel-regulateur-50-ml-5\/"]}]},{"@type":"ImageObject","inLanguage":"fr-FR","@id":"https:\/\/paracherkaoui.ma\/index.php\/produit\/acm-vitix-gel-regulateur-50-ml-5\/#primaryimage","url":"https:\/\/paracherkaoui.ma\/wp-content\/uploads\/2025\/12\/acm-acm-vitix-gel-regulateur-50-ml-cremes-depigmentantes.jpg","contentUrl":"https:\/\/paracherkaoui.ma\/wp-content\/uploads\/2025\/12\/acm-acm-vitix-gel-regulateur-50-ml-cremes-depigmentantes.jpg","width":700,"height":700},{"@type":"BreadcrumbList","@id":"https:\/\/paracherkaoui.ma\/index.php\/produit\/acm-vitix-gel-regulateur-50-ml-5\/#breadcrumb","itemListElement":[{"@type":"ListItem","position":1,"name":"Accueil","item":"https:\/\/paracherkaoui.ma\/"},{"@type":"ListItem","position":2,"name":"Boutique","item":"https:\/\/paracherkaoui.ma\/index.php\/boutique\/"},{"@type":"ListItem","position":3,"name":"ACM VITIX GEL REGULATEUR 50 ML"}]},{"@type":"WebSite","@id":"https:\/\/paracherkaoui.ma\/#website","url":"https:\/\/paracherkaoui.ma\/","name":"Paracherkaoui.ma","description":"Achetez en ligne sur Paracherkaoui.ma","potentialAction":[{"@type":"SearchAction","target":{"@type":"EntryPoint","urlTemplate":"https:\/\/paracherkaoui.ma\/?s={search_term_string}"},"query-input":{"@type":"PropertyValueSpecification","valueRequired":true,"valueName":"search_term_string"}}],"inLanguage":"fr-FR"}]}},"_links":{"self":[{"href":"https:\/\/paracherkaoui.ma\/index.php\/wp-json\/wp\/v2\/product\/29551","targetHints":{"allow":["GET"]}}],"collection":[{"href":"https:\/\/paracherkaoui.ma\/index.php\/wp-json\/wp\/v2\/product"}],"about":[{"href":"https:\/\/paracherkaoui.ma\/index.php\/wp-json\/wp\/v2\/types\/product"}],"replies":[{"embeddable":true,"href":"https:\/\/paracherkaoui.ma\/index.php\/wp-json\/wp\/v2\/comments?post=29551"}],"version-history":[{"count":1,"href":"https:\/\/paracherkaoui.ma\/index.php\/wp-json\/wp\/v2\/product\/29551\/revisions"}],"predecessor-version":[{"id":29594,"href":"https:\/\/paracherkaoui.ma\/index.php\/wp-json\/wp\/v2\/product\/29551\/revisions\/29594"}],"wp:featuredmedia":[{"embeddable":true,"href":"https:\/\/paracherkaoui.ma\/index.php\/wp-json\/wp\/v2\/media\/11763"}],"wp:attachment":[{"href":"https:\/\/paracherkaoui.ma\/index.php\/wp-json\/wp\/v2\/media?parent=29551"}],"wp:term":[{"taxonomy":"product_brand","embeddable":true,"href":"https:\/\/paracherkaoui.ma\/index.php\/wp-json\/wp\/v2\/product_brand?post=29551"},{"taxonomy":"product_cat","embeddable":true,"href":"https:\/\/paracherkaoui.ma\/index.php\/wp-json\/wp\/v2\/product_cat?post=29551"},{"taxonomy":"product_tag","embeddable":true,"href":"https:\/\/paracherkaoui.ma\/index.php\/wp-json\/wp\/v2\/product_tag?post=29551"}],"curies":[{"name":"wp","href":"https:\/\/api.w.org\/{rel}","templated":true}]}}