{"id":29549,"date":"2025-12-12T18:31:04","date_gmt":"2025-12-12T17:31:04","guid":{"rendered":"https:\/\/test.ecbeaute.com\/?post_type=product&#038;p=29549"},"modified":"2025-12-12T18:31:09","modified_gmt":"2025-12-12T17:31:09","slug":"eucerin-dermopure-serum-triple-action-40-ml-4","status":"publish","type":"product","link":"https:\/\/paracherkaoui.ma\/index.php\/produit\/eucerin-dermopure-serum-triple-action-40-ml-4\/","title":{"rendered":"EUCERIN DERMOPURE SERUM TRIPLE ACTION 40 ML"},"content":{"rendered":"<p>Au c\u0153ur de sa formule, le Thiamidol brevet\u00e9 agit efficacement pour corriger l\u2019hyperpigmentation post-inflammatoire, r\u00e9duisant visiblement les marques fonc\u00e9es caus\u00e9es par l\u2019acn\u00e9. Il agit \u00e9galement en pr\u00e9vention pour limiter leur r\u00e9apparition, faisant de ce s\u00e9rum un alli\u00e9 indispensable contre les taches.<br \/>\nPour lutter contre les imperfections actives, l\u2019acide salicylique purifie les pores en profondeur et la Licochalcone A, un puissant anti-inflammatoire, calme les rougeurs et pr\u00e9vient les \u00e9ruptions futures. R\u00e9sultat : une peau plus claire, apais\u00e9e et renforc\u00e9e.<br \/>\nEnfin, la technologie de r\u00e9gulation du s\u00e9bum matifie le teint durablement pour une sensation de peau propre, sans film gras. Sa texture ultra-l\u00e9g\u00e8re, non grasse et non com\u00e9dog\u00e8ne, convient parfaitement aux peaux mixtes \u00e0 grasses. Test\u00e9 dermatologiquement, il offre une excellente tol\u00e9rance cutan\u00e9e, m\u00eame sur les peaux sensibles.<br \/>\nConseils d&rsquo;utilisation<br \/>\nAppliquez matin et soir sur une peau propre, sur l\u2019ensemble du visage, en \u00e9vitant le contour des yeux.<br \/>\nEn cas d\u2019exposition au soleil, utilisez un \u00e9cran solaire \u00e0 haute protection Eucerin\u00ae pour \u00e9viter l\u2019assombrissement des taches.<br \/>\nNe pas utiliser chez les enfants de moins de 12 ans.<br \/>\nUne l\u00e9g\u00e8re sensation de picotement peut survenir.<br \/>\nNe pas appliquer sur des imperfections fortement irrit\u00e9es.<br \/>\n\u00c9vitez l\u2019utilisation simultan\u00e9e avec d&rsquo;autres produits contenant du Thiamidol.<br \/>\nConserver \u00e0 une temp\u00e9rature inf\u00e9rieure \u00e0 25 \u00b0C.<br \/>\nComposition<br \/>\nAqua, Alcohol Denat., Glycerin, Tapioca Starch, Carbomer, Salicylic Acid, Isobutylamido Thiazolyl Resorcinol, Decylene Glycol, Glycyrrhiza Inflata Root Extract, Panthenol, Glucosylrutin, Isoquercitrin, Ammonium Acryloyldimethyltaurate\/VP Copolymer, Pantolactone, Sodium Hydroxide, Trisodium EDTA, Citric Acid, Parfum<\/p>\n","protected":false},"excerpt":{"rendered":"<p>Au c\u0153ur de sa formule, le Thiamidol brevet\u00e9 agit efficacement pour corriger l\u2019hyperpigmentation post-inflammatoire, r\u00e9duisant visiblement les marques fonc\u00e9es caus\u00e9es<\/p>\n","protected":false},"featured_media":13221,"comment_status":"open","ping_status":"closed","template":"","meta":[],"product_brand":[134],"product_cat":[549],"product_tag":[],"class_list":{"0":"post-29549","1":"product","2":"type-product","3":"status-publish","4":"has-post-thumbnail","6":"product_brand-eucerin","7":"product_cat-cremes-depigmentantes","9":"first","10":"instock","11":"sale","12":"shipping-taxable","13":"purchasable","14":"product-type-simple"},"yoast_head":"<!-- This site is optimized with the Yoast SEO plugin v26.6 - https:\/\/yoast.com\/wordpress\/plugins\/seo\/ -->\r\n<title>EUCERIN DERMOPURE SERUM TRIPLE ACTION 40 ML - Paracherkaoui.ma<\/title>\r\n<meta name=\"robots\" content=\"index, follow, max-snippet:-1, max-image-preview:large, max-video-preview:-1\" \/>\r\n<link rel=\"canonical\" href=\"https:\/\/paracherkaoui.ma\/index.php\/produit\/eucerin-dermopure-serum-triple-action-40-ml-4\/\" \/>\r\n<meta property=\"og:locale\" content=\"fr_FR\" \/>\r\n<meta property=\"og:type\" content=\"article\" \/>\r\n<meta property=\"og:title\" content=\"EUCERIN DERMOPURE SERUM TRIPLE ACTION 40 ML - Paracherkaoui.ma\" \/>\r\n<meta property=\"og:description\" content=\"Au c\u0153ur de sa formule, le Thiamidol brevet\u00e9 agit efficacement pour corriger l\u2019hyperpigmentation post-inflammatoire, r\u00e9duisant visiblement les marques fonc\u00e9es caus\u00e9es\" \/>\r\n<meta property=\"og:url\" content=\"https:\/\/paracherkaoui.ma\/index.php\/produit\/eucerin-dermopure-serum-triple-action-40-ml-4\/\" \/>\r\n<meta property=\"og:site_name\" content=\"Paracherkaoui.ma\" \/>\r\n<meta property=\"article:modified_time\" content=\"2025-12-12T17:31:09+00:00\" \/>\r\n<meta property=\"og:image\" content=\"https:\/\/paracherkaoui.ma\/wp-content\/uploads\/2025\/12\/eucerin-eucerin-dermopure-serum-triple-action-40-ml-soins-anti-imperfections.jpg\" \/>\r\n\t<meta property=\"og:image:width\" content=\"700\" \/>\r\n\t<meta property=\"og:image:height\" content=\"700\" \/>\r\n\t<meta property=\"og:image:type\" content=\"image\/jpeg\" \/>\r\n<meta name=\"twitter:card\" content=\"summary_large_image\" \/>\r\n<meta name=\"twitter:label1\" content=\"Dur\u00e9e de lecture estim\u00e9e\" \/>\n\t<meta name=\"twitter:data1\" content=\"1 minute\" \/>\r\n<script type=\"application\/ld+json\" class=\"yoast-schema-graph\">{\"@context\":\"https:\/\/schema.org\",\"@graph\":[{\"@type\":\"WebPage\",\"@id\":\"https:\/\/paracherkaoui.ma\/index.php\/produit\/eucerin-dermopure-serum-triple-action-40-ml-4\/\",\"url\":\"https:\/\/paracherkaoui.ma\/index.php\/produit\/eucerin-dermopure-serum-triple-action-40-ml-4\/\",\"name\":\"EUCERIN DERMOPURE SERUM TRIPLE ACTION 40 ML - Paracherkaoui.ma\",\"isPartOf\":{\"@id\":\"https:\/\/paracherkaoui.ma\/#website\"},\"primaryImageOfPage\":{\"@id\":\"https:\/\/paracherkaoui.ma\/index.php\/produit\/eucerin-dermopure-serum-triple-action-40-ml-4\/#primaryimage\"},\"image\":{\"@id\":\"https:\/\/paracherkaoui.ma\/index.php\/produit\/eucerin-dermopure-serum-triple-action-40-ml-4\/#primaryimage\"},\"thumbnailUrl\":\"https:\/\/paracherkaoui.ma\/wp-content\/uploads\/2025\/12\/eucerin-eucerin-dermopure-serum-triple-action-40-ml-soins-anti-imperfections.jpg\",\"datePublished\":\"2025-12-12T17:31:04+00:00\",\"dateModified\":\"2025-12-12T17:31:09+00:00\",\"breadcrumb\":{\"@id\":\"https:\/\/paracherkaoui.ma\/index.php\/produit\/eucerin-dermopure-serum-triple-action-40-ml-4\/#breadcrumb\"},\"inLanguage\":\"fr-FR\",\"potentialAction\":[{\"@type\":\"ReadAction\",\"target\":[\"https:\/\/paracherkaoui.ma\/index.php\/produit\/eucerin-dermopure-serum-triple-action-40-ml-4\/\"]}]},{\"@type\":\"ImageObject\",\"inLanguage\":\"fr-FR\",\"@id\":\"https:\/\/paracherkaoui.ma\/index.php\/produit\/eucerin-dermopure-serum-triple-action-40-ml-4\/#primaryimage\",\"url\":\"https:\/\/paracherkaoui.ma\/wp-content\/uploads\/2025\/12\/eucerin-eucerin-dermopure-serum-triple-action-40-ml-soins-anti-imperfections.jpg\",\"contentUrl\":\"https:\/\/paracherkaoui.ma\/wp-content\/uploads\/2025\/12\/eucerin-eucerin-dermopure-serum-triple-action-40-ml-soins-anti-imperfections.jpg\",\"width\":700,\"height\":700},{\"@type\":\"BreadcrumbList\",\"@id\":\"https:\/\/paracherkaoui.ma\/index.php\/produit\/eucerin-dermopure-serum-triple-action-40-ml-4\/#breadcrumb\",\"itemListElement\":[{\"@type\":\"ListItem\",\"position\":1,\"name\":\"Accueil\",\"item\":\"https:\/\/paracherkaoui.ma\/\"},{\"@type\":\"ListItem\",\"position\":2,\"name\":\"Boutique\",\"item\":\"https:\/\/paracherkaoui.ma\/index.php\/boutique\/\"},{\"@type\":\"ListItem\",\"position\":3,\"name\":\"EUCERIN DERMOPURE SERUM TRIPLE ACTION 40 ML\"}]},{\"@type\":\"WebSite\",\"@id\":\"https:\/\/paracherkaoui.ma\/#website\",\"url\":\"https:\/\/paracherkaoui.ma\/\",\"name\":\"Paracherkaoui.ma\",\"description\":\"Achetez en ligne sur Paracherkaoui.ma\",\"potentialAction\":[{\"@type\":\"SearchAction\",\"target\":{\"@type\":\"EntryPoint\",\"urlTemplate\":\"https:\/\/paracherkaoui.ma\/?s={search_term_string}\"},\"query-input\":{\"@type\":\"PropertyValueSpecification\",\"valueRequired\":true,\"valueName\":\"search_term_string\"}}],\"inLanguage\":\"fr-FR\"}]}<\/script>\r\n<!-- \/ Yoast SEO plugin. -->","yoast_head_json":{"title":"EUCERIN DERMOPURE SERUM TRIPLE ACTION 40 ML - Paracherkaoui.ma","robots":{"index":"index","follow":"follow","max-snippet":"max-snippet:-1","max-image-preview":"max-image-preview:large","max-video-preview":"max-video-preview:-1"},"canonical":"https:\/\/paracherkaoui.ma\/index.php\/produit\/eucerin-dermopure-serum-triple-action-40-ml-4\/","og_locale":"fr_FR","og_type":"article","og_title":"EUCERIN DERMOPURE SERUM TRIPLE ACTION 40 ML - Paracherkaoui.ma","og_description":"Au c\u0153ur de sa formule, le Thiamidol brevet\u00e9 agit efficacement pour corriger l\u2019hyperpigmentation post-inflammatoire, r\u00e9duisant visiblement les marques fonc\u00e9es caus\u00e9es","og_url":"https:\/\/paracherkaoui.ma\/index.php\/produit\/eucerin-dermopure-serum-triple-action-40-ml-4\/","og_site_name":"Paracherkaoui.ma","article_modified_time":"2025-12-12T17:31:09+00:00","og_image":[{"width":700,"height":700,"url":"https:\/\/paracherkaoui.ma\/wp-content\/uploads\/2025\/12\/eucerin-eucerin-dermopure-serum-triple-action-40-ml-soins-anti-imperfections.jpg","type":"image\/jpeg"}],"twitter_card":"summary_large_image","twitter_misc":{"Dur\u00e9e de lecture estim\u00e9e":"1 minute"},"schema":{"@context":"https:\/\/schema.org","@graph":[{"@type":"WebPage","@id":"https:\/\/paracherkaoui.ma\/index.php\/produit\/eucerin-dermopure-serum-triple-action-40-ml-4\/","url":"https:\/\/paracherkaoui.ma\/index.php\/produit\/eucerin-dermopure-serum-triple-action-40-ml-4\/","name":"EUCERIN DERMOPURE SERUM TRIPLE ACTION 40 ML - Paracherkaoui.ma","isPartOf":{"@id":"https:\/\/paracherkaoui.ma\/#website"},"primaryImageOfPage":{"@id":"https:\/\/paracherkaoui.ma\/index.php\/produit\/eucerin-dermopure-serum-triple-action-40-ml-4\/#primaryimage"},"image":{"@id":"https:\/\/paracherkaoui.ma\/index.php\/produit\/eucerin-dermopure-serum-triple-action-40-ml-4\/#primaryimage"},"thumbnailUrl":"https:\/\/paracherkaoui.ma\/wp-content\/uploads\/2025\/12\/eucerin-eucerin-dermopure-serum-triple-action-40-ml-soins-anti-imperfections.jpg","datePublished":"2025-12-12T17:31:04+00:00","dateModified":"2025-12-12T17:31:09+00:00","breadcrumb":{"@id":"https:\/\/paracherkaoui.ma\/index.php\/produit\/eucerin-dermopure-serum-triple-action-40-ml-4\/#breadcrumb"},"inLanguage":"fr-FR","potentialAction":[{"@type":"ReadAction","target":["https:\/\/paracherkaoui.ma\/index.php\/produit\/eucerin-dermopure-serum-triple-action-40-ml-4\/"]}]},{"@type":"ImageObject","inLanguage":"fr-FR","@id":"https:\/\/paracherkaoui.ma\/index.php\/produit\/eucerin-dermopure-serum-triple-action-40-ml-4\/#primaryimage","url":"https:\/\/paracherkaoui.ma\/wp-content\/uploads\/2025\/12\/eucerin-eucerin-dermopure-serum-triple-action-40-ml-soins-anti-imperfections.jpg","contentUrl":"https:\/\/paracherkaoui.ma\/wp-content\/uploads\/2025\/12\/eucerin-eucerin-dermopure-serum-triple-action-40-ml-soins-anti-imperfections.jpg","width":700,"height":700},{"@type":"BreadcrumbList","@id":"https:\/\/paracherkaoui.ma\/index.php\/produit\/eucerin-dermopure-serum-triple-action-40-ml-4\/#breadcrumb","itemListElement":[{"@type":"ListItem","position":1,"name":"Accueil","item":"https:\/\/paracherkaoui.ma\/"},{"@type":"ListItem","position":2,"name":"Boutique","item":"https:\/\/paracherkaoui.ma\/index.php\/boutique\/"},{"@type":"ListItem","position":3,"name":"EUCERIN DERMOPURE SERUM TRIPLE ACTION 40 ML"}]},{"@type":"WebSite","@id":"https:\/\/paracherkaoui.ma\/#website","url":"https:\/\/paracherkaoui.ma\/","name":"Paracherkaoui.ma","description":"Achetez en ligne sur Paracherkaoui.ma","potentialAction":[{"@type":"SearchAction","target":{"@type":"EntryPoint","urlTemplate":"https:\/\/paracherkaoui.ma\/?s={search_term_string}"},"query-input":{"@type":"PropertyValueSpecification","valueRequired":true,"valueName":"search_term_string"}}],"inLanguage":"fr-FR"}]}},"_links":{"self":[{"href":"https:\/\/paracherkaoui.ma\/index.php\/wp-json\/wp\/v2\/product\/29549","targetHints":{"allow":["GET"]}}],"collection":[{"href":"https:\/\/paracherkaoui.ma\/index.php\/wp-json\/wp\/v2\/product"}],"about":[{"href":"https:\/\/paracherkaoui.ma\/index.php\/wp-json\/wp\/v2\/types\/product"}],"replies":[{"embeddable":true,"href":"https:\/\/paracherkaoui.ma\/index.php\/wp-json\/wp\/v2\/comments?post=29549"}],"version-history":[{"count":1,"href":"https:\/\/paracherkaoui.ma\/index.php\/wp-json\/wp\/v2\/product\/29549\/revisions"}],"predecessor-version":[{"id":29592,"href":"https:\/\/paracherkaoui.ma\/index.php\/wp-json\/wp\/v2\/product\/29549\/revisions\/29592"}],"wp:featuredmedia":[{"embeddable":true,"href":"https:\/\/paracherkaoui.ma\/index.php\/wp-json\/wp\/v2\/media\/13221"}],"wp:attachment":[{"href":"https:\/\/paracherkaoui.ma\/index.php\/wp-json\/wp\/v2\/media?parent=29549"}],"wp:term":[{"taxonomy":"product_brand","embeddable":true,"href":"https:\/\/paracherkaoui.ma\/index.php\/wp-json\/wp\/v2\/product_brand?post=29549"},{"taxonomy":"product_cat","embeddable":true,"href":"https:\/\/paracherkaoui.ma\/index.php\/wp-json\/wp\/v2\/product_cat?post=29549"},{"taxonomy":"product_tag","embeddable":true,"href":"https:\/\/paracherkaoui.ma\/index.php\/wp-json\/wp\/v2\/product_tag?post=29549"}],"curies":[{"name":"wp","href":"https:\/\/api.w.org\/{rel}","templated":true}]}}