{"id":29222,"date":"2025-12-12T18:30:21","date_gmt":"2025-12-12T17:30:21","guid":{"rendered":"https:\/\/test.ecbeaute.com\/?post_type=product&#038;p=29222"},"modified":"2025-12-12T18:30:25","modified_gmt":"2025-12-12T17:30:25","slug":"floxia-juvenia-masque-contour-des-yeux","status":"publish","type":"product","link":"https:\/\/paracherkaoui.ma\/index.php\/produit\/floxia-juvenia-masque-contour-des-yeux\/","title":{"rendered":"FLOXIA JUVENIA MASQUE CONTOUR DES YEUX"},"content":{"rendered":"<p>Retrouvez un regard de biche et dites adieu aux poches, cernes et ridules ! La cr\u00e8me Juvenia est le\u00a0meilleur contour des yeux\u00a0pour effacer les rides et revitaliser la peau de l\u2019\u0153il. Sa texture gel cr\u00e8me est tr\u00e8s l\u00e9g\u00e8re et\u00a0d\u00e9congestionne\u00a0en douceur le contour de l\u2019\u0153il. La cr\u00e8me Juvenia s\u2019utilise au quotidien pour d\u00e9fatiguer l\u2019\u00e9piderme et acc\u00e9l\u00e9rer la\u00a0r\u00e9g\u00e9n\u00e9ration cellulaire. Le contour des yeux est jeune, tonifi\u00e9 et lisse. Ce soin anti-ride, hydratant et anti-\u00e2ge lutte contre le vieillissement cutan\u00e9 des\u00a0peaux matures. Sa formule enrichie en extrait de racine d\u2019iris en fait un produit de beaut\u00e9 incontournable pour illuminer son regard. Le contour des yeux est unifi\u00e9, sans rides ni ridules et sans pattes d\u2019oie !<br \/>\nConseils d&rsquo;utilisation:<br \/>\nAppliquez le soin Juvenia\u00a0matin et soir\u00a0sur le contour des yeux et sur les paupi\u00e8res. Versez une petite noisette de la cr\u00e8me sur votre doigt et tapotez autour de l\u2019\u0153il pour d\u00e9congestionner et rafra\u00eechir la peau. Une petite quantit\u00e9 suffit pour r\u00e9g\u00e9n\u00e9rer l\u2019\u00e9piderme et activer les actifs anti-\u00e2ge, anti-rides et anti cernes.<\/p>\n","protected":false},"excerpt":{"rendered":"<p>Retrouvez un regard de biche et dites adieu aux poches, cernes et ridules ! La cr\u00e8me Juvenia est le\u00a0meilleur contour<\/p>\n","protected":false},"featured_media":29260,"comment_status":"open","ping_status":"closed","template":"","meta":[],"product_brand":[300],"product_cat":[545],"product_tag":[],"class_list":{"0":"post-29222","1":"product","2":"type-product","3":"status-publish","4":"has-post-thumbnail","6":"product_brand-floxia","7":"product_cat-soins-contours-yeux","9":"first","10":"instock","11":"sale","12":"shipping-taxable","13":"purchasable","14":"product-type-simple"},"yoast_head":"<!-- This site is optimized with the Yoast SEO plugin v26.6 - https:\/\/yoast.com\/wordpress\/plugins\/seo\/ -->\r\n<title>FLOXIA JUVENIA MASQUE CONTOUR DES YEUX - Paracherkaoui.ma<\/title>\r\n<meta name=\"robots\" content=\"index, follow, max-snippet:-1, max-image-preview:large, max-video-preview:-1\" \/>\r\n<link rel=\"canonical\" href=\"https:\/\/paracherkaoui.ma\/index.php\/produit\/floxia-juvenia-masque-contour-des-yeux\/\" \/>\r\n<meta property=\"og:locale\" content=\"fr_FR\" \/>\r\n<meta property=\"og:type\" content=\"article\" \/>\r\n<meta property=\"og:title\" content=\"FLOXIA JUVENIA MASQUE CONTOUR DES YEUX - Paracherkaoui.ma\" \/>\r\n<meta property=\"og:description\" content=\"Retrouvez un regard de biche et dites adieu aux poches, cernes et ridules ! La cr\u00e8me Juvenia est le\u00a0meilleur contour\" \/>\r\n<meta property=\"og:url\" content=\"https:\/\/paracherkaoui.ma\/index.php\/produit\/floxia-juvenia-masque-contour-des-yeux\/\" \/>\r\n<meta property=\"og:site_name\" content=\"Paracherkaoui.ma\" \/>\r\n<meta property=\"article:modified_time\" content=\"2025-12-12T17:30:25+00:00\" \/>\r\n<meta property=\"og:image\" content=\"https:\/\/paracherkaoui.ma\/wp-content\/uploads\/2025\/12\/floxia-juvenia-masque-contour-des-yeux.jpg\" \/>\r\n\t<meta property=\"og:image:width\" content=\"700\" \/>\r\n\t<meta property=\"og:image:height\" content=\"700\" \/>\r\n\t<meta property=\"og:image:type\" content=\"image\/jpeg\" \/>\r\n<meta name=\"twitter:card\" content=\"summary_large_image\" \/>\r\n<meta name=\"twitter:label1\" content=\"Dur\u00e9e de lecture estim\u00e9e\" \/>\n\t<meta name=\"twitter:data1\" content=\"1 minute\" \/>\r\n<script type=\"application\/ld+json\" class=\"yoast-schema-graph\">{\"@context\":\"https:\/\/schema.org\",\"@graph\":[{\"@type\":\"WebPage\",\"@id\":\"https:\/\/paracherkaoui.ma\/index.php\/produit\/floxia-juvenia-masque-contour-des-yeux\/\",\"url\":\"https:\/\/paracherkaoui.ma\/index.php\/produit\/floxia-juvenia-masque-contour-des-yeux\/\",\"name\":\"FLOXIA JUVENIA MASQUE CONTOUR DES YEUX - Paracherkaoui.ma\",\"isPartOf\":{\"@id\":\"https:\/\/paracherkaoui.ma\/#website\"},\"primaryImageOfPage\":{\"@id\":\"https:\/\/paracherkaoui.ma\/index.php\/produit\/floxia-juvenia-masque-contour-des-yeux\/#primaryimage\"},\"image\":{\"@id\":\"https:\/\/paracherkaoui.ma\/index.php\/produit\/floxia-juvenia-masque-contour-des-yeux\/#primaryimage\"},\"thumbnailUrl\":\"https:\/\/paracherkaoui.ma\/wp-content\/uploads\/2025\/12\/floxia-juvenia-masque-contour-des-yeux.jpg\",\"datePublished\":\"2025-12-12T17:30:21+00:00\",\"dateModified\":\"2025-12-12T17:30:25+00:00\",\"breadcrumb\":{\"@id\":\"https:\/\/paracherkaoui.ma\/index.php\/produit\/floxia-juvenia-masque-contour-des-yeux\/#breadcrumb\"},\"inLanguage\":\"fr-FR\",\"potentialAction\":[{\"@type\":\"ReadAction\",\"target\":[\"https:\/\/paracherkaoui.ma\/index.php\/produit\/floxia-juvenia-masque-contour-des-yeux\/\"]}]},{\"@type\":\"ImageObject\",\"inLanguage\":\"fr-FR\",\"@id\":\"https:\/\/paracherkaoui.ma\/index.php\/produit\/floxia-juvenia-masque-contour-des-yeux\/#primaryimage\",\"url\":\"https:\/\/paracherkaoui.ma\/wp-content\/uploads\/2025\/12\/floxia-juvenia-masque-contour-des-yeux.jpg\",\"contentUrl\":\"https:\/\/paracherkaoui.ma\/wp-content\/uploads\/2025\/12\/floxia-juvenia-masque-contour-des-yeux.jpg\",\"width\":700,\"height\":700},{\"@type\":\"BreadcrumbList\",\"@id\":\"https:\/\/paracherkaoui.ma\/index.php\/produit\/floxia-juvenia-masque-contour-des-yeux\/#breadcrumb\",\"itemListElement\":[{\"@type\":\"ListItem\",\"position\":1,\"name\":\"Accueil\",\"item\":\"https:\/\/paracherkaoui.ma\/\"},{\"@type\":\"ListItem\",\"position\":2,\"name\":\"Boutique\",\"item\":\"https:\/\/paracherkaoui.ma\/index.php\/boutique\/\"},{\"@type\":\"ListItem\",\"position\":3,\"name\":\"FLOXIA JUVENIA MASQUE CONTOUR DES YEUX\"}]},{\"@type\":\"WebSite\",\"@id\":\"https:\/\/paracherkaoui.ma\/#website\",\"url\":\"https:\/\/paracherkaoui.ma\/\",\"name\":\"Paracherkaoui.ma\",\"description\":\"Achetez en ligne sur Paracherkaoui.ma\",\"potentialAction\":[{\"@type\":\"SearchAction\",\"target\":{\"@type\":\"EntryPoint\",\"urlTemplate\":\"https:\/\/paracherkaoui.ma\/?s={search_term_string}\"},\"query-input\":{\"@type\":\"PropertyValueSpecification\",\"valueRequired\":true,\"valueName\":\"search_term_string\"}}],\"inLanguage\":\"fr-FR\"}]}<\/script>\r\n<!-- \/ Yoast SEO plugin. -->","yoast_head_json":{"title":"FLOXIA JUVENIA MASQUE CONTOUR DES YEUX - Paracherkaoui.ma","robots":{"index":"index","follow":"follow","max-snippet":"max-snippet:-1","max-image-preview":"max-image-preview:large","max-video-preview":"max-video-preview:-1"},"canonical":"https:\/\/paracherkaoui.ma\/index.php\/produit\/floxia-juvenia-masque-contour-des-yeux\/","og_locale":"fr_FR","og_type":"article","og_title":"FLOXIA JUVENIA MASQUE CONTOUR DES YEUX - Paracherkaoui.ma","og_description":"Retrouvez un regard de biche et dites adieu aux poches, cernes et ridules ! La cr\u00e8me Juvenia est le\u00a0meilleur contour","og_url":"https:\/\/paracherkaoui.ma\/index.php\/produit\/floxia-juvenia-masque-contour-des-yeux\/","og_site_name":"Paracherkaoui.ma","article_modified_time":"2025-12-12T17:30:25+00:00","og_image":[{"width":700,"height":700,"url":"https:\/\/paracherkaoui.ma\/wp-content\/uploads\/2025\/12\/floxia-juvenia-masque-contour-des-yeux.jpg","type":"image\/jpeg"}],"twitter_card":"summary_large_image","twitter_misc":{"Dur\u00e9e de lecture estim\u00e9e":"1 minute"},"schema":{"@context":"https:\/\/schema.org","@graph":[{"@type":"WebPage","@id":"https:\/\/paracherkaoui.ma\/index.php\/produit\/floxia-juvenia-masque-contour-des-yeux\/","url":"https:\/\/paracherkaoui.ma\/index.php\/produit\/floxia-juvenia-masque-contour-des-yeux\/","name":"FLOXIA JUVENIA MASQUE CONTOUR DES YEUX - Paracherkaoui.ma","isPartOf":{"@id":"https:\/\/paracherkaoui.ma\/#website"},"primaryImageOfPage":{"@id":"https:\/\/paracherkaoui.ma\/index.php\/produit\/floxia-juvenia-masque-contour-des-yeux\/#primaryimage"},"image":{"@id":"https:\/\/paracherkaoui.ma\/index.php\/produit\/floxia-juvenia-masque-contour-des-yeux\/#primaryimage"},"thumbnailUrl":"https:\/\/paracherkaoui.ma\/wp-content\/uploads\/2025\/12\/floxia-juvenia-masque-contour-des-yeux.jpg","datePublished":"2025-12-12T17:30:21+00:00","dateModified":"2025-12-12T17:30:25+00:00","breadcrumb":{"@id":"https:\/\/paracherkaoui.ma\/index.php\/produit\/floxia-juvenia-masque-contour-des-yeux\/#breadcrumb"},"inLanguage":"fr-FR","potentialAction":[{"@type":"ReadAction","target":["https:\/\/paracherkaoui.ma\/index.php\/produit\/floxia-juvenia-masque-contour-des-yeux\/"]}]},{"@type":"ImageObject","inLanguage":"fr-FR","@id":"https:\/\/paracherkaoui.ma\/index.php\/produit\/floxia-juvenia-masque-contour-des-yeux\/#primaryimage","url":"https:\/\/paracherkaoui.ma\/wp-content\/uploads\/2025\/12\/floxia-juvenia-masque-contour-des-yeux.jpg","contentUrl":"https:\/\/paracherkaoui.ma\/wp-content\/uploads\/2025\/12\/floxia-juvenia-masque-contour-des-yeux.jpg","width":700,"height":700},{"@type":"BreadcrumbList","@id":"https:\/\/paracherkaoui.ma\/index.php\/produit\/floxia-juvenia-masque-contour-des-yeux\/#breadcrumb","itemListElement":[{"@type":"ListItem","position":1,"name":"Accueil","item":"https:\/\/paracherkaoui.ma\/"},{"@type":"ListItem","position":2,"name":"Boutique","item":"https:\/\/paracherkaoui.ma\/index.php\/boutique\/"},{"@type":"ListItem","position":3,"name":"FLOXIA JUVENIA MASQUE CONTOUR DES YEUX"}]},{"@type":"WebSite","@id":"https:\/\/paracherkaoui.ma\/#website","url":"https:\/\/paracherkaoui.ma\/","name":"Paracherkaoui.ma","description":"Achetez en ligne sur Paracherkaoui.ma","potentialAction":[{"@type":"SearchAction","target":{"@type":"EntryPoint","urlTemplate":"https:\/\/paracherkaoui.ma\/?s={search_term_string}"},"query-input":{"@type":"PropertyValueSpecification","valueRequired":true,"valueName":"search_term_string"}}],"inLanguage":"fr-FR"}]}},"_links":{"self":[{"href":"https:\/\/paracherkaoui.ma\/index.php\/wp-json\/wp\/v2\/product\/29222","targetHints":{"allow":["GET"]}}],"collection":[{"href":"https:\/\/paracherkaoui.ma\/index.php\/wp-json\/wp\/v2\/product"}],"about":[{"href":"https:\/\/paracherkaoui.ma\/index.php\/wp-json\/wp\/v2\/types\/product"}],"replies":[{"embeddable":true,"href":"https:\/\/paracherkaoui.ma\/index.php\/wp-json\/wp\/v2\/comments?post=29222"}],"version-history":[{"count":1,"href":"https:\/\/paracherkaoui.ma\/index.php\/wp-json\/wp\/v2\/product\/29222\/revisions"}],"predecessor-version":[{"id":29261,"href":"https:\/\/paracherkaoui.ma\/index.php\/wp-json\/wp\/v2\/product\/29222\/revisions\/29261"}],"wp:featuredmedia":[{"embeddable":true,"href":"https:\/\/paracherkaoui.ma\/index.php\/wp-json\/wp\/v2\/media\/29260"}],"wp:attachment":[{"href":"https:\/\/paracherkaoui.ma\/index.php\/wp-json\/wp\/v2\/media?parent=29222"}],"wp:term":[{"taxonomy":"product_brand","embeddable":true,"href":"https:\/\/paracherkaoui.ma\/index.php\/wp-json\/wp\/v2\/product_brand?post=29222"},{"taxonomy":"product_cat","embeddable":true,"href":"https:\/\/paracherkaoui.ma\/index.php\/wp-json\/wp\/v2\/product_cat?post=29222"},{"taxonomy":"product_tag","embeddable":true,"href":"https:\/\/paracherkaoui.ma\/index.php\/wp-json\/wp\/v2\/product_tag?post=29222"}],"curies":[{"name":"wp","href":"https:\/\/api.w.org\/{rel}","templated":true}]}}