{"id":28981,"date":"2025-12-12T18:30:00","date_gmt":"2025-12-12T17:30:00","guid":{"rendered":"https:\/\/test.ecbeaute.com\/?post_type=product&#038;p=28981"},"modified":"2025-12-12T18:30:05","modified_gmt":"2025-12-12T17:30:05","slug":"lierac-diopti-fluide-correction-cernes-15-ml","status":"publish","type":"product","link":"https:\/\/paracherkaoui.ma\/index.php\/produit\/lierac-diopti-fluide-correction-cernes-15-ml\/","title":{"rendered":"LIERAC DIOPTI FLUIDE CORRECTION CERNES 15 ML"},"content":{"rendered":"<p>le Fluide Correction Cernes corrige tous les types de cernes (bleus, bruns et creux). Au c\u0153ur de la formule, la Vitamine C stabilis\u00e9e brevet\u00e9e, aux propri\u00e9t\u00e9s antioxydantes, est associ\u00e9e \u00e0 l\u2019extrait de Ruscus. Ces actifs ont \u00e9t\u00e9 sp\u00e9cialement s\u00e9lectionn\u00e9s pour leur efficacit\u00e9 cibl\u00e9e sur les cernes.<br \/>\nLes r\u00e9sultats sont visibles imm\u00e9diatement et durablement : l\u2019apparence et la surface des cernes sont diminu\u00e9es pour un regard plus lumineux.<br \/>\nFormul\u00e9 \u00e0 95% d\u2019ingr\u00e9dients d\u2019origine naturelle, ce fluide teint\u00e9 camoufle instantan\u00e9ment les cernes. Sans parfum, la formule a \u00e9t\u00e9 test\u00e9e sous contr\u00f4le dermatologique et ophtalmologique. Convient aux yeux sensibles.<br \/>\nComposition :<br \/>\nAqua \/ Water \/ Eau, Glycerin, C15-19 Alkane, Ci 77891 \/ Titanium Dioxide, Butylene Glycol, Carthamus Tinctorius (Safflower) Seed Oil, Cetyl Palmitate, C10-18 Triglycerides, Hexyldecanol, Hexyldecyl Laurate, Butyrospermum Parkii (Shea) Butter, Sodium Stearoyl Glutamate, Glyceryl Stearate, Jojoba Esters, Cetyl Alcohol, Stearyl Alcohol, Mica, Ascorbyl Glucoside, Sodium Polyacrylate, Helianthus Annuus (Sunflower) Seed Wax, Acrylates\/C10-30 Alkyl Acrylate Crosspolymer, Ethylhexylglycerin, Ci 77492 \/ Iron Oxides, Phenethyl Alcohol, Ruscus Aculeatus Root Extract, Ci 77491 \/ Iron Oxides, Tocopherol, Sodium Hydroxide, Chlorhexidine Digluconate, Polyglycerin-3, Helianthus Annuus (Sunflower) Seed Oil, Ci 77499 \/ Iron Oxides, Hydrolyzed Yeast Extract, Glycolipids.<br \/>\nConseils d&rsquo;utilisation :<br \/>\nAppliquer une noisette du soin Fluide Correction Cernes sur le contour des yeux le matin apr\u00e8s votre routine habituelle (s\u00e9rum et cr\u00e8me) pour b\u00e9n\u00e9ficier de la texture teint\u00e9e offrant un camouflage imm\u00e9diat des cernes. Lissez la texture de l\u2019int\u00e9rieur vers l\u2019ext\u00e9rieur et finissez par de l\u00e9gers tapotements.<\/p>\n","protected":false},"excerpt":{"rendered":"<p>le Fluide Correction Cernes corrige tous les types de cernes (bleus, bruns et creux). Au c\u0153ur de la formule, la<\/p>\n","protected":false},"featured_media":29028,"comment_status":"open","ping_status":"closed","template":"","meta":[],"product_brand":[371],"product_cat":[545],"product_tag":[],"class_list":{"0":"post-28981","1":"product","2":"type-product","3":"status-publish","4":"has-post-thumbnail","6":"product_brand-lierac","7":"product_cat-soins-contours-yeux","9":"first","10":"instock","11":"shipping-taxable","12":"purchasable","13":"product-type-simple"},"yoast_head":"<!-- This site is optimized with the Yoast SEO plugin v26.6 - https:\/\/yoast.com\/wordpress\/plugins\/seo\/ -->\r\n<title>LIERAC DIOPTI FLUIDE CORRECTION CERNES 15 ML - Paracherkaoui.ma<\/title>\r\n<meta name=\"robots\" content=\"index, follow, max-snippet:-1, max-image-preview:large, max-video-preview:-1\" \/>\r\n<link rel=\"canonical\" href=\"https:\/\/paracherkaoui.ma\/index.php\/produit\/lierac-diopti-fluide-correction-cernes-15-ml\/\" \/>\r\n<meta property=\"og:locale\" content=\"fr_FR\" \/>\r\n<meta property=\"og:type\" content=\"article\" \/>\r\n<meta property=\"og:title\" content=\"LIERAC DIOPTI FLUIDE CORRECTION CERNES 15 ML - Paracherkaoui.ma\" \/>\r\n<meta property=\"og:description\" content=\"le Fluide Correction Cernes corrige tous les types de cernes (bleus, bruns et creux). Au c\u0153ur de la formule, la\" \/>\r\n<meta property=\"og:url\" content=\"https:\/\/paracherkaoui.ma\/index.php\/produit\/lierac-diopti-fluide-correction-cernes-15-ml\/\" \/>\r\n<meta property=\"og:site_name\" content=\"Paracherkaoui.ma\" \/>\r\n<meta property=\"article:modified_time\" content=\"2025-12-12T17:30:05+00:00\" \/>\r\n<meta property=\"og:image\" content=\"https:\/\/paracherkaoui.ma\/wp-content\/uploads\/2025\/12\/lierac-lierac-diopti-fluide-correction-cernes-15-ml-yeux.jpg\" \/>\r\n\t<meta property=\"og:image:width\" content=\"700\" \/>\r\n\t<meta property=\"og:image:height\" content=\"700\" \/>\r\n\t<meta property=\"og:image:type\" content=\"image\/jpeg\" \/>\r\n<meta name=\"twitter:card\" content=\"summary_large_image\" \/>\r\n<meta name=\"twitter:label1\" content=\"Dur\u00e9e de lecture estim\u00e9e\" \/>\n\t<meta name=\"twitter:data1\" content=\"1 minute\" \/>\r\n<script type=\"application\/ld+json\" class=\"yoast-schema-graph\">{\"@context\":\"https:\/\/schema.org\",\"@graph\":[{\"@type\":\"WebPage\",\"@id\":\"https:\/\/paracherkaoui.ma\/index.php\/produit\/lierac-diopti-fluide-correction-cernes-15-ml\/\",\"url\":\"https:\/\/paracherkaoui.ma\/index.php\/produit\/lierac-diopti-fluide-correction-cernes-15-ml\/\",\"name\":\"LIERAC DIOPTI FLUIDE CORRECTION CERNES 15 ML - Paracherkaoui.ma\",\"isPartOf\":{\"@id\":\"https:\/\/paracherkaoui.ma\/#website\"},\"primaryImageOfPage\":{\"@id\":\"https:\/\/paracherkaoui.ma\/index.php\/produit\/lierac-diopti-fluide-correction-cernes-15-ml\/#primaryimage\"},\"image\":{\"@id\":\"https:\/\/paracherkaoui.ma\/index.php\/produit\/lierac-diopti-fluide-correction-cernes-15-ml\/#primaryimage\"},\"thumbnailUrl\":\"https:\/\/paracherkaoui.ma\/wp-content\/uploads\/2025\/12\/lierac-lierac-diopti-fluide-correction-cernes-15-ml-yeux.jpg\",\"datePublished\":\"2025-12-12T17:30:00+00:00\",\"dateModified\":\"2025-12-12T17:30:05+00:00\",\"breadcrumb\":{\"@id\":\"https:\/\/paracherkaoui.ma\/index.php\/produit\/lierac-diopti-fluide-correction-cernes-15-ml\/#breadcrumb\"},\"inLanguage\":\"fr-FR\",\"potentialAction\":[{\"@type\":\"ReadAction\",\"target\":[\"https:\/\/paracherkaoui.ma\/index.php\/produit\/lierac-diopti-fluide-correction-cernes-15-ml\/\"]}]},{\"@type\":\"ImageObject\",\"inLanguage\":\"fr-FR\",\"@id\":\"https:\/\/paracherkaoui.ma\/index.php\/produit\/lierac-diopti-fluide-correction-cernes-15-ml\/#primaryimage\",\"url\":\"https:\/\/paracherkaoui.ma\/wp-content\/uploads\/2025\/12\/lierac-lierac-diopti-fluide-correction-cernes-15-ml-yeux.jpg\",\"contentUrl\":\"https:\/\/paracherkaoui.ma\/wp-content\/uploads\/2025\/12\/lierac-lierac-diopti-fluide-correction-cernes-15-ml-yeux.jpg\",\"width\":700,\"height\":700},{\"@type\":\"BreadcrumbList\",\"@id\":\"https:\/\/paracherkaoui.ma\/index.php\/produit\/lierac-diopti-fluide-correction-cernes-15-ml\/#breadcrumb\",\"itemListElement\":[{\"@type\":\"ListItem\",\"position\":1,\"name\":\"Accueil\",\"item\":\"https:\/\/paracherkaoui.ma\/\"},{\"@type\":\"ListItem\",\"position\":2,\"name\":\"Boutique\",\"item\":\"https:\/\/paracherkaoui.ma\/index.php\/boutique\/\"},{\"@type\":\"ListItem\",\"position\":3,\"name\":\"LIERAC DIOPTI FLUIDE CORRECTION CERNES 15 ML\"}]},{\"@type\":\"WebSite\",\"@id\":\"https:\/\/paracherkaoui.ma\/#website\",\"url\":\"https:\/\/paracherkaoui.ma\/\",\"name\":\"Paracherkaoui.ma\",\"description\":\"Achetez en ligne sur Paracherkaoui.ma\",\"potentialAction\":[{\"@type\":\"SearchAction\",\"target\":{\"@type\":\"EntryPoint\",\"urlTemplate\":\"https:\/\/paracherkaoui.ma\/?s={search_term_string}\"},\"query-input\":{\"@type\":\"PropertyValueSpecification\",\"valueRequired\":true,\"valueName\":\"search_term_string\"}}],\"inLanguage\":\"fr-FR\"}]}<\/script>\r\n<!-- \/ Yoast SEO plugin. -->","yoast_head_json":{"title":"LIERAC DIOPTI FLUIDE CORRECTION CERNES 15 ML - Paracherkaoui.ma","robots":{"index":"index","follow":"follow","max-snippet":"max-snippet:-1","max-image-preview":"max-image-preview:large","max-video-preview":"max-video-preview:-1"},"canonical":"https:\/\/paracherkaoui.ma\/index.php\/produit\/lierac-diopti-fluide-correction-cernes-15-ml\/","og_locale":"fr_FR","og_type":"article","og_title":"LIERAC DIOPTI FLUIDE CORRECTION CERNES 15 ML - Paracherkaoui.ma","og_description":"le Fluide Correction Cernes corrige tous les types de cernes (bleus, bruns et creux). Au c\u0153ur de la formule, la","og_url":"https:\/\/paracherkaoui.ma\/index.php\/produit\/lierac-diopti-fluide-correction-cernes-15-ml\/","og_site_name":"Paracherkaoui.ma","article_modified_time":"2025-12-12T17:30:05+00:00","og_image":[{"width":700,"height":700,"url":"https:\/\/paracherkaoui.ma\/wp-content\/uploads\/2025\/12\/lierac-lierac-diopti-fluide-correction-cernes-15-ml-yeux.jpg","type":"image\/jpeg"}],"twitter_card":"summary_large_image","twitter_misc":{"Dur\u00e9e de lecture estim\u00e9e":"1 minute"},"schema":{"@context":"https:\/\/schema.org","@graph":[{"@type":"WebPage","@id":"https:\/\/paracherkaoui.ma\/index.php\/produit\/lierac-diopti-fluide-correction-cernes-15-ml\/","url":"https:\/\/paracherkaoui.ma\/index.php\/produit\/lierac-diopti-fluide-correction-cernes-15-ml\/","name":"LIERAC DIOPTI FLUIDE CORRECTION CERNES 15 ML - Paracherkaoui.ma","isPartOf":{"@id":"https:\/\/paracherkaoui.ma\/#website"},"primaryImageOfPage":{"@id":"https:\/\/paracherkaoui.ma\/index.php\/produit\/lierac-diopti-fluide-correction-cernes-15-ml\/#primaryimage"},"image":{"@id":"https:\/\/paracherkaoui.ma\/index.php\/produit\/lierac-diopti-fluide-correction-cernes-15-ml\/#primaryimage"},"thumbnailUrl":"https:\/\/paracherkaoui.ma\/wp-content\/uploads\/2025\/12\/lierac-lierac-diopti-fluide-correction-cernes-15-ml-yeux.jpg","datePublished":"2025-12-12T17:30:00+00:00","dateModified":"2025-12-12T17:30:05+00:00","breadcrumb":{"@id":"https:\/\/paracherkaoui.ma\/index.php\/produit\/lierac-diopti-fluide-correction-cernes-15-ml\/#breadcrumb"},"inLanguage":"fr-FR","potentialAction":[{"@type":"ReadAction","target":["https:\/\/paracherkaoui.ma\/index.php\/produit\/lierac-diopti-fluide-correction-cernes-15-ml\/"]}]},{"@type":"ImageObject","inLanguage":"fr-FR","@id":"https:\/\/paracherkaoui.ma\/index.php\/produit\/lierac-diopti-fluide-correction-cernes-15-ml\/#primaryimage","url":"https:\/\/paracherkaoui.ma\/wp-content\/uploads\/2025\/12\/lierac-lierac-diopti-fluide-correction-cernes-15-ml-yeux.jpg","contentUrl":"https:\/\/paracherkaoui.ma\/wp-content\/uploads\/2025\/12\/lierac-lierac-diopti-fluide-correction-cernes-15-ml-yeux.jpg","width":700,"height":700},{"@type":"BreadcrumbList","@id":"https:\/\/paracherkaoui.ma\/index.php\/produit\/lierac-diopti-fluide-correction-cernes-15-ml\/#breadcrumb","itemListElement":[{"@type":"ListItem","position":1,"name":"Accueil","item":"https:\/\/paracherkaoui.ma\/"},{"@type":"ListItem","position":2,"name":"Boutique","item":"https:\/\/paracherkaoui.ma\/index.php\/boutique\/"},{"@type":"ListItem","position":3,"name":"LIERAC DIOPTI FLUIDE CORRECTION CERNES 15 ML"}]},{"@type":"WebSite","@id":"https:\/\/paracherkaoui.ma\/#website","url":"https:\/\/paracherkaoui.ma\/","name":"Paracherkaoui.ma","description":"Achetez en ligne sur Paracherkaoui.ma","potentialAction":[{"@type":"SearchAction","target":{"@type":"EntryPoint","urlTemplate":"https:\/\/paracherkaoui.ma\/?s={search_term_string}"},"query-input":{"@type":"PropertyValueSpecification","valueRequired":true,"valueName":"search_term_string"}}],"inLanguage":"fr-FR"}]}},"_links":{"self":[{"href":"https:\/\/paracherkaoui.ma\/index.php\/wp-json\/wp\/v2\/product\/28981","targetHints":{"allow":["GET"]}}],"collection":[{"href":"https:\/\/paracherkaoui.ma\/index.php\/wp-json\/wp\/v2\/product"}],"about":[{"href":"https:\/\/paracherkaoui.ma\/index.php\/wp-json\/wp\/v2\/types\/product"}],"replies":[{"embeddable":true,"href":"https:\/\/paracherkaoui.ma\/index.php\/wp-json\/wp\/v2\/comments?post=28981"}],"version-history":[{"count":1,"href":"https:\/\/paracherkaoui.ma\/index.php\/wp-json\/wp\/v2\/product\/28981\/revisions"}],"predecessor-version":[{"id":29029,"href":"https:\/\/paracherkaoui.ma\/index.php\/wp-json\/wp\/v2\/product\/28981\/revisions\/29029"}],"wp:featuredmedia":[{"embeddable":true,"href":"https:\/\/paracherkaoui.ma\/index.php\/wp-json\/wp\/v2\/media\/29028"}],"wp:attachment":[{"href":"https:\/\/paracherkaoui.ma\/index.php\/wp-json\/wp\/v2\/media?parent=28981"}],"wp:term":[{"taxonomy":"product_brand","embeddable":true,"href":"https:\/\/paracherkaoui.ma\/index.php\/wp-json\/wp\/v2\/product_brand?post=28981"},{"taxonomy":"product_cat","embeddable":true,"href":"https:\/\/paracherkaoui.ma\/index.php\/wp-json\/wp\/v2\/product_cat?post=28981"},{"taxonomy":"product_tag","embeddable":true,"href":"https:\/\/paracherkaoui.ma\/index.php\/wp-json\/wp\/v2\/product_tag?post=28981"}],"curies":[{"name":"wp","href":"https:\/\/api.w.org\/{rel}","templated":true}]}}