{"id":28973,"date":"2025-12-12T18:29:59","date_gmt":"2025-12-12T17:29:59","guid":{"rendered":"https:\/\/test.ecbeaute.com\/?post_type=product&#038;p=28973"},"modified":"2025-12-12T18:30:04","modified_gmt":"2025-12-12T17:30:04","slug":"filorga-ncef-reverse-yeux-soin-regard-multi-correction-supreme-2","status":"publish","type":"product","link":"https:\/\/paracherkaoui.ma\/index.php\/produit\/filorga-ncef-reverse-yeux-soin-regard-multi-correction-supreme-2\/","title":{"rendered":"FILORGA NCEF REVERSE YEUX SOIN REGARD MULTI CORRECTION SUPREME"},"content":{"rendered":"<p>Retrouvez un regard plus jeune en une semaine avec ce Soin Regard Mutli-Correction Supr\u00eame. Concentr\u00e9 en New Cellular Encapsulated Factor, formule au complexe polyrevitalisant, ce soin apporte une correction compl\u00e8te au niveau des rides, des cernes et des poches. Les 50 ingr\u00e9dients du complexe NCEF sont pr\u00e9sents en concentration comparable \u00e0 la m\u00e9so-injection et s&rsquo;associent \u00e0 5 actifs bien connus de la cosm\u00e9tique : l&rsquo;acide hyaluronique, le collag\u00e8ne, la vitamine C, l&rsquo;escine et la caf\u00e9ine.<br \/>\nCe cocktail d&rsquo;ingr\u00e9dients permet des r\u00e9sultats spectaculaires sur le contour de l&rsquo;\u0153il dont les rides seront liss\u00e9es, les cernes illumin\u00e9s, les poches repulp\u00e9es. Une correction intense au\u00a0c\u0153ur d&rsquo;une texture haute p\u00e9n\u00e9tration tr\u00e8s confortable.<br \/>\nConseils d&rsquo;utilisation<br \/>\nMatin et soir, d\u00e9posez une noisette de produits sur le bout du doigt et massez d\u00e9licatement le contour de l&rsquo;\u0153il : paupi\u00e8re sup\u00e9rieure, cernes, et ridules d&rsquo;expression. Veillez \u00e0 utiliser des mouvements doux afin de respecter cette zone particuli\u00e8rement sensible.<\/p>\n","protected":false},"excerpt":{"rendered":"<p>Retrouvez un regard plus jeune en une semaine avec ce Soin Regard Mutli-Correction Supr\u00eame. Concentr\u00e9 en New Cellular Encapsulated Factor,<\/p>\n","protected":false},"featured_media":14101,"comment_status":"open","ping_status":"closed","template":"","meta":[],"product_brand":[141],"product_cat":[545],"product_tag":[],"class_list":{"0":"post-28973","1":"product","2":"type-product","3":"status-publish","4":"has-post-thumbnail","6":"product_brand-filorga","7":"product_cat-soins-contours-yeux","9":"first","10":"instock","11":"sale","12":"shipping-taxable","13":"purchasable","14":"product-type-simple"},"yoast_head":"<!-- This site is optimized with the Yoast SEO plugin v26.6 - https:\/\/yoast.com\/wordpress\/plugins\/seo\/ -->\r\n<title>FILORGA NCEF REVERSE YEUX SOIN REGARD MULTI CORRECTION SUPREME - Paracherkaoui.ma<\/title>\r\n<meta name=\"robots\" content=\"index, follow, max-snippet:-1, max-image-preview:large, max-video-preview:-1\" \/>\r\n<link rel=\"canonical\" href=\"https:\/\/paracherkaoui.ma\/index.php\/produit\/filorga-ncef-reverse-yeux-soin-regard-multi-correction-supreme-2\/\" \/>\r\n<meta property=\"og:locale\" content=\"fr_FR\" \/>\r\n<meta property=\"og:type\" content=\"article\" \/>\r\n<meta property=\"og:title\" content=\"FILORGA NCEF REVERSE YEUX SOIN REGARD MULTI CORRECTION SUPREME - Paracherkaoui.ma\" \/>\r\n<meta property=\"og:description\" content=\"Retrouvez un regard plus jeune en une semaine avec ce Soin Regard Mutli-Correction Supr\u00eame. Concentr\u00e9 en New Cellular Encapsulated Factor,\" \/>\r\n<meta property=\"og:url\" content=\"https:\/\/paracherkaoui.ma\/index.php\/produit\/filorga-ncef-reverse-yeux-soin-regard-multi-correction-supreme-2\/\" \/>\r\n<meta property=\"og:site_name\" content=\"Paracherkaoui.ma\" \/>\r\n<meta property=\"article:modified_time\" content=\"2025-12-12T17:30:04+00:00\" \/>\r\n<meta property=\"og:image\" content=\"https:\/\/paracherkaoui.ma\/wp-content\/uploads\/2025\/12\/filorga-ncef-reverse-yeux-soin-regard-multi-correction-supreme.jpg\" \/>\r\n\t<meta property=\"og:image:width\" content=\"700\" \/>\r\n\t<meta property=\"og:image:height\" content=\"700\" \/>\r\n\t<meta property=\"og:image:type\" content=\"image\/jpeg\" \/>\r\n<meta name=\"twitter:card\" content=\"summary_large_image\" \/>\r\n<meta name=\"twitter:label1\" content=\"Dur\u00e9e de lecture estim\u00e9e\" \/>\n\t<meta name=\"twitter:data1\" content=\"1 minute\" \/>\r\n<script type=\"application\/ld+json\" class=\"yoast-schema-graph\">{\"@context\":\"https:\/\/schema.org\",\"@graph\":[{\"@type\":\"WebPage\",\"@id\":\"https:\/\/paracherkaoui.ma\/index.php\/produit\/filorga-ncef-reverse-yeux-soin-regard-multi-correction-supreme-2\/\",\"url\":\"https:\/\/paracherkaoui.ma\/index.php\/produit\/filorga-ncef-reverse-yeux-soin-regard-multi-correction-supreme-2\/\",\"name\":\"FILORGA NCEF REVERSE YEUX SOIN REGARD MULTI CORRECTION SUPREME - Paracherkaoui.ma\",\"isPartOf\":{\"@id\":\"https:\/\/paracherkaoui.ma\/#website\"},\"primaryImageOfPage\":{\"@id\":\"https:\/\/paracherkaoui.ma\/index.php\/produit\/filorga-ncef-reverse-yeux-soin-regard-multi-correction-supreme-2\/#primaryimage\"},\"image\":{\"@id\":\"https:\/\/paracherkaoui.ma\/index.php\/produit\/filorga-ncef-reverse-yeux-soin-regard-multi-correction-supreme-2\/#primaryimage\"},\"thumbnailUrl\":\"https:\/\/paracherkaoui.ma\/wp-content\/uploads\/2025\/12\/filorga-ncef-reverse-yeux-soin-regard-multi-correction-supreme.jpg\",\"datePublished\":\"2025-12-12T17:29:59+00:00\",\"dateModified\":\"2025-12-12T17:30:04+00:00\",\"breadcrumb\":{\"@id\":\"https:\/\/paracherkaoui.ma\/index.php\/produit\/filorga-ncef-reverse-yeux-soin-regard-multi-correction-supreme-2\/#breadcrumb\"},\"inLanguage\":\"fr-FR\",\"potentialAction\":[{\"@type\":\"ReadAction\",\"target\":[\"https:\/\/paracherkaoui.ma\/index.php\/produit\/filorga-ncef-reverse-yeux-soin-regard-multi-correction-supreme-2\/\"]}]},{\"@type\":\"ImageObject\",\"inLanguage\":\"fr-FR\",\"@id\":\"https:\/\/paracherkaoui.ma\/index.php\/produit\/filorga-ncef-reverse-yeux-soin-regard-multi-correction-supreme-2\/#primaryimage\",\"url\":\"https:\/\/paracherkaoui.ma\/wp-content\/uploads\/2025\/12\/filorga-ncef-reverse-yeux-soin-regard-multi-correction-supreme.jpg\",\"contentUrl\":\"https:\/\/paracherkaoui.ma\/wp-content\/uploads\/2025\/12\/filorga-ncef-reverse-yeux-soin-regard-multi-correction-supreme.jpg\",\"width\":700,\"height\":700},{\"@type\":\"BreadcrumbList\",\"@id\":\"https:\/\/paracherkaoui.ma\/index.php\/produit\/filorga-ncef-reverse-yeux-soin-regard-multi-correction-supreme-2\/#breadcrumb\",\"itemListElement\":[{\"@type\":\"ListItem\",\"position\":1,\"name\":\"Accueil\",\"item\":\"https:\/\/paracherkaoui.ma\/\"},{\"@type\":\"ListItem\",\"position\":2,\"name\":\"Boutique\",\"item\":\"https:\/\/paracherkaoui.ma\/index.php\/boutique\/\"},{\"@type\":\"ListItem\",\"position\":3,\"name\":\"FILORGA NCEF REVERSE YEUX SOIN REGARD MULTI CORRECTION SUPREME\"}]},{\"@type\":\"WebSite\",\"@id\":\"https:\/\/paracherkaoui.ma\/#website\",\"url\":\"https:\/\/paracherkaoui.ma\/\",\"name\":\"Paracherkaoui.ma\",\"description\":\"Achetez en ligne sur Paracherkaoui.ma\",\"potentialAction\":[{\"@type\":\"SearchAction\",\"target\":{\"@type\":\"EntryPoint\",\"urlTemplate\":\"https:\/\/paracherkaoui.ma\/?s={search_term_string}\"},\"query-input\":{\"@type\":\"PropertyValueSpecification\",\"valueRequired\":true,\"valueName\":\"search_term_string\"}}],\"inLanguage\":\"fr-FR\"}]}<\/script>\r\n<!-- \/ Yoast SEO plugin. -->","yoast_head_json":{"title":"FILORGA NCEF REVERSE YEUX SOIN REGARD MULTI CORRECTION SUPREME - Paracherkaoui.ma","robots":{"index":"index","follow":"follow","max-snippet":"max-snippet:-1","max-image-preview":"max-image-preview:large","max-video-preview":"max-video-preview:-1"},"canonical":"https:\/\/paracherkaoui.ma\/index.php\/produit\/filorga-ncef-reverse-yeux-soin-regard-multi-correction-supreme-2\/","og_locale":"fr_FR","og_type":"article","og_title":"FILORGA NCEF REVERSE YEUX SOIN REGARD MULTI CORRECTION SUPREME - Paracherkaoui.ma","og_description":"Retrouvez un regard plus jeune en une semaine avec ce Soin Regard Mutli-Correction Supr\u00eame. Concentr\u00e9 en New Cellular Encapsulated Factor,","og_url":"https:\/\/paracherkaoui.ma\/index.php\/produit\/filorga-ncef-reverse-yeux-soin-regard-multi-correction-supreme-2\/","og_site_name":"Paracherkaoui.ma","article_modified_time":"2025-12-12T17:30:04+00:00","og_image":[{"width":700,"height":700,"url":"https:\/\/paracherkaoui.ma\/wp-content\/uploads\/2025\/12\/filorga-ncef-reverse-yeux-soin-regard-multi-correction-supreme.jpg","type":"image\/jpeg"}],"twitter_card":"summary_large_image","twitter_misc":{"Dur\u00e9e de lecture estim\u00e9e":"1 minute"},"schema":{"@context":"https:\/\/schema.org","@graph":[{"@type":"WebPage","@id":"https:\/\/paracherkaoui.ma\/index.php\/produit\/filorga-ncef-reverse-yeux-soin-regard-multi-correction-supreme-2\/","url":"https:\/\/paracherkaoui.ma\/index.php\/produit\/filorga-ncef-reverse-yeux-soin-regard-multi-correction-supreme-2\/","name":"FILORGA NCEF REVERSE YEUX SOIN REGARD MULTI CORRECTION SUPREME - Paracherkaoui.ma","isPartOf":{"@id":"https:\/\/paracherkaoui.ma\/#website"},"primaryImageOfPage":{"@id":"https:\/\/paracherkaoui.ma\/index.php\/produit\/filorga-ncef-reverse-yeux-soin-regard-multi-correction-supreme-2\/#primaryimage"},"image":{"@id":"https:\/\/paracherkaoui.ma\/index.php\/produit\/filorga-ncef-reverse-yeux-soin-regard-multi-correction-supreme-2\/#primaryimage"},"thumbnailUrl":"https:\/\/paracherkaoui.ma\/wp-content\/uploads\/2025\/12\/filorga-ncef-reverse-yeux-soin-regard-multi-correction-supreme.jpg","datePublished":"2025-12-12T17:29:59+00:00","dateModified":"2025-12-12T17:30:04+00:00","breadcrumb":{"@id":"https:\/\/paracherkaoui.ma\/index.php\/produit\/filorga-ncef-reverse-yeux-soin-regard-multi-correction-supreme-2\/#breadcrumb"},"inLanguage":"fr-FR","potentialAction":[{"@type":"ReadAction","target":["https:\/\/paracherkaoui.ma\/index.php\/produit\/filorga-ncef-reverse-yeux-soin-regard-multi-correction-supreme-2\/"]}]},{"@type":"ImageObject","inLanguage":"fr-FR","@id":"https:\/\/paracherkaoui.ma\/index.php\/produit\/filorga-ncef-reverse-yeux-soin-regard-multi-correction-supreme-2\/#primaryimage","url":"https:\/\/paracherkaoui.ma\/wp-content\/uploads\/2025\/12\/filorga-ncef-reverse-yeux-soin-regard-multi-correction-supreme.jpg","contentUrl":"https:\/\/paracherkaoui.ma\/wp-content\/uploads\/2025\/12\/filorga-ncef-reverse-yeux-soin-regard-multi-correction-supreme.jpg","width":700,"height":700},{"@type":"BreadcrumbList","@id":"https:\/\/paracherkaoui.ma\/index.php\/produit\/filorga-ncef-reverse-yeux-soin-regard-multi-correction-supreme-2\/#breadcrumb","itemListElement":[{"@type":"ListItem","position":1,"name":"Accueil","item":"https:\/\/paracherkaoui.ma\/"},{"@type":"ListItem","position":2,"name":"Boutique","item":"https:\/\/paracherkaoui.ma\/index.php\/boutique\/"},{"@type":"ListItem","position":3,"name":"FILORGA NCEF REVERSE YEUX SOIN REGARD MULTI CORRECTION SUPREME"}]},{"@type":"WebSite","@id":"https:\/\/paracherkaoui.ma\/#website","url":"https:\/\/paracherkaoui.ma\/","name":"Paracherkaoui.ma","description":"Achetez en ligne sur Paracherkaoui.ma","potentialAction":[{"@type":"SearchAction","target":{"@type":"EntryPoint","urlTemplate":"https:\/\/paracherkaoui.ma\/?s={search_term_string}"},"query-input":{"@type":"PropertyValueSpecification","valueRequired":true,"valueName":"search_term_string"}}],"inLanguage":"fr-FR"}]}},"_links":{"self":[{"href":"https:\/\/paracherkaoui.ma\/index.php\/wp-json\/wp\/v2\/product\/28973","targetHints":{"allow":["GET"]}}],"collection":[{"href":"https:\/\/paracherkaoui.ma\/index.php\/wp-json\/wp\/v2\/product"}],"about":[{"href":"https:\/\/paracherkaoui.ma\/index.php\/wp-json\/wp\/v2\/types\/product"}],"replies":[{"embeddable":true,"href":"https:\/\/paracherkaoui.ma\/index.php\/wp-json\/wp\/v2\/comments?post=28973"}],"version-history":[{"count":1,"href":"https:\/\/paracherkaoui.ma\/index.php\/wp-json\/wp\/v2\/product\/28973\/revisions"}],"predecessor-version":[{"id":29017,"href":"https:\/\/paracherkaoui.ma\/index.php\/wp-json\/wp\/v2\/product\/28973\/revisions\/29017"}],"wp:featuredmedia":[{"embeddable":true,"href":"https:\/\/paracherkaoui.ma\/index.php\/wp-json\/wp\/v2\/media\/14101"}],"wp:attachment":[{"href":"https:\/\/paracherkaoui.ma\/index.php\/wp-json\/wp\/v2\/media?parent=28973"}],"wp:term":[{"taxonomy":"product_brand","embeddable":true,"href":"https:\/\/paracherkaoui.ma\/index.php\/wp-json\/wp\/v2\/product_brand?post=28973"},{"taxonomy":"product_cat","embeddable":true,"href":"https:\/\/paracherkaoui.ma\/index.php\/wp-json\/wp\/v2\/product_cat?post=28973"},{"taxonomy":"product_tag","embeddable":true,"href":"https:\/\/paracherkaoui.ma\/index.php\/wp-json\/wp\/v2\/product_tag?post=28973"}],"curies":[{"name":"wp","href":"https:\/\/api.w.org\/{rel}","templated":true}]}}