{"id":28903,"date":"2025-12-12T18:29:52","date_gmt":"2025-12-12T17:29:52","guid":{"rendered":"https:\/\/test.ecbeaute.com\/?post_type=product&#038;p=28903"},"modified":"2025-12-12T18:29:57","modified_gmt":"2025-12-12T17:29:57","slug":"bioderma-atoderm-intensive-soin-yeux-anti-irritations-3-en1-100-ml-3","status":"publish","type":"product","link":"https:\/\/paracherkaoui.ma\/index.php\/produit\/bioderma-atoderm-intensive-soin-yeux-anti-irritations-3-en1-100-ml-3\/","title":{"rendered":"BIODERMA ATODERM INTENSIVE SOIN YEUX ANTI IRRITATIONS 3 EN1 100 ML"},"content":{"rendered":"<p>Description:<br \/>\nLe soin anti-irritations 3-en-1 de Bioderma Atoderm Intensive eye a \u00e9t\u00e9 con\u00e7u pour soulager la peau des paupi\u00e8res et du contour des yeux. Elle a \u00e9galement une action r\u00e9paratrice et elle peut servir de d\u00e9maquillant.\u00a0La peau des paupi\u00e8res et du contour des yeux est tr\u00e8s sensible. Pour les personnes souffrant de s\u00e9cheresse de la peau ou d&rsquo;atopie, elle peut aussi devenir tr\u00e8s d\u00e9sagr\u00e9able et inconfortable. En effet, la peau s\u00e8che est mal prot\u00e9g\u00e9e et elle va r\u00e9agir trop fortement aux \u00e9l\u00e9ments ext\u00e9rieurs. La peau atopique est sensible aux allerg\u00e8nes pr\u00e9sents dans l&rsquo;environnement, m\u00eame en quantit\u00e9 infime. Les paupi\u00e8res irrit\u00e9es doivent donc b\u00e9n\u00e9ficier d&rsquo;une attention particuli\u00e8re.\u00a0 C&rsquo;est ce que propose Bioderma Atoderm Intensive avec son soin anti-irritations 3-en-1. Il va hydrater la peau gr\u00e2ce \u00e0 sa formule \u00e0 la glyc\u00e9rine. Celle-ci va \u00e9galement aider \u00e0 renforcer ses d\u00e9fenses. Il int\u00e8gre le complexe brevet\u00e9 Skin barrier therapy, qui va r\u00e9duire l&rsquo;adh\u00e9sion de germes nocifs susceptibles d&rsquo;aggraver la s\u00e9cheresse de la peau. Il contient la technologie Lipigenium, qui contient des acides gras et des c\u00e9ramides. Elle va permettre la cr\u00e9ation d&rsquo;un film de protection \u00e0 la surface de la peau irrit\u00e9e. Enfin, ce soin apporte de l&rsquo;enoxolone, un actif anti-inflammatoire qui va r\u00e9duire les d\u00e9mangeaisons.<\/p>\n<p>Conseils d&rsquo;utilisation:<br \/>\nLe matin, cette cr\u00e8me autorise le maquillage. Le soir, utilis\u00e9e avec un coton, elle peut servir de d\u00e9maquillant.\u00a0Sa texture gel-cr\u00e8me est onctueuse, ne colle pas et p\u00e9n\u00e8tre efficacement la peau . Utiliser 1 \u00e0 2 fois par jour.Appliquer sur les paupi\u00e8res irrit\u00e9es.<\/p>\n","protected":false},"excerpt":{"rendered":"<p>Description: Le soin anti-irritations 3-en-1 de Bioderma Atoderm Intensive eye a \u00e9t\u00e9 con\u00e7u pour soulager la peau des paupi\u00e8res et<\/p>\n","protected":false},"featured_media":11244,"comment_status":"open","ping_status":"closed","template":"","meta":[],"product_brand":[137],"product_cat":[545],"product_tag":[],"class_list":{"0":"post-28903","1":"product","2":"type-product","3":"status-publish","4":"has-post-thumbnail","6":"product_brand-bioderma","7":"product_cat-soins-contours-yeux","9":"first","10":"instock","11":"sale","12":"shipping-taxable","13":"purchasable","14":"product-type-simple"},"yoast_head":"<!-- This site is optimized with the Yoast SEO plugin v26.6 - https:\/\/yoast.com\/wordpress\/plugins\/seo\/ -->\r\n<title>BIODERMA ATODERM INTENSIVE SOIN YEUX ANTI IRRITATIONS 3 EN1 100 ML - Paracherkaoui.ma<\/title>\r\n<meta name=\"robots\" content=\"index, follow, max-snippet:-1, max-image-preview:large, max-video-preview:-1\" \/>\r\n<link rel=\"canonical\" href=\"https:\/\/paracherkaoui.ma\/index.php\/produit\/bioderma-atoderm-intensive-soin-yeux-anti-irritations-3-en1-100-ml-3\/\" \/>\r\n<meta property=\"og:locale\" content=\"fr_FR\" \/>\r\n<meta property=\"og:type\" content=\"article\" \/>\r\n<meta property=\"og:title\" content=\"BIODERMA ATODERM INTENSIVE SOIN YEUX ANTI IRRITATIONS 3 EN1 100 ML - Paracherkaoui.ma\" \/>\r\n<meta property=\"og:description\" content=\"Description: Le soin anti-irritations 3-en-1 de Bioderma Atoderm Intensive eye a \u00e9t\u00e9 con\u00e7u pour soulager la peau des paupi\u00e8res et\" \/>\r\n<meta property=\"og:url\" content=\"https:\/\/paracherkaoui.ma\/index.php\/produit\/bioderma-atoderm-intensive-soin-yeux-anti-irritations-3-en1-100-ml-3\/\" \/>\r\n<meta property=\"og:site_name\" content=\"Paracherkaoui.ma\" \/>\r\n<meta property=\"article:modified_time\" content=\"2025-12-12T17:29:57+00:00\" \/>\r\n<meta property=\"og:image\" content=\"https:\/\/paracherkaoui.ma\/wp-content\/uploads\/2025\/12\/bioderma-bioderma-atoderm-intensive-soin-yeux-anti-irritations-3-en1-100-ml-yeux.jpg\" \/>\r\n\t<meta property=\"og:image:width\" content=\"700\" \/>\r\n\t<meta property=\"og:image:height\" content=\"700\" \/>\r\n\t<meta property=\"og:image:type\" content=\"image\/jpeg\" \/>\r\n<meta name=\"twitter:card\" content=\"summary_large_image\" \/>\r\n<meta name=\"twitter:label1\" content=\"Dur\u00e9e de lecture estim\u00e9e\" \/>\n\t<meta name=\"twitter:data1\" content=\"1 minute\" \/>\r\n<script type=\"application\/ld+json\" class=\"yoast-schema-graph\">{\"@context\":\"https:\/\/schema.org\",\"@graph\":[{\"@type\":\"WebPage\",\"@id\":\"https:\/\/paracherkaoui.ma\/index.php\/produit\/bioderma-atoderm-intensive-soin-yeux-anti-irritations-3-en1-100-ml-3\/\",\"url\":\"https:\/\/paracherkaoui.ma\/index.php\/produit\/bioderma-atoderm-intensive-soin-yeux-anti-irritations-3-en1-100-ml-3\/\",\"name\":\"BIODERMA ATODERM INTENSIVE SOIN YEUX ANTI IRRITATIONS 3 EN1 100 ML - Paracherkaoui.ma\",\"isPartOf\":{\"@id\":\"https:\/\/paracherkaoui.ma\/#website\"},\"primaryImageOfPage\":{\"@id\":\"https:\/\/paracherkaoui.ma\/index.php\/produit\/bioderma-atoderm-intensive-soin-yeux-anti-irritations-3-en1-100-ml-3\/#primaryimage\"},\"image\":{\"@id\":\"https:\/\/paracherkaoui.ma\/index.php\/produit\/bioderma-atoderm-intensive-soin-yeux-anti-irritations-3-en1-100-ml-3\/#primaryimage\"},\"thumbnailUrl\":\"https:\/\/paracherkaoui.ma\/wp-content\/uploads\/2025\/12\/bioderma-bioderma-atoderm-intensive-soin-yeux-anti-irritations-3-en1-100-ml-yeux.jpg\",\"datePublished\":\"2025-12-12T17:29:52+00:00\",\"dateModified\":\"2025-12-12T17:29:57+00:00\",\"breadcrumb\":{\"@id\":\"https:\/\/paracherkaoui.ma\/index.php\/produit\/bioderma-atoderm-intensive-soin-yeux-anti-irritations-3-en1-100-ml-3\/#breadcrumb\"},\"inLanguage\":\"fr-FR\",\"potentialAction\":[{\"@type\":\"ReadAction\",\"target\":[\"https:\/\/paracherkaoui.ma\/index.php\/produit\/bioderma-atoderm-intensive-soin-yeux-anti-irritations-3-en1-100-ml-3\/\"]}]},{\"@type\":\"ImageObject\",\"inLanguage\":\"fr-FR\",\"@id\":\"https:\/\/paracherkaoui.ma\/index.php\/produit\/bioderma-atoderm-intensive-soin-yeux-anti-irritations-3-en1-100-ml-3\/#primaryimage\",\"url\":\"https:\/\/paracherkaoui.ma\/wp-content\/uploads\/2025\/12\/bioderma-bioderma-atoderm-intensive-soin-yeux-anti-irritations-3-en1-100-ml-yeux.jpg\",\"contentUrl\":\"https:\/\/paracherkaoui.ma\/wp-content\/uploads\/2025\/12\/bioderma-bioderma-atoderm-intensive-soin-yeux-anti-irritations-3-en1-100-ml-yeux.jpg\",\"width\":700,\"height\":700},{\"@type\":\"BreadcrumbList\",\"@id\":\"https:\/\/paracherkaoui.ma\/index.php\/produit\/bioderma-atoderm-intensive-soin-yeux-anti-irritations-3-en1-100-ml-3\/#breadcrumb\",\"itemListElement\":[{\"@type\":\"ListItem\",\"position\":1,\"name\":\"Accueil\",\"item\":\"https:\/\/paracherkaoui.ma\/\"},{\"@type\":\"ListItem\",\"position\":2,\"name\":\"Boutique\",\"item\":\"https:\/\/paracherkaoui.ma\/index.php\/boutique\/\"},{\"@type\":\"ListItem\",\"position\":3,\"name\":\"BIODERMA ATODERM INTENSIVE SOIN YEUX ANTI IRRITATIONS 3 EN1 100 ML\"}]},{\"@type\":\"WebSite\",\"@id\":\"https:\/\/paracherkaoui.ma\/#website\",\"url\":\"https:\/\/paracherkaoui.ma\/\",\"name\":\"Paracherkaoui.ma\",\"description\":\"Achetez en ligne sur Paracherkaoui.ma\",\"potentialAction\":[{\"@type\":\"SearchAction\",\"target\":{\"@type\":\"EntryPoint\",\"urlTemplate\":\"https:\/\/paracherkaoui.ma\/?s={search_term_string}\"},\"query-input\":{\"@type\":\"PropertyValueSpecification\",\"valueRequired\":true,\"valueName\":\"search_term_string\"}}],\"inLanguage\":\"fr-FR\"}]}<\/script>\r\n<!-- \/ Yoast SEO plugin. -->","yoast_head_json":{"title":"BIODERMA ATODERM INTENSIVE SOIN YEUX ANTI IRRITATIONS 3 EN1 100 ML - Paracherkaoui.ma","robots":{"index":"index","follow":"follow","max-snippet":"max-snippet:-1","max-image-preview":"max-image-preview:large","max-video-preview":"max-video-preview:-1"},"canonical":"https:\/\/paracherkaoui.ma\/index.php\/produit\/bioderma-atoderm-intensive-soin-yeux-anti-irritations-3-en1-100-ml-3\/","og_locale":"fr_FR","og_type":"article","og_title":"BIODERMA ATODERM INTENSIVE SOIN YEUX ANTI IRRITATIONS 3 EN1 100 ML - Paracherkaoui.ma","og_description":"Description: Le soin anti-irritations 3-en-1 de Bioderma Atoderm Intensive eye a \u00e9t\u00e9 con\u00e7u pour soulager la peau des paupi\u00e8res et","og_url":"https:\/\/paracherkaoui.ma\/index.php\/produit\/bioderma-atoderm-intensive-soin-yeux-anti-irritations-3-en1-100-ml-3\/","og_site_name":"Paracherkaoui.ma","article_modified_time":"2025-12-12T17:29:57+00:00","og_image":[{"width":700,"height":700,"url":"https:\/\/paracherkaoui.ma\/wp-content\/uploads\/2025\/12\/bioderma-bioderma-atoderm-intensive-soin-yeux-anti-irritations-3-en1-100-ml-yeux.jpg","type":"image\/jpeg"}],"twitter_card":"summary_large_image","twitter_misc":{"Dur\u00e9e de lecture estim\u00e9e":"1 minute"},"schema":{"@context":"https:\/\/schema.org","@graph":[{"@type":"WebPage","@id":"https:\/\/paracherkaoui.ma\/index.php\/produit\/bioderma-atoderm-intensive-soin-yeux-anti-irritations-3-en1-100-ml-3\/","url":"https:\/\/paracherkaoui.ma\/index.php\/produit\/bioderma-atoderm-intensive-soin-yeux-anti-irritations-3-en1-100-ml-3\/","name":"BIODERMA ATODERM INTENSIVE SOIN YEUX ANTI IRRITATIONS 3 EN1 100 ML - Paracherkaoui.ma","isPartOf":{"@id":"https:\/\/paracherkaoui.ma\/#website"},"primaryImageOfPage":{"@id":"https:\/\/paracherkaoui.ma\/index.php\/produit\/bioderma-atoderm-intensive-soin-yeux-anti-irritations-3-en1-100-ml-3\/#primaryimage"},"image":{"@id":"https:\/\/paracherkaoui.ma\/index.php\/produit\/bioderma-atoderm-intensive-soin-yeux-anti-irritations-3-en1-100-ml-3\/#primaryimage"},"thumbnailUrl":"https:\/\/paracherkaoui.ma\/wp-content\/uploads\/2025\/12\/bioderma-bioderma-atoderm-intensive-soin-yeux-anti-irritations-3-en1-100-ml-yeux.jpg","datePublished":"2025-12-12T17:29:52+00:00","dateModified":"2025-12-12T17:29:57+00:00","breadcrumb":{"@id":"https:\/\/paracherkaoui.ma\/index.php\/produit\/bioderma-atoderm-intensive-soin-yeux-anti-irritations-3-en1-100-ml-3\/#breadcrumb"},"inLanguage":"fr-FR","potentialAction":[{"@type":"ReadAction","target":["https:\/\/paracherkaoui.ma\/index.php\/produit\/bioderma-atoderm-intensive-soin-yeux-anti-irritations-3-en1-100-ml-3\/"]}]},{"@type":"ImageObject","inLanguage":"fr-FR","@id":"https:\/\/paracherkaoui.ma\/index.php\/produit\/bioderma-atoderm-intensive-soin-yeux-anti-irritations-3-en1-100-ml-3\/#primaryimage","url":"https:\/\/paracherkaoui.ma\/wp-content\/uploads\/2025\/12\/bioderma-bioderma-atoderm-intensive-soin-yeux-anti-irritations-3-en1-100-ml-yeux.jpg","contentUrl":"https:\/\/paracherkaoui.ma\/wp-content\/uploads\/2025\/12\/bioderma-bioderma-atoderm-intensive-soin-yeux-anti-irritations-3-en1-100-ml-yeux.jpg","width":700,"height":700},{"@type":"BreadcrumbList","@id":"https:\/\/paracherkaoui.ma\/index.php\/produit\/bioderma-atoderm-intensive-soin-yeux-anti-irritations-3-en1-100-ml-3\/#breadcrumb","itemListElement":[{"@type":"ListItem","position":1,"name":"Accueil","item":"https:\/\/paracherkaoui.ma\/"},{"@type":"ListItem","position":2,"name":"Boutique","item":"https:\/\/paracherkaoui.ma\/index.php\/boutique\/"},{"@type":"ListItem","position":3,"name":"BIODERMA ATODERM INTENSIVE SOIN YEUX ANTI IRRITATIONS 3 EN1 100 ML"}]},{"@type":"WebSite","@id":"https:\/\/paracherkaoui.ma\/#website","url":"https:\/\/paracherkaoui.ma\/","name":"Paracherkaoui.ma","description":"Achetez en ligne sur Paracherkaoui.ma","potentialAction":[{"@type":"SearchAction","target":{"@type":"EntryPoint","urlTemplate":"https:\/\/paracherkaoui.ma\/?s={search_term_string}"},"query-input":{"@type":"PropertyValueSpecification","valueRequired":true,"valueName":"search_term_string"}}],"inLanguage":"fr-FR"}]}},"_links":{"self":[{"href":"https:\/\/paracherkaoui.ma\/index.php\/wp-json\/wp\/v2\/product\/28903","targetHints":{"allow":["GET"]}}],"collection":[{"href":"https:\/\/paracherkaoui.ma\/index.php\/wp-json\/wp\/v2\/product"}],"about":[{"href":"https:\/\/paracherkaoui.ma\/index.php\/wp-json\/wp\/v2\/types\/product"}],"replies":[{"embeddable":true,"href":"https:\/\/paracherkaoui.ma\/index.php\/wp-json\/wp\/v2\/comments?post=28903"}],"version-history":[{"count":1,"href":"https:\/\/paracherkaoui.ma\/index.php\/wp-json\/wp\/v2\/product\/28903\/revisions"}],"predecessor-version":[{"id":28944,"href":"https:\/\/paracherkaoui.ma\/index.php\/wp-json\/wp\/v2\/product\/28903\/revisions\/28944"}],"wp:featuredmedia":[{"embeddable":true,"href":"https:\/\/paracherkaoui.ma\/index.php\/wp-json\/wp\/v2\/media\/11244"}],"wp:attachment":[{"href":"https:\/\/paracherkaoui.ma\/index.php\/wp-json\/wp\/v2\/media?parent=28903"}],"wp:term":[{"taxonomy":"product_brand","embeddable":true,"href":"https:\/\/paracherkaoui.ma\/index.php\/wp-json\/wp\/v2\/product_brand?post=28903"},{"taxonomy":"product_cat","embeddable":true,"href":"https:\/\/paracherkaoui.ma\/index.php\/wp-json\/wp\/v2\/product_cat?post=28903"},{"taxonomy":"product_tag","embeddable":true,"href":"https:\/\/paracherkaoui.ma\/index.php\/wp-json\/wp\/v2\/product_tag?post=28903"}],"curies":[{"name":"wp","href":"https:\/\/api.w.org\/{rel}","templated":true}]}}