{"id":28117,"date":"2025-12-12T18:28:08","date_gmt":"2025-12-12T17:28:08","guid":{"rendered":"https:\/\/test.ecbeaute.com\/?post_type=product&#038;p=28117"},"modified":"2025-12-12T18:28:10","modified_gmt":"2025-12-12T17:28:10","slug":"bioderma-atoderm-creme-ultra-hydratante-ultra-nourrissante-peaux-sensibles-normales-a-seches-200-ml-5","status":"publish","type":"product","link":"https:\/\/paracherkaoui.ma\/index.php\/produit\/bioderma-atoderm-creme-ultra-hydratante-ultra-nourrissante-peaux-sensibles-normales-a-seches-200-ml-5\/","title":{"rendered":"BIODERMA ATODERM CREME ULTRA HYDRATANTE ULTRA NOURRISSANTE PEAUX SENSIBLES NORMALES A SECHES 200 ML"},"content":{"rendered":"<p>Description:<br \/>\nLe soin barri\u00e8re quotidien nourrissant restructurant et hydratant des peaux sensibles s\u00e8ches \u00e0 tr\u00e8s s\u00e8ches.\u2022\u00a0Gr\u00e2ce \u00e0 ses actifs nourrissants et restructurants,\u00a0Atoderm\u00a0Cr\u00e8me\u00a0renforce la structure de la barri\u00e8re cutan\u00e9e et freine ainsi la p\u00e9n\u00e9tration d\u2019agents irritants.\u00a0\u2022Enrichi en agents hydratants,\u00a0Atoderm\u00a0Cr\u00e8me\u00a0fixe l\u2019eau dans les couches sup\u00e9rieures de l\u2019\u00e9piderme et \u00e9vite son \u00e9vaporation. Le complexe naturel brevet\u00e9\u00a0D.A.F.* augmente le seuil de tol\u00e9rance de la peau. Bien hydrat\u00e9e et plus r\u00e9sistante, la peau retrouve douceur et souplesse d\u00e8s la premi\u00e8re application.\u2022\u00a0La texture onctueuse d\u2019Atoderm\u00a0Cr\u00e8me\u00a0apporte un confort imm\u00e9diat.<br \/>\nConseils d&rsquo;utilisation<br \/>\n\u2022\u00a0Appliquez\u00a0Atoderm\u00a0Cr\u00e8me\u00a01 \u00e0 2 fois par jour sur une peau pr\u00e9alablement nettoy\u00e9e avec Atoderm Gel douche ou Atoderm Cr\u00e8me lavante et d\u00e9licatement s\u00e9ch\u00e9e.\u2022\u00a0L\u2019effet hydratant d\u2019Atoderm\u00a0Cr\u00e8me\u00a0est optimis\u00e9 si vous l\u2019appliquez sur une peau l\u00e9g\u00e8rement humidifi\u00e9e (apr\u00e8s un bain, une douche ou une brumisation).<\/p>\n","protected":false},"excerpt":{"rendered":"<p>Description: Le soin barri\u00e8re quotidien nourrissant restructurant et hydratant des peaux sensibles s\u00e8ches \u00e0 tr\u00e8s s\u00e8ches.\u2022\u00a0Gr\u00e2ce \u00e0 ses actifs nourrissants<\/p>\n","protected":false},"featured_media":11258,"comment_status":"open","ping_status":"closed","template":"","meta":[],"product_brand":[137],"product_cat":[534],"product_tag":[],"class_list":{"0":"post-28117","1":"product","2":"type-product","3":"status-publish","4":"has-post-thumbnail","6":"product_brand-bioderma","7":"product_cat-cremes-nuit","9":"first","10":"instock","11":"sale","12":"shipping-taxable","13":"purchasable","14":"product-type-simple"},"yoast_head":"<!-- This site is optimized with the Yoast SEO plugin v26.6 - https:\/\/yoast.com\/wordpress\/plugins\/seo\/ -->\r\n<title>BIODERMA ATODERM CREME ULTRA HYDRATANTE ULTRA NOURRISSANTE PEAUX SENSIBLES NORMALES A SECHES 200 ML - Paracherkaoui.ma<\/title>\r\n<meta name=\"robots\" content=\"index, follow, max-snippet:-1, max-image-preview:large, max-video-preview:-1\" \/>\r\n<link rel=\"canonical\" href=\"https:\/\/paracherkaoui.ma\/index.php\/produit\/bioderma-atoderm-creme-ultra-hydratante-ultra-nourrissante-peaux-sensibles-normales-a-seches-200-ml-5\/\" \/>\r\n<meta property=\"og:locale\" content=\"fr_FR\" \/>\r\n<meta property=\"og:type\" content=\"article\" \/>\r\n<meta property=\"og:title\" content=\"BIODERMA ATODERM CREME ULTRA HYDRATANTE ULTRA NOURRISSANTE PEAUX SENSIBLES NORMALES A SECHES 200 ML - Paracherkaoui.ma\" \/>\r\n<meta property=\"og:description\" content=\"Description: Le soin barri\u00e8re quotidien nourrissant restructurant et hydratant des peaux sensibles s\u00e8ches \u00e0 tr\u00e8s s\u00e8ches.\u2022\u00a0Gr\u00e2ce \u00e0 ses actifs nourrissants\" \/>\r\n<meta property=\"og:url\" content=\"https:\/\/paracherkaoui.ma\/index.php\/produit\/bioderma-atoderm-creme-ultra-hydratante-ultra-nourrissante-peaux-sensibles-normales-a-seches-200-ml-5\/\" \/>\r\n<meta property=\"og:site_name\" content=\"Paracherkaoui.ma\" \/>\r\n<meta property=\"article:modified_time\" content=\"2025-12-12T17:28:10+00:00\" \/>\r\n<meta property=\"og:image\" content=\"https:\/\/paracherkaoui.ma\/wp-content\/uploads\/2025\/12\/bioderma-bioderma-atoderm-creme-ultra-hydratante-ultra-nourrissante-peaux-sensibles-normales-a-seches-200-ml-cremes-jour.jpg\" \/>\r\n\t<meta property=\"og:image:width\" content=\"700\" \/>\r\n\t<meta property=\"og:image:height\" content=\"700\" \/>\r\n\t<meta property=\"og:image:type\" content=\"image\/jpeg\" \/>\r\n<meta name=\"twitter:card\" content=\"summary_large_image\" \/>\r\n<meta name=\"twitter:label1\" content=\"Dur\u00e9e de lecture estim\u00e9e\" \/>\n\t<meta name=\"twitter:data1\" content=\"1 minute\" \/>\r\n<script type=\"application\/ld+json\" class=\"yoast-schema-graph\">{\"@context\":\"https:\/\/schema.org\",\"@graph\":[{\"@type\":\"WebPage\",\"@id\":\"https:\/\/paracherkaoui.ma\/index.php\/produit\/bioderma-atoderm-creme-ultra-hydratante-ultra-nourrissante-peaux-sensibles-normales-a-seches-200-ml-5\/\",\"url\":\"https:\/\/paracherkaoui.ma\/index.php\/produit\/bioderma-atoderm-creme-ultra-hydratante-ultra-nourrissante-peaux-sensibles-normales-a-seches-200-ml-5\/\",\"name\":\"BIODERMA ATODERM CREME ULTRA HYDRATANTE ULTRA NOURRISSANTE PEAUX SENSIBLES NORMALES A SECHES 200 ML - Paracherkaoui.ma\",\"isPartOf\":{\"@id\":\"https:\/\/paracherkaoui.ma\/#website\"},\"primaryImageOfPage\":{\"@id\":\"https:\/\/paracherkaoui.ma\/index.php\/produit\/bioderma-atoderm-creme-ultra-hydratante-ultra-nourrissante-peaux-sensibles-normales-a-seches-200-ml-5\/#primaryimage\"},\"image\":{\"@id\":\"https:\/\/paracherkaoui.ma\/index.php\/produit\/bioderma-atoderm-creme-ultra-hydratante-ultra-nourrissante-peaux-sensibles-normales-a-seches-200-ml-5\/#primaryimage\"},\"thumbnailUrl\":\"https:\/\/paracherkaoui.ma\/wp-content\/uploads\/2025\/12\/bioderma-bioderma-atoderm-creme-ultra-hydratante-ultra-nourrissante-peaux-sensibles-normales-a-seches-200-ml-cremes-jour.jpg\",\"datePublished\":\"2025-12-12T17:28:08+00:00\",\"dateModified\":\"2025-12-12T17:28:10+00:00\",\"breadcrumb\":{\"@id\":\"https:\/\/paracherkaoui.ma\/index.php\/produit\/bioderma-atoderm-creme-ultra-hydratante-ultra-nourrissante-peaux-sensibles-normales-a-seches-200-ml-5\/#breadcrumb\"},\"inLanguage\":\"fr-FR\",\"potentialAction\":[{\"@type\":\"ReadAction\",\"target\":[\"https:\/\/paracherkaoui.ma\/index.php\/produit\/bioderma-atoderm-creme-ultra-hydratante-ultra-nourrissante-peaux-sensibles-normales-a-seches-200-ml-5\/\"]}]},{\"@type\":\"ImageObject\",\"inLanguage\":\"fr-FR\",\"@id\":\"https:\/\/paracherkaoui.ma\/index.php\/produit\/bioderma-atoderm-creme-ultra-hydratante-ultra-nourrissante-peaux-sensibles-normales-a-seches-200-ml-5\/#primaryimage\",\"url\":\"https:\/\/paracherkaoui.ma\/wp-content\/uploads\/2025\/12\/bioderma-bioderma-atoderm-creme-ultra-hydratante-ultra-nourrissante-peaux-sensibles-normales-a-seches-200-ml-cremes-jour.jpg\",\"contentUrl\":\"https:\/\/paracherkaoui.ma\/wp-content\/uploads\/2025\/12\/bioderma-bioderma-atoderm-creme-ultra-hydratante-ultra-nourrissante-peaux-sensibles-normales-a-seches-200-ml-cremes-jour.jpg\",\"width\":700,\"height\":700},{\"@type\":\"BreadcrumbList\",\"@id\":\"https:\/\/paracherkaoui.ma\/index.php\/produit\/bioderma-atoderm-creme-ultra-hydratante-ultra-nourrissante-peaux-sensibles-normales-a-seches-200-ml-5\/#breadcrumb\",\"itemListElement\":[{\"@type\":\"ListItem\",\"position\":1,\"name\":\"Accueil\",\"item\":\"https:\/\/paracherkaoui.ma\/\"},{\"@type\":\"ListItem\",\"position\":2,\"name\":\"Boutique\",\"item\":\"https:\/\/paracherkaoui.ma\/index.php\/boutique\/\"},{\"@type\":\"ListItem\",\"position\":3,\"name\":\"BIODERMA ATODERM CREME ULTRA HYDRATANTE ULTRA NOURRISSANTE PEAUX SENSIBLES NORMALES A SECHES 200 ML\"}]},{\"@type\":\"WebSite\",\"@id\":\"https:\/\/paracherkaoui.ma\/#website\",\"url\":\"https:\/\/paracherkaoui.ma\/\",\"name\":\"Paracherkaoui.ma\",\"description\":\"Achetez en ligne sur Paracherkaoui.ma\",\"potentialAction\":[{\"@type\":\"SearchAction\",\"target\":{\"@type\":\"EntryPoint\",\"urlTemplate\":\"https:\/\/paracherkaoui.ma\/?s={search_term_string}\"},\"query-input\":{\"@type\":\"PropertyValueSpecification\",\"valueRequired\":true,\"valueName\":\"search_term_string\"}}],\"inLanguage\":\"fr-FR\"}]}<\/script>\r\n<!-- \/ Yoast SEO plugin. -->","yoast_head_json":{"title":"BIODERMA ATODERM CREME ULTRA HYDRATANTE ULTRA NOURRISSANTE PEAUX SENSIBLES NORMALES A SECHES 200 ML - Paracherkaoui.ma","robots":{"index":"index","follow":"follow","max-snippet":"max-snippet:-1","max-image-preview":"max-image-preview:large","max-video-preview":"max-video-preview:-1"},"canonical":"https:\/\/paracherkaoui.ma\/index.php\/produit\/bioderma-atoderm-creme-ultra-hydratante-ultra-nourrissante-peaux-sensibles-normales-a-seches-200-ml-5\/","og_locale":"fr_FR","og_type":"article","og_title":"BIODERMA ATODERM CREME ULTRA HYDRATANTE ULTRA NOURRISSANTE PEAUX SENSIBLES NORMALES A SECHES 200 ML - Paracherkaoui.ma","og_description":"Description: Le soin barri\u00e8re quotidien nourrissant restructurant et hydratant des peaux sensibles s\u00e8ches \u00e0 tr\u00e8s s\u00e8ches.\u2022\u00a0Gr\u00e2ce \u00e0 ses actifs nourrissants","og_url":"https:\/\/paracherkaoui.ma\/index.php\/produit\/bioderma-atoderm-creme-ultra-hydratante-ultra-nourrissante-peaux-sensibles-normales-a-seches-200-ml-5\/","og_site_name":"Paracherkaoui.ma","article_modified_time":"2025-12-12T17:28:10+00:00","og_image":[{"width":700,"height":700,"url":"https:\/\/paracherkaoui.ma\/wp-content\/uploads\/2025\/12\/bioderma-bioderma-atoderm-creme-ultra-hydratante-ultra-nourrissante-peaux-sensibles-normales-a-seches-200-ml-cremes-jour.jpg","type":"image\/jpeg"}],"twitter_card":"summary_large_image","twitter_misc":{"Dur\u00e9e de lecture estim\u00e9e":"1 minute"},"schema":{"@context":"https:\/\/schema.org","@graph":[{"@type":"WebPage","@id":"https:\/\/paracherkaoui.ma\/index.php\/produit\/bioderma-atoderm-creme-ultra-hydratante-ultra-nourrissante-peaux-sensibles-normales-a-seches-200-ml-5\/","url":"https:\/\/paracherkaoui.ma\/index.php\/produit\/bioderma-atoderm-creme-ultra-hydratante-ultra-nourrissante-peaux-sensibles-normales-a-seches-200-ml-5\/","name":"BIODERMA ATODERM CREME ULTRA HYDRATANTE ULTRA NOURRISSANTE PEAUX SENSIBLES NORMALES A SECHES 200 ML - Paracherkaoui.ma","isPartOf":{"@id":"https:\/\/paracherkaoui.ma\/#website"},"primaryImageOfPage":{"@id":"https:\/\/paracherkaoui.ma\/index.php\/produit\/bioderma-atoderm-creme-ultra-hydratante-ultra-nourrissante-peaux-sensibles-normales-a-seches-200-ml-5\/#primaryimage"},"image":{"@id":"https:\/\/paracherkaoui.ma\/index.php\/produit\/bioderma-atoderm-creme-ultra-hydratante-ultra-nourrissante-peaux-sensibles-normales-a-seches-200-ml-5\/#primaryimage"},"thumbnailUrl":"https:\/\/paracherkaoui.ma\/wp-content\/uploads\/2025\/12\/bioderma-bioderma-atoderm-creme-ultra-hydratante-ultra-nourrissante-peaux-sensibles-normales-a-seches-200-ml-cremes-jour.jpg","datePublished":"2025-12-12T17:28:08+00:00","dateModified":"2025-12-12T17:28:10+00:00","breadcrumb":{"@id":"https:\/\/paracherkaoui.ma\/index.php\/produit\/bioderma-atoderm-creme-ultra-hydratante-ultra-nourrissante-peaux-sensibles-normales-a-seches-200-ml-5\/#breadcrumb"},"inLanguage":"fr-FR","potentialAction":[{"@type":"ReadAction","target":["https:\/\/paracherkaoui.ma\/index.php\/produit\/bioderma-atoderm-creme-ultra-hydratante-ultra-nourrissante-peaux-sensibles-normales-a-seches-200-ml-5\/"]}]},{"@type":"ImageObject","inLanguage":"fr-FR","@id":"https:\/\/paracherkaoui.ma\/index.php\/produit\/bioderma-atoderm-creme-ultra-hydratante-ultra-nourrissante-peaux-sensibles-normales-a-seches-200-ml-5\/#primaryimage","url":"https:\/\/paracherkaoui.ma\/wp-content\/uploads\/2025\/12\/bioderma-bioderma-atoderm-creme-ultra-hydratante-ultra-nourrissante-peaux-sensibles-normales-a-seches-200-ml-cremes-jour.jpg","contentUrl":"https:\/\/paracherkaoui.ma\/wp-content\/uploads\/2025\/12\/bioderma-bioderma-atoderm-creme-ultra-hydratante-ultra-nourrissante-peaux-sensibles-normales-a-seches-200-ml-cremes-jour.jpg","width":700,"height":700},{"@type":"BreadcrumbList","@id":"https:\/\/paracherkaoui.ma\/index.php\/produit\/bioderma-atoderm-creme-ultra-hydratante-ultra-nourrissante-peaux-sensibles-normales-a-seches-200-ml-5\/#breadcrumb","itemListElement":[{"@type":"ListItem","position":1,"name":"Accueil","item":"https:\/\/paracherkaoui.ma\/"},{"@type":"ListItem","position":2,"name":"Boutique","item":"https:\/\/paracherkaoui.ma\/index.php\/boutique\/"},{"@type":"ListItem","position":3,"name":"BIODERMA ATODERM CREME ULTRA HYDRATANTE ULTRA NOURRISSANTE PEAUX SENSIBLES NORMALES A SECHES 200 ML"}]},{"@type":"WebSite","@id":"https:\/\/paracherkaoui.ma\/#website","url":"https:\/\/paracherkaoui.ma\/","name":"Paracherkaoui.ma","description":"Achetez en ligne sur Paracherkaoui.ma","potentialAction":[{"@type":"SearchAction","target":{"@type":"EntryPoint","urlTemplate":"https:\/\/paracherkaoui.ma\/?s={search_term_string}"},"query-input":{"@type":"PropertyValueSpecification","valueRequired":true,"valueName":"search_term_string"}}],"inLanguage":"fr-FR"}]}},"_links":{"self":[{"href":"https:\/\/paracherkaoui.ma\/index.php\/wp-json\/wp\/v2\/product\/28117","targetHints":{"allow":["GET"]}}],"collection":[{"href":"https:\/\/paracherkaoui.ma\/index.php\/wp-json\/wp\/v2\/product"}],"about":[{"href":"https:\/\/paracherkaoui.ma\/index.php\/wp-json\/wp\/v2\/types\/product"}],"replies":[{"embeddable":true,"href":"https:\/\/paracherkaoui.ma\/index.php\/wp-json\/wp\/v2\/comments?post=28117"}],"version-history":[{"count":1,"href":"https:\/\/paracherkaoui.ma\/index.php\/wp-json\/wp\/v2\/product\/28117\/revisions"}],"predecessor-version":[{"id":28147,"href":"https:\/\/paracherkaoui.ma\/index.php\/wp-json\/wp\/v2\/product\/28117\/revisions\/28147"}],"wp:featuredmedia":[{"embeddable":true,"href":"https:\/\/paracherkaoui.ma\/index.php\/wp-json\/wp\/v2\/media\/11258"}],"wp:attachment":[{"href":"https:\/\/paracherkaoui.ma\/index.php\/wp-json\/wp\/v2\/media?parent=28117"}],"wp:term":[{"taxonomy":"product_brand","embeddable":true,"href":"https:\/\/paracherkaoui.ma\/index.php\/wp-json\/wp\/v2\/product_brand?post=28117"},{"taxonomy":"product_cat","embeddable":true,"href":"https:\/\/paracherkaoui.ma\/index.php\/wp-json\/wp\/v2\/product_cat?post=28117"},{"taxonomy":"product_tag","embeddable":true,"href":"https:\/\/paracherkaoui.ma\/index.php\/wp-json\/wp\/v2\/product_tag?post=28117"}],"curies":[{"name":"wp","href":"https:\/\/api.w.org\/{rel}","templated":true}]}}