{"id":27819,"date":"2025-12-12T18:27:41","date_gmt":"2025-12-12T17:27:41","guid":{"rendered":"https:\/\/test.ecbeaute.com\/?post_type=product&#038;p=27819"},"modified":"2025-12-12T18:27:45","modified_gmt":"2025-12-12T17:27:45","slug":"bio-oil-huile-se-doin-naturelle-125-ml-2","status":"publish","type":"product","link":"https:\/\/paracherkaoui.ma\/index.php\/produit\/bio-oil-huile-se-doin-naturelle-125-ml-2\/","title":{"rendered":"BIO OIL HUILE SE DOIN NATURELLE 125 ML"},"content":{"rendered":"<p>D\u00e9couvrez l\u2019huile de soin de la peau Bio-Oil (naturelle), un produit sp\u00e9cialis\u00e9 enti\u00e8rement naturel, cliniquement prouv\u00e9 pour am\u00e9liorer l\u2019apparence des cicatrices et des vergetures. Formul\u00e9e avec soin, cette huile non grasse et 100% naturelle combine une puissante association de 3 huiles de base, 4 huiles sp\u00e9cialis\u00e9es, 2 huiles vitamin\u00e9es et 5 extraits v\u00e9g\u00e9taux, offrant ainsi une solution compl\u00e8te pour la r\u00e9g\u00e9n\u00e9ration et l\u2019hydratation de la peau.<br \/>\nL&rsquo;huile de soin Bio-Oil (naturelle) est sp\u00e9cialement con\u00e7ue pour p\u00e9n\u00e9trer facilement dans la peau, renfor\u00e7ant ainsi son \u00e9lasticit\u00e9 tout en la gardant souple et hydrat\u00e9e. Que vous cherchiez \u00e0 att\u00e9nuer des cicatrices anciennes ou r\u00e9centes, ou \u00e0 pr\u00e9venir et r\u00e9duire les vergetures, cette huile polyvalente est votre alli\u00e9e id\u00e9ale. Gr\u00e2ce \u00e0 ses ingr\u00e9dients naturels, elle favorise la r\u00e9g\u00e9n\u00e9ration de la peau en soutenant et en restaurant les zones endommag\u00e9es, tout en apportant une hydratation profonde et durable.<br \/>\nL\u2019utilisation r\u00e9guli\u00e8re de Bio-Oil (naturelle) aide \u00e0 maintenir une peau saine et \u00e9clatante. Les huiles de base telles que l\u2019huile de jojoba, de tournesol et de noix de coco nourrissent la peau en profondeur. Les huiles sp\u00e9cialis\u00e9es comme l\u2019huile de rose musqu\u00e9e et l\u2019huile de calendula apportent des bienfaits r\u00e9g\u00e9n\u00e9rants et apaisants. Les vitamines A et E contribuent \u00e0 l&rsquo;am\u00e9lioration de la texture et du tonus de la peau, tandis que les extraits v\u00e9g\u00e9taux comme la lavande et le romarin offrent des propri\u00e9t\u00e9s apaisantes et anti-inflammatoires.<br \/>\nConseils d&rsquo;Utilisation :<br \/>\nAppliquez une petite quantit\u00e9 de Bio-Oil (naturelle) sur les zones concern\u00e9es deux fois par jour.<br \/>\nMassez doucement en mouvements circulaires jusqu&rsquo;\u00e0 absorption compl\u00e8te.<\/p>\n","protected":false},"excerpt":{"rendered":"<p>D\u00e9couvrez l\u2019huile de soin de la peau Bio-Oil (naturelle), un produit sp\u00e9cialis\u00e9 enti\u00e8rement naturel, cliniquement prouv\u00e9 pour am\u00e9liorer l\u2019apparence des<\/p>\n","protected":false},"featured_media":25914,"comment_status":"open","ping_status":"closed","template":"","meta":[],"product_brand":[493],"product_cat":[525],"product_tag":[],"class_list":{"0":"post-27819","1":"product","2":"type-product","3":"status-publish","4":"has-post-thumbnail","6":"product_brand-bio-oil","7":"product_cat-cremes-jour","9":"first","10":"instock","11":"sale","12":"shipping-taxable","13":"purchasable","14":"product-type-simple"},"yoast_head":"<!-- This site is optimized with the Yoast SEO plugin v26.6 - https:\/\/yoast.com\/wordpress\/plugins\/seo\/ -->\r\n<title>BIO OIL HUILE SE DOIN NATURELLE 125 ML - Paracherkaoui.ma<\/title>\r\n<meta name=\"robots\" content=\"index, follow, max-snippet:-1, max-image-preview:large, max-video-preview:-1\" \/>\r\n<link rel=\"canonical\" href=\"https:\/\/paracherkaoui.ma\/index.php\/produit\/bio-oil-huile-se-doin-naturelle-125-ml-2\/\" \/>\r\n<meta property=\"og:locale\" content=\"fr_FR\" \/>\r\n<meta property=\"og:type\" content=\"article\" \/>\r\n<meta property=\"og:title\" content=\"BIO OIL HUILE SE DOIN NATURELLE 125 ML - Paracherkaoui.ma\" \/>\r\n<meta property=\"og:description\" content=\"D\u00e9couvrez l\u2019huile de soin de la peau Bio-Oil (naturelle), un produit sp\u00e9cialis\u00e9 enti\u00e8rement naturel, cliniquement prouv\u00e9 pour am\u00e9liorer l\u2019apparence des\" \/>\r\n<meta property=\"og:url\" content=\"https:\/\/paracherkaoui.ma\/index.php\/produit\/bio-oil-huile-se-doin-naturelle-125-ml-2\/\" \/>\r\n<meta property=\"og:site_name\" content=\"Paracherkaoui.ma\" \/>\r\n<meta property=\"article:modified_time\" content=\"2025-12-12T17:27:45+00:00\" \/>\r\n<meta property=\"og:image\" content=\"https:\/\/paracherkaoui.ma\/wp-content\/uploads\/2025\/12\/bio-oil-bio-oil-huile-se-doin-naturelle-125-ml-creme-depigmentantes.jpg\" \/>\r\n\t<meta property=\"og:image:width\" content=\"700\" \/>\r\n\t<meta property=\"og:image:height\" content=\"700\" \/>\r\n\t<meta property=\"og:image:type\" content=\"image\/jpeg\" \/>\r\n<meta name=\"twitter:card\" content=\"summary_large_image\" \/>\r\n<meta name=\"twitter:label1\" content=\"Dur\u00e9e de lecture estim\u00e9e\" \/>\n\t<meta name=\"twitter:data1\" content=\"1 minute\" \/>\r\n<script type=\"application\/ld+json\" class=\"yoast-schema-graph\">{\"@context\":\"https:\/\/schema.org\",\"@graph\":[{\"@type\":\"WebPage\",\"@id\":\"https:\/\/paracherkaoui.ma\/index.php\/produit\/bio-oil-huile-se-doin-naturelle-125-ml-2\/\",\"url\":\"https:\/\/paracherkaoui.ma\/index.php\/produit\/bio-oil-huile-se-doin-naturelle-125-ml-2\/\",\"name\":\"BIO OIL HUILE SE DOIN NATURELLE 125 ML - Paracherkaoui.ma\",\"isPartOf\":{\"@id\":\"https:\/\/paracherkaoui.ma\/#website\"},\"primaryImageOfPage\":{\"@id\":\"https:\/\/paracherkaoui.ma\/index.php\/produit\/bio-oil-huile-se-doin-naturelle-125-ml-2\/#primaryimage\"},\"image\":{\"@id\":\"https:\/\/paracherkaoui.ma\/index.php\/produit\/bio-oil-huile-se-doin-naturelle-125-ml-2\/#primaryimage\"},\"thumbnailUrl\":\"https:\/\/paracherkaoui.ma\/wp-content\/uploads\/2025\/12\/bio-oil-bio-oil-huile-se-doin-naturelle-125-ml-creme-depigmentantes.jpg\",\"datePublished\":\"2025-12-12T17:27:41+00:00\",\"dateModified\":\"2025-12-12T17:27:45+00:00\",\"breadcrumb\":{\"@id\":\"https:\/\/paracherkaoui.ma\/index.php\/produit\/bio-oil-huile-se-doin-naturelle-125-ml-2\/#breadcrumb\"},\"inLanguage\":\"fr-FR\",\"potentialAction\":[{\"@type\":\"ReadAction\",\"target\":[\"https:\/\/paracherkaoui.ma\/index.php\/produit\/bio-oil-huile-se-doin-naturelle-125-ml-2\/\"]}]},{\"@type\":\"ImageObject\",\"inLanguage\":\"fr-FR\",\"@id\":\"https:\/\/paracherkaoui.ma\/index.php\/produit\/bio-oil-huile-se-doin-naturelle-125-ml-2\/#primaryimage\",\"url\":\"https:\/\/paracherkaoui.ma\/wp-content\/uploads\/2025\/12\/bio-oil-bio-oil-huile-se-doin-naturelle-125-ml-creme-depigmentantes.jpg\",\"contentUrl\":\"https:\/\/paracherkaoui.ma\/wp-content\/uploads\/2025\/12\/bio-oil-bio-oil-huile-se-doin-naturelle-125-ml-creme-depigmentantes.jpg\",\"width\":700,\"height\":700},{\"@type\":\"BreadcrumbList\",\"@id\":\"https:\/\/paracherkaoui.ma\/index.php\/produit\/bio-oil-huile-se-doin-naturelle-125-ml-2\/#breadcrumb\",\"itemListElement\":[{\"@type\":\"ListItem\",\"position\":1,\"name\":\"Accueil\",\"item\":\"https:\/\/paracherkaoui.ma\/\"},{\"@type\":\"ListItem\",\"position\":2,\"name\":\"Boutique\",\"item\":\"https:\/\/paracherkaoui.ma\/index.php\/boutique\/\"},{\"@type\":\"ListItem\",\"position\":3,\"name\":\"BIO OIL HUILE SE DOIN NATURELLE 125 ML\"}]},{\"@type\":\"WebSite\",\"@id\":\"https:\/\/paracherkaoui.ma\/#website\",\"url\":\"https:\/\/paracherkaoui.ma\/\",\"name\":\"Paracherkaoui.ma\",\"description\":\"Achetez en ligne sur Paracherkaoui.ma\",\"potentialAction\":[{\"@type\":\"SearchAction\",\"target\":{\"@type\":\"EntryPoint\",\"urlTemplate\":\"https:\/\/paracherkaoui.ma\/?s={search_term_string}\"},\"query-input\":{\"@type\":\"PropertyValueSpecification\",\"valueRequired\":true,\"valueName\":\"search_term_string\"}}],\"inLanguage\":\"fr-FR\"}]}<\/script>\r\n<!-- \/ Yoast SEO plugin. -->","yoast_head_json":{"title":"BIO OIL HUILE SE DOIN NATURELLE 125 ML - Paracherkaoui.ma","robots":{"index":"index","follow":"follow","max-snippet":"max-snippet:-1","max-image-preview":"max-image-preview:large","max-video-preview":"max-video-preview:-1"},"canonical":"https:\/\/paracherkaoui.ma\/index.php\/produit\/bio-oil-huile-se-doin-naturelle-125-ml-2\/","og_locale":"fr_FR","og_type":"article","og_title":"BIO OIL HUILE SE DOIN NATURELLE 125 ML - Paracherkaoui.ma","og_description":"D\u00e9couvrez l\u2019huile de soin de la peau Bio-Oil (naturelle), un produit sp\u00e9cialis\u00e9 enti\u00e8rement naturel, cliniquement prouv\u00e9 pour am\u00e9liorer l\u2019apparence des","og_url":"https:\/\/paracherkaoui.ma\/index.php\/produit\/bio-oil-huile-se-doin-naturelle-125-ml-2\/","og_site_name":"Paracherkaoui.ma","article_modified_time":"2025-12-12T17:27:45+00:00","og_image":[{"width":700,"height":700,"url":"https:\/\/paracherkaoui.ma\/wp-content\/uploads\/2025\/12\/bio-oil-bio-oil-huile-se-doin-naturelle-125-ml-creme-depigmentantes.jpg","type":"image\/jpeg"}],"twitter_card":"summary_large_image","twitter_misc":{"Dur\u00e9e de lecture estim\u00e9e":"1 minute"},"schema":{"@context":"https:\/\/schema.org","@graph":[{"@type":"WebPage","@id":"https:\/\/paracherkaoui.ma\/index.php\/produit\/bio-oil-huile-se-doin-naturelle-125-ml-2\/","url":"https:\/\/paracherkaoui.ma\/index.php\/produit\/bio-oil-huile-se-doin-naturelle-125-ml-2\/","name":"BIO OIL HUILE SE DOIN NATURELLE 125 ML - Paracherkaoui.ma","isPartOf":{"@id":"https:\/\/paracherkaoui.ma\/#website"},"primaryImageOfPage":{"@id":"https:\/\/paracherkaoui.ma\/index.php\/produit\/bio-oil-huile-se-doin-naturelle-125-ml-2\/#primaryimage"},"image":{"@id":"https:\/\/paracherkaoui.ma\/index.php\/produit\/bio-oil-huile-se-doin-naturelle-125-ml-2\/#primaryimage"},"thumbnailUrl":"https:\/\/paracherkaoui.ma\/wp-content\/uploads\/2025\/12\/bio-oil-bio-oil-huile-se-doin-naturelle-125-ml-creme-depigmentantes.jpg","datePublished":"2025-12-12T17:27:41+00:00","dateModified":"2025-12-12T17:27:45+00:00","breadcrumb":{"@id":"https:\/\/paracherkaoui.ma\/index.php\/produit\/bio-oil-huile-se-doin-naturelle-125-ml-2\/#breadcrumb"},"inLanguage":"fr-FR","potentialAction":[{"@type":"ReadAction","target":["https:\/\/paracherkaoui.ma\/index.php\/produit\/bio-oil-huile-se-doin-naturelle-125-ml-2\/"]}]},{"@type":"ImageObject","inLanguage":"fr-FR","@id":"https:\/\/paracherkaoui.ma\/index.php\/produit\/bio-oil-huile-se-doin-naturelle-125-ml-2\/#primaryimage","url":"https:\/\/paracherkaoui.ma\/wp-content\/uploads\/2025\/12\/bio-oil-bio-oil-huile-se-doin-naturelle-125-ml-creme-depigmentantes.jpg","contentUrl":"https:\/\/paracherkaoui.ma\/wp-content\/uploads\/2025\/12\/bio-oil-bio-oil-huile-se-doin-naturelle-125-ml-creme-depigmentantes.jpg","width":700,"height":700},{"@type":"BreadcrumbList","@id":"https:\/\/paracherkaoui.ma\/index.php\/produit\/bio-oil-huile-se-doin-naturelle-125-ml-2\/#breadcrumb","itemListElement":[{"@type":"ListItem","position":1,"name":"Accueil","item":"https:\/\/paracherkaoui.ma\/"},{"@type":"ListItem","position":2,"name":"Boutique","item":"https:\/\/paracherkaoui.ma\/index.php\/boutique\/"},{"@type":"ListItem","position":3,"name":"BIO OIL HUILE SE DOIN NATURELLE 125 ML"}]},{"@type":"WebSite","@id":"https:\/\/paracherkaoui.ma\/#website","url":"https:\/\/paracherkaoui.ma\/","name":"Paracherkaoui.ma","description":"Achetez en ligne sur Paracherkaoui.ma","potentialAction":[{"@type":"SearchAction","target":{"@type":"EntryPoint","urlTemplate":"https:\/\/paracherkaoui.ma\/?s={search_term_string}"},"query-input":{"@type":"PropertyValueSpecification","valueRequired":true,"valueName":"search_term_string"}}],"inLanguage":"fr-FR"}]}},"_links":{"self":[{"href":"https:\/\/paracherkaoui.ma\/index.php\/wp-json\/wp\/v2\/product\/27819","targetHints":{"allow":["GET"]}}],"collection":[{"href":"https:\/\/paracherkaoui.ma\/index.php\/wp-json\/wp\/v2\/product"}],"about":[{"href":"https:\/\/paracherkaoui.ma\/index.php\/wp-json\/wp\/v2\/types\/product"}],"replies":[{"embeddable":true,"href":"https:\/\/paracherkaoui.ma\/index.php\/wp-json\/wp\/v2\/comments?post=27819"}],"version-history":[{"count":1,"href":"https:\/\/paracherkaoui.ma\/index.php\/wp-json\/wp\/v2\/product\/27819\/revisions"}],"predecessor-version":[{"id":27867,"href":"https:\/\/paracherkaoui.ma\/index.php\/wp-json\/wp\/v2\/product\/27819\/revisions\/27867"}],"wp:featuredmedia":[{"embeddable":true,"href":"https:\/\/paracherkaoui.ma\/index.php\/wp-json\/wp\/v2\/media\/25914"}],"wp:attachment":[{"href":"https:\/\/paracherkaoui.ma\/index.php\/wp-json\/wp\/v2\/media?parent=27819"}],"wp:term":[{"taxonomy":"product_brand","embeddable":true,"href":"https:\/\/paracherkaoui.ma\/index.php\/wp-json\/wp\/v2\/product_brand?post=27819"},{"taxonomy":"product_cat","embeddable":true,"href":"https:\/\/paracherkaoui.ma\/index.php\/wp-json\/wp\/v2\/product_cat?post=27819"},{"taxonomy":"product_tag","embeddable":true,"href":"https:\/\/paracherkaoui.ma\/index.php\/wp-json\/wp\/v2\/product_tag?post=27819"}],"curies":[{"name":"wp","href":"https:\/\/api.w.org\/{rel}","templated":true}]}}