{"id":27608,"date":"2025-12-12T18:27:08","date_gmt":"2025-12-12T17:27:08","guid":{"rendered":"https:\/\/test.ecbeaute.com\/?post_type=product&#038;p=27608"},"modified":"2025-12-12T18:27:15","modified_gmt":"2025-12-12T17:27:15","slug":"isispharma-sensylia-24-h-legere-fluide-hydratant-fortifiant-40ml","status":"publish","type":"product","link":"https:\/\/paracherkaoui.ma\/index.php\/produit\/isispharma-sensylia-24-h-legere-fluide-hydratant-fortifiant-40ml\/","title":{"rendered":"ISISPHARMA SENSYLIA 24 H L\u00c9G\u00c9RE FLUIDE HYDRATANT FORTIFIANT 40ML"},"content":{"rendered":"<p>SENSYLIA\u00a024h l\u00e9g\u00e8re\u00a0a \u00e9t\u00e9 sp\u00e9cialement d\u00e9velopp\u00e9e pour les\u00a0peaux sensibles et d\u00e9shydrat\u00e9es. Ce fluide apporte une hydratation durable (pendant 24 heures) et apaise les sensations d\u2019inconfort. Il contribue \u00e0 restaurer la barri\u00e8re cutan\u00e9e et \u00e0 lutter contre les agressions ext\u00e9rieures.<br \/>\nLe complexe\u00a0HYDRACTIV\u00ae\u00a0aide la peau \u00e0 g\u00e9n\u00e9rer ses propres r\u00e9serves en eau et \u00e0 abaisser son niveau de sensibilit\u00e9. Texture l\u00e9g\u00e8re parfaitement adapt\u00e9e aux peaux normales \u00e0 mixtes. Sensation de fra\u00eecheur imm\u00e9diate.<br \/>\nExcellente tol\u00e9rance cutan\u00e9e. Convient aux enfants et aux femmes enceintes.<\/p>\n","protected":false},"excerpt":{"rendered":"<p>SENSYLIA\u00a024h l\u00e9g\u00e8re\u00a0a \u00e9t\u00e9 sp\u00e9cialement d\u00e9velopp\u00e9e pour les\u00a0peaux sensibles et d\u00e9shydrat\u00e9es. Ce fluide apporte une hydratation durable (pendant 24 heures) et<\/p>\n","protected":false},"featured_media":27656,"comment_status":"open","ping_status":"closed","template":"","meta":[],"product_brand":[321],"product_cat":[525],"product_tag":[],"class_list":{"0":"post-27608","1":"product","2":"type-product","3":"status-publish","4":"has-post-thumbnail","6":"product_brand-isispharma","7":"product_cat-cremes-jour","9":"first","10":"instock","11":"sale","12":"shipping-taxable","13":"purchasable","14":"product-type-simple"},"yoast_head":"<!-- This site is optimized with the Yoast SEO plugin v26.6 - https:\/\/yoast.com\/wordpress\/plugins\/seo\/ -->\r\n<title>ISISPHARMA SENSYLIA 24 H L\u00c9G\u00c9RE FLUIDE HYDRATANT FORTIFIANT 40ML - Paracherkaoui.ma<\/title>\r\n<meta name=\"robots\" content=\"index, follow, max-snippet:-1, max-image-preview:large, max-video-preview:-1\" \/>\r\n<link rel=\"canonical\" href=\"https:\/\/paracherkaoui.ma\/index.php\/produit\/isispharma-sensylia-24-h-legere-fluide-hydratant-fortifiant-40ml\/\" \/>\r\n<meta property=\"og:locale\" content=\"fr_FR\" \/>\r\n<meta property=\"og:type\" content=\"article\" \/>\r\n<meta property=\"og:title\" content=\"ISISPHARMA SENSYLIA 24 H L\u00c9G\u00c9RE FLUIDE HYDRATANT FORTIFIANT 40ML - Paracherkaoui.ma\" \/>\r\n<meta property=\"og:description\" content=\"SENSYLIA\u00a024h l\u00e9g\u00e8re\u00a0a \u00e9t\u00e9 sp\u00e9cialement d\u00e9velopp\u00e9e pour les\u00a0peaux sensibles et d\u00e9shydrat\u00e9es. Ce fluide apporte une hydratation durable (pendant 24 heures) et\" \/>\r\n<meta property=\"og:url\" content=\"https:\/\/paracherkaoui.ma\/index.php\/produit\/isispharma-sensylia-24-h-legere-fluide-hydratant-fortifiant-40ml\/\" \/>\r\n<meta property=\"og:site_name\" content=\"Paracherkaoui.ma\" \/>\r\n<meta property=\"article:modified_time\" content=\"2025-12-12T17:27:15+00:00\" \/>\r\n<meta property=\"og:image\" content=\"https:\/\/paracherkaoui.ma\/wp-content\/uploads\/2025\/12\/isispharma-isispharma-sensylia-24-h-legere-fluide-hydratant-fortifiant-40ml-cremes-jour.jpg\" \/>\r\n\t<meta property=\"og:image:width\" content=\"700\" \/>\r\n\t<meta property=\"og:image:height\" content=\"700\" \/>\r\n\t<meta property=\"og:image:type\" content=\"image\/jpeg\" \/>\r\n<meta name=\"twitter:card\" content=\"summary_large_image\" \/>\r\n<script type=\"application\/ld+json\" class=\"yoast-schema-graph\">{\"@context\":\"https:\/\/schema.org\",\"@graph\":[{\"@type\":\"WebPage\",\"@id\":\"https:\/\/paracherkaoui.ma\/index.php\/produit\/isispharma-sensylia-24-h-legere-fluide-hydratant-fortifiant-40ml\/\",\"url\":\"https:\/\/paracherkaoui.ma\/index.php\/produit\/isispharma-sensylia-24-h-legere-fluide-hydratant-fortifiant-40ml\/\",\"name\":\"ISISPHARMA SENSYLIA 24 H L\u00c9G\u00c9RE FLUIDE HYDRATANT FORTIFIANT 40ML - Paracherkaoui.ma\",\"isPartOf\":{\"@id\":\"https:\/\/paracherkaoui.ma\/#website\"},\"primaryImageOfPage\":{\"@id\":\"https:\/\/paracherkaoui.ma\/index.php\/produit\/isispharma-sensylia-24-h-legere-fluide-hydratant-fortifiant-40ml\/#primaryimage\"},\"image\":{\"@id\":\"https:\/\/paracherkaoui.ma\/index.php\/produit\/isispharma-sensylia-24-h-legere-fluide-hydratant-fortifiant-40ml\/#primaryimage\"},\"thumbnailUrl\":\"https:\/\/paracherkaoui.ma\/wp-content\/uploads\/2025\/12\/isispharma-isispharma-sensylia-24-h-legere-fluide-hydratant-fortifiant-40ml-cremes-jour.jpg\",\"datePublished\":\"2025-12-12T17:27:08+00:00\",\"dateModified\":\"2025-12-12T17:27:15+00:00\",\"breadcrumb\":{\"@id\":\"https:\/\/paracherkaoui.ma\/index.php\/produit\/isispharma-sensylia-24-h-legere-fluide-hydratant-fortifiant-40ml\/#breadcrumb\"},\"inLanguage\":\"fr-FR\",\"potentialAction\":[{\"@type\":\"ReadAction\",\"target\":[\"https:\/\/paracherkaoui.ma\/index.php\/produit\/isispharma-sensylia-24-h-legere-fluide-hydratant-fortifiant-40ml\/\"]}]},{\"@type\":\"ImageObject\",\"inLanguage\":\"fr-FR\",\"@id\":\"https:\/\/paracherkaoui.ma\/index.php\/produit\/isispharma-sensylia-24-h-legere-fluide-hydratant-fortifiant-40ml\/#primaryimage\",\"url\":\"https:\/\/paracherkaoui.ma\/wp-content\/uploads\/2025\/12\/isispharma-isispharma-sensylia-24-h-legere-fluide-hydratant-fortifiant-40ml-cremes-jour.jpg\",\"contentUrl\":\"https:\/\/paracherkaoui.ma\/wp-content\/uploads\/2025\/12\/isispharma-isispharma-sensylia-24-h-legere-fluide-hydratant-fortifiant-40ml-cremes-jour.jpg\",\"width\":700,\"height\":700},{\"@type\":\"BreadcrumbList\",\"@id\":\"https:\/\/paracherkaoui.ma\/index.php\/produit\/isispharma-sensylia-24-h-legere-fluide-hydratant-fortifiant-40ml\/#breadcrumb\",\"itemListElement\":[{\"@type\":\"ListItem\",\"position\":1,\"name\":\"Accueil\",\"item\":\"https:\/\/paracherkaoui.ma\/\"},{\"@type\":\"ListItem\",\"position\":2,\"name\":\"Boutique\",\"item\":\"https:\/\/paracherkaoui.ma\/index.php\/boutique\/\"},{\"@type\":\"ListItem\",\"position\":3,\"name\":\"ISISPHARMA SENSYLIA 24 H L\u00c9G\u00c9RE FLUIDE HYDRATANT FORTIFIANT 40ML\"}]},{\"@type\":\"WebSite\",\"@id\":\"https:\/\/paracherkaoui.ma\/#website\",\"url\":\"https:\/\/paracherkaoui.ma\/\",\"name\":\"Paracherkaoui.ma\",\"description\":\"Achetez en ligne sur Paracherkaoui.ma\",\"potentialAction\":[{\"@type\":\"SearchAction\",\"target\":{\"@type\":\"EntryPoint\",\"urlTemplate\":\"https:\/\/paracherkaoui.ma\/?s={search_term_string}\"},\"query-input\":{\"@type\":\"PropertyValueSpecification\",\"valueRequired\":true,\"valueName\":\"search_term_string\"}}],\"inLanguage\":\"fr-FR\"}]}<\/script>\r\n<!-- \/ Yoast SEO plugin. -->","yoast_head_json":{"title":"ISISPHARMA SENSYLIA 24 H L\u00c9G\u00c9RE FLUIDE HYDRATANT FORTIFIANT 40ML - Paracherkaoui.ma","robots":{"index":"index","follow":"follow","max-snippet":"max-snippet:-1","max-image-preview":"max-image-preview:large","max-video-preview":"max-video-preview:-1"},"canonical":"https:\/\/paracherkaoui.ma\/index.php\/produit\/isispharma-sensylia-24-h-legere-fluide-hydratant-fortifiant-40ml\/","og_locale":"fr_FR","og_type":"article","og_title":"ISISPHARMA SENSYLIA 24 H L\u00c9G\u00c9RE FLUIDE HYDRATANT FORTIFIANT 40ML - Paracherkaoui.ma","og_description":"SENSYLIA\u00a024h l\u00e9g\u00e8re\u00a0a \u00e9t\u00e9 sp\u00e9cialement d\u00e9velopp\u00e9e pour les\u00a0peaux sensibles et d\u00e9shydrat\u00e9es. Ce fluide apporte une hydratation durable (pendant 24 heures) et","og_url":"https:\/\/paracherkaoui.ma\/index.php\/produit\/isispharma-sensylia-24-h-legere-fluide-hydratant-fortifiant-40ml\/","og_site_name":"Paracherkaoui.ma","article_modified_time":"2025-12-12T17:27:15+00:00","og_image":[{"width":700,"height":700,"url":"https:\/\/paracherkaoui.ma\/wp-content\/uploads\/2025\/12\/isispharma-isispharma-sensylia-24-h-legere-fluide-hydratant-fortifiant-40ml-cremes-jour.jpg","type":"image\/jpeg"}],"twitter_card":"summary_large_image","schema":{"@context":"https:\/\/schema.org","@graph":[{"@type":"WebPage","@id":"https:\/\/paracherkaoui.ma\/index.php\/produit\/isispharma-sensylia-24-h-legere-fluide-hydratant-fortifiant-40ml\/","url":"https:\/\/paracherkaoui.ma\/index.php\/produit\/isispharma-sensylia-24-h-legere-fluide-hydratant-fortifiant-40ml\/","name":"ISISPHARMA SENSYLIA 24 H L\u00c9G\u00c9RE FLUIDE HYDRATANT FORTIFIANT 40ML - Paracherkaoui.ma","isPartOf":{"@id":"https:\/\/paracherkaoui.ma\/#website"},"primaryImageOfPage":{"@id":"https:\/\/paracherkaoui.ma\/index.php\/produit\/isispharma-sensylia-24-h-legere-fluide-hydratant-fortifiant-40ml\/#primaryimage"},"image":{"@id":"https:\/\/paracherkaoui.ma\/index.php\/produit\/isispharma-sensylia-24-h-legere-fluide-hydratant-fortifiant-40ml\/#primaryimage"},"thumbnailUrl":"https:\/\/paracherkaoui.ma\/wp-content\/uploads\/2025\/12\/isispharma-isispharma-sensylia-24-h-legere-fluide-hydratant-fortifiant-40ml-cremes-jour.jpg","datePublished":"2025-12-12T17:27:08+00:00","dateModified":"2025-12-12T17:27:15+00:00","breadcrumb":{"@id":"https:\/\/paracherkaoui.ma\/index.php\/produit\/isispharma-sensylia-24-h-legere-fluide-hydratant-fortifiant-40ml\/#breadcrumb"},"inLanguage":"fr-FR","potentialAction":[{"@type":"ReadAction","target":["https:\/\/paracherkaoui.ma\/index.php\/produit\/isispharma-sensylia-24-h-legere-fluide-hydratant-fortifiant-40ml\/"]}]},{"@type":"ImageObject","inLanguage":"fr-FR","@id":"https:\/\/paracherkaoui.ma\/index.php\/produit\/isispharma-sensylia-24-h-legere-fluide-hydratant-fortifiant-40ml\/#primaryimage","url":"https:\/\/paracherkaoui.ma\/wp-content\/uploads\/2025\/12\/isispharma-isispharma-sensylia-24-h-legere-fluide-hydratant-fortifiant-40ml-cremes-jour.jpg","contentUrl":"https:\/\/paracherkaoui.ma\/wp-content\/uploads\/2025\/12\/isispharma-isispharma-sensylia-24-h-legere-fluide-hydratant-fortifiant-40ml-cremes-jour.jpg","width":700,"height":700},{"@type":"BreadcrumbList","@id":"https:\/\/paracherkaoui.ma\/index.php\/produit\/isispharma-sensylia-24-h-legere-fluide-hydratant-fortifiant-40ml\/#breadcrumb","itemListElement":[{"@type":"ListItem","position":1,"name":"Accueil","item":"https:\/\/paracherkaoui.ma\/"},{"@type":"ListItem","position":2,"name":"Boutique","item":"https:\/\/paracherkaoui.ma\/index.php\/boutique\/"},{"@type":"ListItem","position":3,"name":"ISISPHARMA SENSYLIA 24 H L\u00c9G\u00c9RE FLUIDE HYDRATANT FORTIFIANT 40ML"}]},{"@type":"WebSite","@id":"https:\/\/paracherkaoui.ma\/#website","url":"https:\/\/paracherkaoui.ma\/","name":"Paracherkaoui.ma","description":"Achetez en ligne sur Paracherkaoui.ma","potentialAction":[{"@type":"SearchAction","target":{"@type":"EntryPoint","urlTemplate":"https:\/\/paracherkaoui.ma\/?s={search_term_string}"},"query-input":{"@type":"PropertyValueSpecification","valueRequired":true,"valueName":"search_term_string"}}],"inLanguage":"fr-FR"}]}},"_links":{"self":[{"href":"https:\/\/paracherkaoui.ma\/index.php\/wp-json\/wp\/v2\/product\/27608","targetHints":{"allow":["GET"]}}],"collection":[{"href":"https:\/\/paracherkaoui.ma\/index.php\/wp-json\/wp\/v2\/product"}],"about":[{"href":"https:\/\/paracherkaoui.ma\/index.php\/wp-json\/wp\/v2\/types\/product"}],"replies":[{"embeddable":true,"href":"https:\/\/paracherkaoui.ma\/index.php\/wp-json\/wp\/v2\/comments?post=27608"}],"version-history":[{"count":1,"href":"https:\/\/paracherkaoui.ma\/index.php\/wp-json\/wp\/v2\/product\/27608\/revisions"}],"predecessor-version":[{"id":27657,"href":"https:\/\/paracherkaoui.ma\/index.php\/wp-json\/wp\/v2\/product\/27608\/revisions\/27657"}],"wp:featuredmedia":[{"embeddable":true,"href":"https:\/\/paracherkaoui.ma\/index.php\/wp-json\/wp\/v2\/media\/27656"}],"wp:attachment":[{"href":"https:\/\/paracherkaoui.ma\/index.php\/wp-json\/wp\/v2\/media?parent=27608"}],"wp:term":[{"taxonomy":"product_brand","embeddable":true,"href":"https:\/\/paracherkaoui.ma\/index.php\/wp-json\/wp\/v2\/product_brand?post=27608"},{"taxonomy":"product_cat","embeddable":true,"href":"https:\/\/paracherkaoui.ma\/index.php\/wp-json\/wp\/v2\/product_cat?post=27608"},{"taxonomy":"product_tag","embeddable":true,"href":"https:\/\/paracherkaoui.ma\/index.php\/wp-json\/wp\/v2\/product_tag?post=27608"}],"curies":[{"name":"wp","href":"https:\/\/api.w.org\/{rel}","templated":true}]}}