{"id":27507,"date":"2025-12-12T18:26:57","date_gmt":"2025-12-12T17:26:57","guid":{"rendered":"https:\/\/test.ecbeaute.com\/?post_type=product&#038;p=27507"},"modified":"2025-12-12T18:27:00","modified_gmt":"2025-12-12T17:27:00","slug":"isdin-isdinceutics-prevent-hyaluronic-moisture-creme-peau-sensible-50-g","status":"publish","type":"product","link":"https:\/\/paracherkaoui.ma\/index.php\/produit\/isdin-isdinceutics-prevent-hyaluronic-moisture-creme-peau-sensible-50-g\/","title":{"rendered":"ISDIN ISDINCEUTICS PREVENT HYALURONIC MOISTURE CREME PEAU SENSIBLE 50 G"},"content":{"rendered":"<p>D\u00e9couvrez ISDIN ISDINCEUTICS Prevent Hyaluronic Moisture Cr\u00e8me, la solution parfaite pour les peaux sensibles et sujettes aux rougeurs. Cette cr\u00e8me visage l\u00e9g\u00e8re, formul\u00e9e \u00e0 base d\u2019acide hyaluronique, hydrate intens\u00e9ment votre peau tout en apaisant les irritations. Sa texture l\u00e9g\u00e8re p\u00e9n\u00e8tre rapidement, laissant votre visage frais et revitalis\u00e9.<br \/>\nEnrichie d&rsquo;un complexe sp\u00e9cial Redness Relief, cette cr\u00e8me lutte efficacement contre les signes de l&rsquo;\u00e2ge, pr\u00e9venant l&rsquo;apparition de rougeurs et restaurant l\u2019aspect naturel de votre peau. ISDINCEUTICS a d\u00e9velopp\u00e9 cette formule pour offrir une hydratation en profondeur tout en respectant les besoins sp\u00e9cifiques des peaux sensibles.<br \/>\nConseils d&rsquo;utilisation :<br \/>\nAppliquez la cr\u00e8me matin et soir sur une peau propre et s\u00e8che pour un effet optimal.<br \/>\nComposition :<br \/>\nAqua (Water), Caprylic\/Capric Triglyceride, Dicaprylyl Carbonate, Propanediol, Glycerin, Butylene Glycol, Niacinamide, Cellulose, Pentylene Glycol, Sodium Acrylates Crosspolymer-2, Dimethicone, 1,2-Hexanediol, Panthenol, Acrylates\/C10-30 Alkyl Acrylate Crosspolymer, Caprylyl Glycol, Ammonium Acryloyldimethyltaurate\/VP Copolymer, Tocopheryl Acetate, 4-T-Butylcyclohexanol, Trehalose, Urea, Citric Acid, Tocopherol, Parfum (Fragrance), Vigna Aconitifolia Seed Extract, Dimethicone Crosspolymer, Maltodextrin, Sodium Hyaluronate, Tetrasodium Glutamate Diacetate, Hydrolyzed Hyaluronic Acid, Hydroxyphenyl Propamidobenzoic Acid, Pentaerythrityl Tetra-Di-T-Butyl Hydroxyhydrocinnamate, Serine, Alteromonas Ferment Extract, Algin, Disodium Phosphate, Glyceryl Polyacrylate, Pullulan, Ascorbyl Palmitate, Potassium Phosphate, CI 17200 (Red 33).<\/p>\n","protected":false},"excerpt":{"rendered":"<p>D\u00e9couvrez ISDIN ISDINCEUTICS Prevent Hyaluronic Moisture Cr\u00e8me, la solution parfaite pour les peaux sensibles et sujettes aux rougeurs. Cette cr\u00e8me<\/p>\n","protected":false},"featured_media":27546,"comment_status":"open","ping_status":"closed","template":"","meta":[],"product_brand":[135],"product_cat":[525],"product_tag":[],"class_list":{"0":"post-27507","1":"product","2":"type-product","3":"status-publish","4":"has-post-thumbnail","6":"product_brand-isdin","7":"product_cat-cremes-jour","9":"first","10":"instock","11":"sale","12":"shipping-taxable","13":"purchasable","14":"product-type-simple"},"yoast_head":"<!-- This site is optimized with the Yoast SEO plugin v26.6 - https:\/\/yoast.com\/wordpress\/plugins\/seo\/ -->\r\n<title>ISDIN ISDINCEUTICS PREVENT HYALURONIC MOISTURE CREME PEAU SENSIBLE 50 G - Paracherkaoui.ma<\/title>\r\n<meta name=\"robots\" content=\"index, follow, max-snippet:-1, max-image-preview:large, max-video-preview:-1\" \/>\r\n<link rel=\"canonical\" href=\"https:\/\/paracherkaoui.ma\/index.php\/produit\/isdin-isdinceutics-prevent-hyaluronic-moisture-creme-peau-sensible-50-g\/\" \/>\r\n<meta property=\"og:locale\" content=\"fr_FR\" \/>\r\n<meta property=\"og:type\" content=\"article\" \/>\r\n<meta property=\"og:title\" content=\"ISDIN ISDINCEUTICS PREVENT HYALURONIC MOISTURE CREME PEAU SENSIBLE 50 G - Paracherkaoui.ma\" \/>\r\n<meta property=\"og:description\" content=\"D\u00e9couvrez ISDIN ISDINCEUTICS Prevent Hyaluronic Moisture Cr\u00e8me, la solution parfaite pour les peaux sensibles et sujettes aux rougeurs. Cette cr\u00e8me\" \/>\r\n<meta property=\"og:url\" content=\"https:\/\/paracherkaoui.ma\/index.php\/produit\/isdin-isdinceutics-prevent-hyaluronic-moisture-creme-peau-sensible-50-g\/\" \/>\r\n<meta property=\"og:site_name\" content=\"Paracherkaoui.ma\" \/>\r\n<meta property=\"article:modified_time\" content=\"2025-12-12T17:27:00+00:00\" \/>\r\n<meta property=\"og:image\" content=\"https:\/\/paracherkaoui.ma\/wp-content\/uploads\/2025\/12\/isdin-isdinceutics-prevent-hyaluronic-moisture-creme-peau-sensible-50-g.jpg\" \/>\r\n\t<meta property=\"og:image:width\" content=\"700\" \/>\r\n\t<meta property=\"og:image:height\" content=\"700\" \/>\r\n\t<meta property=\"og:image:type\" content=\"image\/jpeg\" \/>\r\n<meta name=\"twitter:card\" content=\"summary_large_image\" \/>\r\n<meta name=\"twitter:label1\" content=\"Dur\u00e9e de lecture estim\u00e9e\" \/>\n\t<meta name=\"twitter:data1\" content=\"1 minute\" \/>\r\n<script type=\"application\/ld+json\" class=\"yoast-schema-graph\">{\"@context\":\"https:\/\/schema.org\",\"@graph\":[{\"@type\":\"WebPage\",\"@id\":\"https:\/\/paracherkaoui.ma\/index.php\/produit\/isdin-isdinceutics-prevent-hyaluronic-moisture-creme-peau-sensible-50-g\/\",\"url\":\"https:\/\/paracherkaoui.ma\/index.php\/produit\/isdin-isdinceutics-prevent-hyaluronic-moisture-creme-peau-sensible-50-g\/\",\"name\":\"ISDIN ISDINCEUTICS PREVENT HYALURONIC MOISTURE CREME PEAU SENSIBLE 50 G - Paracherkaoui.ma\",\"isPartOf\":{\"@id\":\"https:\/\/paracherkaoui.ma\/#website\"},\"primaryImageOfPage\":{\"@id\":\"https:\/\/paracherkaoui.ma\/index.php\/produit\/isdin-isdinceutics-prevent-hyaluronic-moisture-creme-peau-sensible-50-g\/#primaryimage\"},\"image\":{\"@id\":\"https:\/\/paracherkaoui.ma\/index.php\/produit\/isdin-isdinceutics-prevent-hyaluronic-moisture-creme-peau-sensible-50-g\/#primaryimage\"},\"thumbnailUrl\":\"https:\/\/paracherkaoui.ma\/wp-content\/uploads\/2025\/12\/isdin-isdinceutics-prevent-hyaluronic-moisture-creme-peau-sensible-50-g.jpg\",\"datePublished\":\"2025-12-12T17:26:57+00:00\",\"dateModified\":\"2025-12-12T17:27:00+00:00\",\"breadcrumb\":{\"@id\":\"https:\/\/paracherkaoui.ma\/index.php\/produit\/isdin-isdinceutics-prevent-hyaluronic-moisture-creme-peau-sensible-50-g\/#breadcrumb\"},\"inLanguage\":\"fr-FR\",\"potentialAction\":[{\"@type\":\"ReadAction\",\"target\":[\"https:\/\/paracherkaoui.ma\/index.php\/produit\/isdin-isdinceutics-prevent-hyaluronic-moisture-creme-peau-sensible-50-g\/\"]}]},{\"@type\":\"ImageObject\",\"inLanguage\":\"fr-FR\",\"@id\":\"https:\/\/paracherkaoui.ma\/index.php\/produit\/isdin-isdinceutics-prevent-hyaluronic-moisture-creme-peau-sensible-50-g\/#primaryimage\",\"url\":\"https:\/\/paracherkaoui.ma\/wp-content\/uploads\/2025\/12\/isdin-isdinceutics-prevent-hyaluronic-moisture-creme-peau-sensible-50-g.jpg\",\"contentUrl\":\"https:\/\/paracherkaoui.ma\/wp-content\/uploads\/2025\/12\/isdin-isdinceutics-prevent-hyaluronic-moisture-creme-peau-sensible-50-g.jpg\",\"width\":700,\"height\":700},{\"@type\":\"BreadcrumbList\",\"@id\":\"https:\/\/paracherkaoui.ma\/index.php\/produit\/isdin-isdinceutics-prevent-hyaluronic-moisture-creme-peau-sensible-50-g\/#breadcrumb\",\"itemListElement\":[{\"@type\":\"ListItem\",\"position\":1,\"name\":\"Accueil\",\"item\":\"https:\/\/paracherkaoui.ma\/\"},{\"@type\":\"ListItem\",\"position\":2,\"name\":\"Boutique\",\"item\":\"https:\/\/paracherkaoui.ma\/index.php\/boutique\/\"},{\"@type\":\"ListItem\",\"position\":3,\"name\":\"ISDIN ISDINCEUTICS PREVENT HYALURONIC MOISTURE CREME PEAU SENSIBLE 50 G\"}]},{\"@type\":\"WebSite\",\"@id\":\"https:\/\/paracherkaoui.ma\/#website\",\"url\":\"https:\/\/paracherkaoui.ma\/\",\"name\":\"Paracherkaoui.ma\",\"description\":\"Achetez en ligne sur Paracherkaoui.ma\",\"potentialAction\":[{\"@type\":\"SearchAction\",\"target\":{\"@type\":\"EntryPoint\",\"urlTemplate\":\"https:\/\/paracherkaoui.ma\/?s={search_term_string}\"},\"query-input\":{\"@type\":\"PropertyValueSpecification\",\"valueRequired\":true,\"valueName\":\"search_term_string\"}}],\"inLanguage\":\"fr-FR\"}]}<\/script>\r\n<!-- \/ Yoast SEO plugin. -->","yoast_head_json":{"title":"ISDIN ISDINCEUTICS PREVENT HYALURONIC MOISTURE CREME PEAU SENSIBLE 50 G - Paracherkaoui.ma","robots":{"index":"index","follow":"follow","max-snippet":"max-snippet:-1","max-image-preview":"max-image-preview:large","max-video-preview":"max-video-preview:-1"},"canonical":"https:\/\/paracherkaoui.ma\/index.php\/produit\/isdin-isdinceutics-prevent-hyaluronic-moisture-creme-peau-sensible-50-g\/","og_locale":"fr_FR","og_type":"article","og_title":"ISDIN ISDINCEUTICS PREVENT HYALURONIC MOISTURE CREME PEAU SENSIBLE 50 G - Paracherkaoui.ma","og_description":"D\u00e9couvrez ISDIN ISDINCEUTICS Prevent Hyaluronic Moisture Cr\u00e8me, la solution parfaite pour les peaux sensibles et sujettes aux rougeurs. Cette cr\u00e8me","og_url":"https:\/\/paracherkaoui.ma\/index.php\/produit\/isdin-isdinceutics-prevent-hyaluronic-moisture-creme-peau-sensible-50-g\/","og_site_name":"Paracherkaoui.ma","article_modified_time":"2025-12-12T17:27:00+00:00","og_image":[{"width":700,"height":700,"url":"https:\/\/paracherkaoui.ma\/wp-content\/uploads\/2025\/12\/isdin-isdinceutics-prevent-hyaluronic-moisture-creme-peau-sensible-50-g.jpg","type":"image\/jpeg"}],"twitter_card":"summary_large_image","twitter_misc":{"Dur\u00e9e de lecture estim\u00e9e":"1 minute"},"schema":{"@context":"https:\/\/schema.org","@graph":[{"@type":"WebPage","@id":"https:\/\/paracherkaoui.ma\/index.php\/produit\/isdin-isdinceutics-prevent-hyaluronic-moisture-creme-peau-sensible-50-g\/","url":"https:\/\/paracherkaoui.ma\/index.php\/produit\/isdin-isdinceutics-prevent-hyaluronic-moisture-creme-peau-sensible-50-g\/","name":"ISDIN ISDINCEUTICS PREVENT HYALURONIC MOISTURE CREME PEAU SENSIBLE 50 G - Paracherkaoui.ma","isPartOf":{"@id":"https:\/\/paracherkaoui.ma\/#website"},"primaryImageOfPage":{"@id":"https:\/\/paracherkaoui.ma\/index.php\/produit\/isdin-isdinceutics-prevent-hyaluronic-moisture-creme-peau-sensible-50-g\/#primaryimage"},"image":{"@id":"https:\/\/paracherkaoui.ma\/index.php\/produit\/isdin-isdinceutics-prevent-hyaluronic-moisture-creme-peau-sensible-50-g\/#primaryimage"},"thumbnailUrl":"https:\/\/paracherkaoui.ma\/wp-content\/uploads\/2025\/12\/isdin-isdinceutics-prevent-hyaluronic-moisture-creme-peau-sensible-50-g.jpg","datePublished":"2025-12-12T17:26:57+00:00","dateModified":"2025-12-12T17:27:00+00:00","breadcrumb":{"@id":"https:\/\/paracherkaoui.ma\/index.php\/produit\/isdin-isdinceutics-prevent-hyaluronic-moisture-creme-peau-sensible-50-g\/#breadcrumb"},"inLanguage":"fr-FR","potentialAction":[{"@type":"ReadAction","target":["https:\/\/paracherkaoui.ma\/index.php\/produit\/isdin-isdinceutics-prevent-hyaluronic-moisture-creme-peau-sensible-50-g\/"]}]},{"@type":"ImageObject","inLanguage":"fr-FR","@id":"https:\/\/paracherkaoui.ma\/index.php\/produit\/isdin-isdinceutics-prevent-hyaluronic-moisture-creme-peau-sensible-50-g\/#primaryimage","url":"https:\/\/paracherkaoui.ma\/wp-content\/uploads\/2025\/12\/isdin-isdinceutics-prevent-hyaluronic-moisture-creme-peau-sensible-50-g.jpg","contentUrl":"https:\/\/paracherkaoui.ma\/wp-content\/uploads\/2025\/12\/isdin-isdinceutics-prevent-hyaluronic-moisture-creme-peau-sensible-50-g.jpg","width":700,"height":700},{"@type":"BreadcrumbList","@id":"https:\/\/paracherkaoui.ma\/index.php\/produit\/isdin-isdinceutics-prevent-hyaluronic-moisture-creme-peau-sensible-50-g\/#breadcrumb","itemListElement":[{"@type":"ListItem","position":1,"name":"Accueil","item":"https:\/\/paracherkaoui.ma\/"},{"@type":"ListItem","position":2,"name":"Boutique","item":"https:\/\/paracherkaoui.ma\/index.php\/boutique\/"},{"@type":"ListItem","position":3,"name":"ISDIN ISDINCEUTICS PREVENT HYALURONIC MOISTURE CREME PEAU SENSIBLE 50 G"}]},{"@type":"WebSite","@id":"https:\/\/paracherkaoui.ma\/#website","url":"https:\/\/paracherkaoui.ma\/","name":"Paracherkaoui.ma","description":"Achetez en ligne sur Paracherkaoui.ma","potentialAction":[{"@type":"SearchAction","target":{"@type":"EntryPoint","urlTemplate":"https:\/\/paracherkaoui.ma\/?s={search_term_string}"},"query-input":{"@type":"PropertyValueSpecification","valueRequired":true,"valueName":"search_term_string"}}],"inLanguage":"fr-FR"}]}},"_links":{"self":[{"href":"https:\/\/paracherkaoui.ma\/index.php\/wp-json\/wp\/v2\/product\/27507","targetHints":{"allow":["GET"]}}],"collection":[{"href":"https:\/\/paracherkaoui.ma\/index.php\/wp-json\/wp\/v2\/product"}],"about":[{"href":"https:\/\/paracherkaoui.ma\/index.php\/wp-json\/wp\/v2\/types\/product"}],"replies":[{"embeddable":true,"href":"https:\/\/paracherkaoui.ma\/index.php\/wp-json\/wp\/v2\/comments?post=27507"}],"version-history":[{"count":1,"href":"https:\/\/paracherkaoui.ma\/index.php\/wp-json\/wp\/v2\/product\/27507\/revisions"}],"predecessor-version":[{"id":27547,"href":"https:\/\/paracherkaoui.ma\/index.php\/wp-json\/wp\/v2\/product\/27507\/revisions\/27547"}],"wp:featuredmedia":[{"embeddable":true,"href":"https:\/\/paracherkaoui.ma\/index.php\/wp-json\/wp\/v2\/media\/27546"}],"wp:attachment":[{"href":"https:\/\/paracherkaoui.ma\/index.php\/wp-json\/wp\/v2\/media?parent=27507"}],"wp:term":[{"taxonomy":"product_brand","embeddable":true,"href":"https:\/\/paracherkaoui.ma\/index.php\/wp-json\/wp\/v2\/product_brand?post=27507"},{"taxonomy":"product_cat","embeddable":true,"href":"https:\/\/paracherkaoui.ma\/index.php\/wp-json\/wp\/v2\/product_cat?post=27507"},{"taxonomy":"product_tag","embeddable":true,"href":"https:\/\/paracherkaoui.ma\/index.php\/wp-json\/wp\/v2\/product_tag?post=27507"}],"curies":[{"name":"wp","href":"https:\/\/api.w.org\/{rel}","templated":true}]}}