{"id":27413,"date":"2025-12-12T18:26:49","date_gmt":"2025-12-12T17:26:49","guid":{"rendered":"https:\/\/test.ecbeaute.com\/?post_type=product&#038;p=27413"},"modified":"2025-12-12T18:26:51","modified_gmt":"2025-12-12T17:26:51","slug":"biotherm-aquasource-creme-peau-normale-a-mixte-50-ml","status":"publish","type":"product","link":"https:\/\/paracherkaoui.ma\/index.php\/produit\/biotherm-aquasource-creme-peau-normale-a-mixte-50-ml\/","title":{"rendered":"BIOTHERM AQUASOURCE CREME PEAU NORMALE A MIXTE 50 ML"},"content":{"rendered":"<p>D\u00e9couvrez la Biotherm Aquasource Cr\u00e8me Hydratation Peau Normale \u00e0 Mixte, un soin essentiel pour revitaliser votre peau au quotidien. Sp\u00e9cialement formul\u00e9e pour les peaux normales \u00e0 mixtes, cette cr\u00e8me de 50 ml offre une hydratation continue gr\u00e2ce \u00e0 sa technologie innovante de diffusion. Enrichie en Mannose et en Life Plankton, riche en fractions de probiotiques, elle recharge les r\u00e9serves naturelles d&rsquo;eau de votre \u00e9piderme, permettant \u00e0 votre peau de rester \u00e9clatante et souple, quel que soit l&rsquo;environnement.<br \/>\nLa texture l\u00e9g\u00e8re et fondante de la cr\u00e8me p\u00e9n\u00e8tre rapidement sans laisser de r\u00e9sidu gras, laissant votre peau douce, lisse et lumineuse. Avec cette cr\u00e8me, vous n\u2019obtenez pas seulement une hydratation instantan\u00e9e, mais \u00e9galement un effet longue dur\u00e9e, id\u00e9al pour lutter contre la d\u00e9shydratation. Adapt\u00e9e m\u00eame aux peaux sensibles, elle respecte l\u2019\u00e9quilibre cutan\u00e9 tout en offrant une sensation de confort in\u00e9gal\u00e9e.<br \/>\nPour un soin optimal, appliquez la cr\u00e8me chaque matin et soir sur une peau propre. R\u00e9chauffez une petite quantit\u00e9 entre vos paumes et massez d\u00e9licatement sur votre visage et votre cou en mouvements circulaires. Ce geste simple permet d\u2019optimiser l\u2019absorption des actifs et d\u2019apporter une touche de fra\u00eecheur.<br \/>\nFaites le choix d&rsquo;une hydratation efficace avec la cr\u00e8me Aquasource et r\u00e9v\u00e9lez toute la beaut\u00e9 de votre peau !<br \/>\nConseils d&rsquo;utilisation\u00a0:<br \/>\nAppliquez matin et soir sur le visage.<br \/>\nComposition :<br \/>\nAQUA \/ WATER \/ EAU \u25cf DIMETHICONE \u25cf GLYCERIN \u25cf PRUNUS ARMENIACA KERNEL OIL \/ APRICOT KERNEL OIL \u25cf ALCOHOL DENAT., BUTYROSPERMUM PARKII BUTTER \/ SHEA BUTTER \u25cf AMMONIUM POLYACRYLOYLDIMETHYL TAURATE \u25cf MANNOSE \u25cf GLYCINE SOJA OIL \/ SOYBEAN OIL \u25cf CERAMIDE NP \u25cf GLYCERYL STEARATE \u25cf<br \/>\nDIMETHICONE\/VINYL DIMETHICONE CROSSPOLYMER \u25cf DIMETHICONOL \u25cf PEG\/PPG\/POLYBUTYLENE GLYCOL-8\/5\/3 GLYCERIN \u25cf SODIUM HYDROXIDE \u25cf SODIUM LAURYL SULFATE \u25cf SERINE \u25cf 2-OLEAMIDO-1 \u25cf3-OCTADECANEDIOL \u25cf CHOLESTEROL \u25cf HYDROXYPALMITOYL SPHINGANINE \u25cf CAPRYLYL GLYCOL \u25cf VITREOSCILLA FERMENT \u25cf CITRIC ACID \u25cf CITRULLINE \u25cf TRISODIUM ETHYLENEDIAMINE DISUCCINATE \u25cf MENTHOXYPROPANEDIOL \u25cf ACRYLATES\/STEARETH-20 METHACRYLATE COPOLYMER \u25cf TOCOPHEROL \u25cf PENTAERYTHRITYL TETRA-DI-T-BUTYL HYDROXYHYDROCINNAMATE \u25cf PHENOXYETHANOL \u25cf CI 19140 \/ YELLOW 5 \u25cf CI 42090 \/ BLUE 1 \u25cf LINALOOL \u25cf LIMONENE \u25cf PARFUM \/ FRAGRANCE<\/p>\n","protected":false},"excerpt":{"rendered":"<p>D\u00e9couvrez la Biotherm Aquasource Cr\u00e8me Hydratation Peau Normale \u00e0 Mixte, un soin essentiel pour revitaliser votre peau au quotidien. Sp\u00e9cialement<\/p>\n","protected":false},"featured_media":27444,"comment_status":"open","ping_status":"closed","template":"","meta":[],"product_brand":[391],"product_cat":[525],"product_tag":[],"class_list":{"0":"post-27413","1":"product","2":"type-product","3":"status-publish","4":"has-post-thumbnail","6":"product_brand-biotherm","7":"product_cat-cremes-jour","9":"first","10":"instock","11":"shipping-taxable","12":"purchasable","13":"product-type-simple"},"yoast_head":"<!-- This site is optimized with the Yoast SEO plugin v26.6 - https:\/\/yoast.com\/wordpress\/plugins\/seo\/ -->\r\n<title>BIOTHERM AQUASOURCE CREME PEAU NORMALE A MIXTE 50 ML - Paracherkaoui.ma<\/title>\r\n<meta name=\"robots\" content=\"index, follow, max-snippet:-1, max-image-preview:large, max-video-preview:-1\" \/>\r\n<link rel=\"canonical\" href=\"https:\/\/paracherkaoui.ma\/index.php\/produit\/biotherm-aquasource-creme-peau-normale-a-mixte-50-ml\/\" \/>\r\n<meta property=\"og:locale\" content=\"fr_FR\" \/>\r\n<meta property=\"og:type\" content=\"article\" \/>\r\n<meta property=\"og:title\" content=\"BIOTHERM AQUASOURCE CREME PEAU NORMALE A MIXTE 50 ML - Paracherkaoui.ma\" \/>\r\n<meta property=\"og:description\" content=\"D\u00e9couvrez la Biotherm Aquasource Cr\u00e8me Hydratation Peau Normale \u00e0 Mixte, un soin essentiel pour revitaliser votre peau au quotidien. Sp\u00e9cialement\" \/>\r\n<meta property=\"og:url\" content=\"https:\/\/paracherkaoui.ma\/index.php\/produit\/biotherm-aquasource-creme-peau-normale-a-mixte-50-ml\/\" \/>\r\n<meta property=\"og:site_name\" content=\"Paracherkaoui.ma\" \/>\r\n<meta property=\"article:modified_time\" content=\"2025-12-12T17:26:51+00:00\" \/>\r\n<meta property=\"og:image\" content=\"https:\/\/paracherkaoui.ma\/wp-content\/uploads\/2025\/12\/biotherm-aquasource-creme-peau-normale-a-mixte-50-ml.jpg\" \/>\r\n\t<meta property=\"og:image:width\" content=\"700\" \/>\r\n\t<meta property=\"og:image:height\" content=\"700\" \/>\r\n\t<meta property=\"og:image:type\" content=\"image\/jpeg\" \/>\r\n<meta name=\"twitter:card\" content=\"summary_large_image\" \/>\r\n<meta name=\"twitter:label1\" content=\"Dur\u00e9e de lecture estim\u00e9e\" \/>\n\t<meta name=\"twitter:data1\" content=\"2 minutes\" \/>\r\n<script type=\"application\/ld+json\" class=\"yoast-schema-graph\">{\"@context\":\"https:\/\/schema.org\",\"@graph\":[{\"@type\":\"WebPage\",\"@id\":\"https:\/\/paracherkaoui.ma\/index.php\/produit\/biotherm-aquasource-creme-peau-normale-a-mixte-50-ml\/\",\"url\":\"https:\/\/paracherkaoui.ma\/index.php\/produit\/biotherm-aquasource-creme-peau-normale-a-mixte-50-ml\/\",\"name\":\"BIOTHERM AQUASOURCE CREME PEAU NORMALE A MIXTE 50 ML - Paracherkaoui.ma\",\"isPartOf\":{\"@id\":\"https:\/\/paracherkaoui.ma\/#website\"},\"primaryImageOfPage\":{\"@id\":\"https:\/\/paracherkaoui.ma\/index.php\/produit\/biotherm-aquasource-creme-peau-normale-a-mixte-50-ml\/#primaryimage\"},\"image\":{\"@id\":\"https:\/\/paracherkaoui.ma\/index.php\/produit\/biotherm-aquasource-creme-peau-normale-a-mixte-50-ml\/#primaryimage\"},\"thumbnailUrl\":\"https:\/\/paracherkaoui.ma\/wp-content\/uploads\/2025\/12\/biotherm-aquasource-creme-peau-normale-a-mixte-50-ml.jpg\",\"datePublished\":\"2025-12-12T17:26:49+00:00\",\"dateModified\":\"2025-12-12T17:26:51+00:00\",\"breadcrumb\":{\"@id\":\"https:\/\/paracherkaoui.ma\/index.php\/produit\/biotherm-aquasource-creme-peau-normale-a-mixte-50-ml\/#breadcrumb\"},\"inLanguage\":\"fr-FR\",\"potentialAction\":[{\"@type\":\"ReadAction\",\"target\":[\"https:\/\/paracherkaoui.ma\/index.php\/produit\/biotherm-aquasource-creme-peau-normale-a-mixte-50-ml\/\"]}]},{\"@type\":\"ImageObject\",\"inLanguage\":\"fr-FR\",\"@id\":\"https:\/\/paracherkaoui.ma\/index.php\/produit\/biotherm-aquasource-creme-peau-normale-a-mixte-50-ml\/#primaryimage\",\"url\":\"https:\/\/paracherkaoui.ma\/wp-content\/uploads\/2025\/12\/biotherm-aquasource-creme-peau-normale-a-mixte-50-ml.jpg\",\"contentUrl\":\"https:\/\/paracherkaoui.ma\/wp-content\/uploads\/2025\/12\/biotherm-aquasource-creme-peau-normale-a-mixte-50-ml.jpg\",\"width\":700,\"height\":700},{\"@type\":\"BreadcrumbList\",\"@id\":\"https:\/\/paracherkaoui.ma\/index.php\/produit\/biotherm-aquasource-creme-peau-normale-a-mixte-50-ml\/#breadcrumb\",\"itemListElement\":[{\"@type\":\"ListItem\",\"position\":1,\"name\":\"Accueil\",\"item\":\"https:\/\/paracherkaoui.ma\/\"},{\"@type\":\"ListItem\",\"position\":2,\"name\":\"Boutique\",\"item\":\"https:\/\/paracherkaoui.ma\/index.php\/boutique\/\"},{\"@type\":\"ListItem\",\"position\":3,\"name\":\"BIOTHERM AQUASOURCE CREME PEAU NORMALE A MIXTE 50 ML\"}]},{\"@type\":\"WebSite\",\"@id\":\"https:\/\/paracherkaoui.ma\/#website\",\"url\":\"https:\/\/paracherkaoui.ma\/\",\"name\":\"Paracherkaoui.ma\",\"description\":\"Achetez en ligne sur Paracherkaoui.ma\",\"potentialAction\":[{\"@type\":\"SearchAction\",\"target\":{\"@type\":\"EntryPoint\",\"urlTemplate\":\"https:\/\/paracherkaoui.ma\/?s={search_term_string}\"},\"query-input\":{\"@type\":\"PropertyValueSpecification\",\"valueRequired\":true,\"valueName\":\"search_term_string\"}}],\"inLanguage\":\"fr-FR\"}]}<\/script>\r\n<!-- \/ Yoast SEO plugin. -->","yoast_head_json":{"title":"BIOTHERM AQUASOURCE CREME PEAU NORMALE A MIXTE 50 ML - Paracherkaoui.ma","robots":{"index":"index","follow":"follow","max-snippet":"max-snippet:-1","max-image-preview":"max-image-preview:large","max-video-preview":"max-video-preview:-1"},"canonical":"https:\/\/paracherkaoui.ma\/index.php\/produit\/biotherm-aquasource-creme-peau-normale-a-mixte-50-ml\/","og_locale":"fr_FR","og_type":"article","og_title":"BIOTHERM AQUASOURCE CREME PEAU NORMALE A MIXTE 50 ML - Paracherkaoui.ma","og_description":"D\u00e9couvrez la Biotherm Aquasource Cr\u00e8me Hydratation Peau Normale \u00e0 Mixte, un soin essentiel pour revitaliser votre peau au quotidien. Sp\u00e9cialement","og_url":"https:\/\/paracherkaoui.ma\/index.php\/produit\/biotherm-aquasource-creme-peau-normale-a-mixte-50-ml\/","og_site_name":"Paracherkaoui.ma","article_modified_time":"2025-12-12T17:26:51+00:00","og_image":[{"width":700,"height":700,"url":"https:\/\/paracherkaoui.ma\/wp-content\/uploads\/2025\/12\/biotherm-aquasource-creme-peau-normale-a-mixte-50-ml.jpg","type":"image\/jpeg"}],"twitter_card":"summary_large_image","twitter_misc":{"Dur\u00e9e de lecture estim\u00e9e":"2 minutes"},"schema":{"@context":"https:\/\/schema.org","@graph":[{"@type":"WebPage","@id":"https:\/\/paracherkaoui.ma\/index.php\/produit\/biotherm-aquasource-creme-peau-normale-a-mixte-50-ml\/","url":"https:\/\/paracherkaoui.ma\/index.php\/produit\/biotherm-aquasource-creme-peau-normale-a-mixte-50-ml\/","name":"BIOTHERM AQUASOURCE CREME PEAU NORMALE A MIXTE 50 ML - Paracherkaoui.ma","isPartOf":{"@id":"https:\/\/paracherkaoui.ma\/#website"},"primaryImageOfPage":{"@id":"https:\/\/paracherkaoui.ma\/index.php\/produit\/biotherm-aquasource-creme-peau-normale-a-mixte-50-ml\/#primaryimage"},"image":{"@id":"https:\/\/paracherkaoui.ma\/index.php\/produit\/biotherm-aquasource-creme-peau-normale-a-mixte-50-ml\/#primaryimage"},"thumbnailUrl":"https:\/\/paracherkaoui.ma\/wp-content\/uploads\/2025\/12\/biotherm-aquasource-creme-peau-normale-a-mixte-50-ml.jpg","datePublished":"2025-12-12T17:26:49+00:00","dateModified":"2025-12-12T17:26:51+00:00","breadcrumb":{"@id":"https:\/\/paracherkaoui.ma\/index.php\/produit\/biotherm-aquasource-creme-peau-normale-a-mixte-50-ml\/#breadcrumb"},"inLanguage":"fr-FR","potentialAction":[{"@type":"ReadAction","target":["https:\/\/paracherkaoui.ma\/index.php\/produit\/biotherm-aquasource-creme-peau-normale-a-mixte-50-ml\/"]}]},{"@type":"ImageObject","inLanguage":"fr-FR","@id":"https:\/\/paracherkaoui.ma\/index.php\/produit\/biotherm-aquasource-creme-peau-normale-a-mixte-50-ml\/#primaryimage","url":"https:\/\/paracherkaoui.ma\/wp-content\/uploads\/2025\/12\/biotherm-aquasource-creme-peau-normale-a-mixte-50-ml.jpg","contentUrl":"https:\/\/paracherkaoui.ma\/wp-content\/uploads\/2025\/12\/biotherm-aquasource-creme-peau-normale-a-mixte-50-ml.jpg","width":700,"height":700},{"@type":"BreadcrumbList","@id":"https:\/\/paracherkaoui.ma\/index.php\/produit\/biotherm-aquasource-creme-peau-normale-a-mixte-50-ml\/#breadcrumb","itemListElement":[{"@type":"ListItem","position":1,"name":"Accueil","item":"https:\/\/paracherkaoui.ma\/"},{"@type":"ListItem","position":2,"name":"Boutique","item":"https:\/\/paracherkaoui.ma\/index.php\/boutique\/"},{"@type":"ListItem","position":3,"name":"BIOTHERM AQUASOURCE CREME PEAU NORMALE A MIXTE 50 ML"}]},{"@type":"WebSite","@id":"https:\/\/paracherkaoui.ma\/#website","url":"https:\/\/paracherkaoui.ma\/","name":"Paracherkaoui.ma","description":"Achetez en ligne sur Paracherkaoui.ma","potentialAction":[{"@type":"SearchAction","target":{"@type":"EntryPoint","urlTemplate":"https:\/\/paracherkaoui.ma\/?s={search_term_string}"},"query-input":{"@type":"PropertyValueSpecification","valueRequired":true,"valueName":"search_term_string"}}],"inLanguage":"fr-FR"}]}},"_links":{"self":[{"href":"https:\/\/paracherkaoui.ma\/index.php\/wp-json\/wp\/v2\/product\/27413","targetHints":{"allow":["GET"]}}],"collection":[{"href":"https:\/\/paracherkaoui.ma\/index.php\/wp-json\/wp\/v2\/product"}],"about":[{"href":"https:\/\/paracherkaoui.ma\/index.php\/wp-json\/wp\/v2\/types\/product"}],"replies":[{"embeddable":true,"href":"https:\/\/paracherkaoui.ma\/index.php\/wp-json\/wp\/v2\/comments?post=27413"}],"version-history":[{"count":1,"href":"https:\/\/paracherkaoui.ma\/index.php\/wp-json\/wp\/v2\/product\/27413\/revisions"}],"predecessor-version":[{"id":27445,"href":"https:\/\/paracherkaoui.ma\/index.php\/wp-json\/wp\/v2\/product\/27413\/revisions\/27445"}],"wp:featuredmedia":[{"embeddable":true,"href":"https:\/\/paracherkaoui.ma\/index.php\/wp-json\/wp\/v2\/media\/27444"}],"wp:attachment":[{"href":"https:\/\/paracherkaoui.ma\/index.php\/wp-json\/wp\/v2\/media?parent=27413"}],"wp:term":[{"taxonomy":"product_brand","embeddable":true,"href":"https:\/\/paracherkaoui.ma\/index.php\/wp-json\/wp\/v2\/product_brand?post=27413"},{"taxonomy":"product_cat","embeddable":true,"href":"https:\/\/paracherkaoui.ma\/index.php\/wp-json\/wp\/v2\/product_cat?post=27413"},{"taxonomy":"product_tag","embeddable":true,"href":"https:\/\/paracherkaoui.ma\/index.php\/wp-json\/wp\/v2\/product_tag?post=27413"}],"curies":[{"name":"wp","href":"https:\/\/api.w.org\/{rel}","templated":true}]}}