{"id":27181,"date":"2025-12-12T18:26:19","date_gmt":"2025-12-12T17:26:19","guid":{"rendered":"https:\/\/test.ecbeaute.com\/?post_type=product&#038;p=27181"},"modified":"2025-12-12T18:26:22","modified_gmt":"2025-12-12T17:26:22","slug":"capiderma-capiwhite-soin-depigmentant-intensif-35-ml-2","status":"publish","type":"product","link":"https:\/\/paracherkaoui.ma\/index.php\/produit\/capiderma-capiwhite-soin-depigmentant-intensif-35-ml-2\/","title":{"rendered":"CAPIDERMA CAPIWHITE SOIN DEPIGMENTANT INTENSIF 35 ML"},"content":{"rendered":"<p>DESCRIPTION :<br \/>\nCAPIWHITE est un soin traitant pour peaux hyperpigment\u00e9es aux principes actifs d&rsquo;hydroquinone, d&rsquo;acide kojic et d&rsquo;acide glycolique. R\u00e9duit consid\u00e9rablement la formation de m\u00e9lanine sur la peau. Utilis\u00e9e pour \u00e9claircir les zones sombres, r\u00e9duire les t\u00e2ches de vieillesse et de rousseur pour unifier votre teint. Votre peau parait plus \u00e9clatante et radieuse. Sans parab\u00e8nes.<br \/>\nCONSEILS D&rsquo;UTILISATION :<br \/>\nAppliquer matin et\/ou soir sur une peau propre et s\u00e8che en mouvements circulaires. Pour de meilleurs r\u00e9sultats, il est recommand\u00e9 d&rsquo;utiliser la cr\u00e8me solaire Capiderma contre UVB et UVA.<\/p>\n","protected":false},"excerpt":{"rendered":"<p>DESCRIPTION : CAPIWHITE est un soin traitant pour peaux hyperpigment\u00e9es aux principes actifs d&rsquo;hydroquinone, d&rsquo;acide kojic et d&rsquo;acide glycolique. R\u00e9duit<\/p>\n","protected":false},"featured_media":25243,"comment_status":"open","ping_status":"closed","template":"","meta":[],"product_brand":[247],"product_cat":[525],"product_tag":[],"class_list":{"0":"post-27181","1":"product","2":"type-product","3":"status-publish","4":"has-post-thumbnail","6":"product_brand-capiderma","7":"product_cat-cremes-jour","9":"first","10":"instock","11":"sale","12":"shipping-taxable","13":"purchasable","14":"product-type-simple"},"yoast_head":"<!-- This site is optimized with the Yoast SEO plugin v26.6 - https:\/\/yoast.com\/wordpress\/plugins\/seo\/ -->\r\n<title>CAPIDERMA CAPIWHITE SOIN DEPIGMENTANT INTENSIF 35 ML - Paracherkaoui.ma<\/title>\r\n<meta name=\"robots\" content=\"index, follow, max-snippet:-1, max-image-preview:large, max-video-preview:-1\" \/>\r\n<link rel=\"canonical\" href=\"https:\/\/paracherkaoui.ma\/index.php\/produit\/capiderma-capiwhite-soin-depigmentant-intensif-35-ml-2\/\" \/>\r\n<meta property=\"og:locale\" content=\"fr_FR\" \/>\r\n<meta property=\"og:type\" content=\"article\" \/>\r\n<meta property=\"og:title\" content=\"CAPIDERMA CAPIWHITE SOIN DEPIGMENTANT INTENSIF 35 ML - Paracherkaoui.ma\" \/>\r\n<meta property=\"og:description\" content=\"DESCRIPTION : CAPIWHITE est un soin traitant pour peaux hyperpigment\u00e9es aux principes actifs d&rsquo;hydroquinone, d&rsquo;acide kojic et d&rsquo;acide glycolique. R\u00e9duit\" \/>\r\n<meta property=\"og:url\" content=\"https:\/\/paracherkaoui.ma\/index.php\/produit\/capiderma-capiwhite-soin-depigmentant-intensif-35-ml-2\/\" \/>\r\n<meta property=\"og:site_name\" content=\"Paracherkaoui.ma\" \/>\r\n<meta property=\"article:modified_time\" content=\"2025-12-12T17:26:22+00:00\" \/>\r\n<meta property=\"og:image\" content=\"https:\/\/paracherkaoui.ma\/wp-content\/uploads\/2025\/12\/capiderma-capiderma-capiwhite-soin-depigmentant-intensif-35-ml-cremes-depigmentant.jpg\" \/>\r\n\t<meta property=\"og:image:width\" content=\"700\" \/>\r\n\t<meta property=\"og:image:height\" content=\"700\" \/>\r\n\t<meta property=\"og:image:type\" content=\"image\/jpeg\" \/>\r\n<meta name=\"twitter:card\" content=\"summary_large_image\" \/>\r\n<script type=\"application\/ld+json\" class=\"yoast-schema-graph\">{\"@context\":\"https:\/\/schema.org\",\"@graph\":[{\"@type\":\"WebPage\",\"@id\":\"https:\/\/paracherkaoui.ma\/index.php\/produit\/capiderma-capiwhite-soin-depigmentant-intensif-35-ml-2\/\",\"url\":\"https:\/\/paracherkaoui.ma\/index.php\/produit\/capiderma-capiwhite-soin-depigmentant-intensif-35-ml-2\/\",\"name\":\"CAPIDERMA CAPIWHITE SOIN DEPIGMENTANT INTENSIF 35 ML - Paracherkaoui.ma\",\"isPartOf\":{\"@id\":\"https:\/\/paracherkaoui.ma\/#website\"},\"primaryImageOfPage\":{\"@id\":\"https:\/\/paracherkaoui.ma\/index.php\/produit\/capiderma-capiwhite-soin-depigmentant-intensif-35-ml-2\/#primaryimage\"},\"image\":{\"@id\":\"https:\/\/paracherkaoui.ma\/index.php\/produit\/capiderma-capiwhite-soin-depigmentant-intensif-35-ml-2\/#primaryimage\"},\"thumbnailUrl\":\"https:\/\/paracherkaoui.ma\/wp-content\/uploads\/2025\/12\/capiderma-capiderma-capiwhite-soin-depigmentant-intensif-35-ml-cremes-depigmentant.jpg\",\"datePublished\":\"2025-12-12T17:26:19+00:00\",\"dateModified\":\"2025-12-12T17:26:22+00:00\",\"breadcrumb\":{\"@id\":\"https:\/\/paracherkaoui.ma\/index.php\/produit\/capiderma-capiwhite-soin-depigmentant-intensif-35-ml-2\/#breadcrumb\"},\"inLanguage\":\"fr-FR\",\"potentialAction\":[{\"@type\":\"ReadAction\",\"target\":[\"https:\/\/paracherkaoui.ma\/index.php\/produit\/capiderma-capiwhite-soin-depigmentant-intensif-35-ml-2\/\"]}]},{\"@type\":\"ImageObject\",\"inLanguage\":\"fr-FR\",\"@id\":\"https:\/\/paracherkaoui.ma\/index.php\/produit\/capiderma-capiwhite-soin-depigmentant-intensif-35-ml-2\/#primaryimage\",\"url\":\"https:\/\/paracherkaoui.ma\/wp-content\/uploads\/2025\/12\/capiderma-capiderma-capiwhite-soin-depigmentant-intensif-35-ml-cremes-depigmentant.jpg\",\"contentUrl\":\"https:\/\/paracherkaoui.ma\/wp-content\/uploads\/2025\/12\/capiderma-capiderma-capiwhite-soin-depigmentant-intensif-35-ml-cremes-depigmentant.jpg\",\"width\":700,\"height\":700},{\"@type\":\"BreadcrumbList\",\"@id\":\"https:\/\/paracherkaoui.ma\/index.php\/produit\/capiderma-capiwhite-soin-depigmentant-intensif-35-ml-2\/#breadcrumb\",\"itemListElement\":[{\"@type\":\"ListItem\",\"position\":1,\"name\":\"Accueil\",\"item\":\"https:\/\/paracherkaoui.ma\/\"},{\"@type\":\"ListItem\",\"position\":2,\"name\":\"Boutique\",\"item\":\"https:\/\/paracherkaoui.ma\/index.php\/boutique\/\"},{\"@type\":\"ListItem\",\"position\":3,\"name\":\"CAPIDERMA CAPIWHITE SOIN DEPIGMENTANT INTENSIF 35 ML\"}]},{\"@type\":\"WebSite\",\"@id\":\"https:\/\/paracherkaoui.ma\/#website\",\"url\":\"https:\/\/paracherkaoui.ma\/\",\"name\":\"Paracherkaoui.ma\",\"description\":\"Achetez en ligne sur Paracherkaoui.ma\",\"potentialAction\":[{\"@type\":\"SearchAction\",\"target\":{\"@type\":\"EntryPoint\",\"urlTemplate\":\"https:\/\/paracherkaoui.ma\/?s={search_term_string}\"},\"query-input\":{\"@type\":\"PropertyValueSpecification\",\"valueRequired\":true,\"valueName\":\"search_term_string\"}}],\"inLanguage\":\"fr-FR\"}]}<\/script>\r\n<!-- \/ Yoast SEO plugin. -->","yoast_head_json":{"title":"CAPIDERMA CAPIWHITE SOIN DEPIGMENTANT INTENSIF 35 ML - Paracherkaoui.ma","robots":{"index":"index","follow":"follow","max-snippet":"max-snippet:-1","max-image-preview":"max-image-preview:large","max-video-preview":"max-video-preview:-1"},"canonical":"https:\/\/paracherkaoui.ma\/index.php\/produit\/capiderma-capiwhite-soin-depigmentant-intensif-35-ml-2\/","og_locale":"fr_FR","og_type":"article","og_title":"CAPIDERMA CAPIWHITE SOIN DEPIGMENTANT INTENSIF 35 ML - Paracherkaoui.ma","og_description":"DESCRIPTION : CAPIWHITE est un soin traitant pour peaux hyperpigment\u00e9es aux principes actifs d&rsquo;hydroquinone, d&rsquo;acide kojic et d&rsquo;acide glycolique. R\u00e9duit","og_url":"https:\/\/paracherkaoui.ma\/index.php\/produit\/capiderma-capiwhite-soin-depigmentant-intensif-35-ml-2\/","og_site_name":"Paracherkaoui.ma","article_modified_time":"2025-12-12T17:26:22+00:00","og_image":[{"width":700,"height":700,"url":"https:\/\/paracherkaoui.ma\/wp-content\/uploads\/2025\/12\/capiderma-capiderma-capiwhite-soin-depigmentant-intensif-35-ml-cremes-depigmentant.jpg","type":"image\/jpeg"}],"twitter_card":"summary_large_image","schema":{"@context":"https:\/\/schema.org","@graph":[{"@type":"WebPage","@id":"https:\/\/paracherkaoui.ma\/index.php\/produit\/capiderma-capiwhite-soin-depigmentant-intensif-35-ml-2\/","url":"https:\/\/paracherkaoui.ma\/index.php\/produit\/capiderma-capiwhite-soin-depigmentant-intensif-35-ml-2\/","name":"CAPIDERMA CAPIWHITE SOIN DEPIGMENTANT INTENSIF 35 ML - Paracherkaoui.ma","isPartOf":{"@id":"https:\/\/paracherkaoui.ma\/#website"},"primaryImageOfPage":{"@id":"https:\/\/paracherkaoui.ma\/index.php\/produit\/capiderma-capiwhite-soin-depigmentant-intensif-35-ml-2\/#primaryimage"},"image":{"@id":"https:\/\/paracherkaoui.ma\/index.php\/produit\/capiderma-capiwhite-soin-depigmentant-intensif-35-ml-2\/#primaryimage"},"thumbnailUrl":"https:\/\/paracherkaoui.ma\/wp-content\/uploads\/2025\/12\/capiderma-capiderma-capiwhite-soin-depigmentant-intensif-35-ml-cremes-depigmentant.jpg","datePublished":"2025-12-12T17:26:19+00:00","dateModified":"2025-12-12T17:26:22+00:00","breadcrumb":{"@id":"https:\/\/paracherkaoui.ma\/index.php\/produit\/capiderma-capiwhite-soin-depigmentant-intensif-35-ml-2\/#breadcrumb"},"inLanguage":"fr-FR","potentialAction":[{"@type":"ReadAction","target":["https:\/\/paracherkaoui.ma\/index.php\/produit\/capiderma-capiwhite-soin-depigmentant-intensif-35-ml-2\/"]}]},{"@type":"ImageObject","inLanguage":"fr-FR","@id":"https:\/\/paracherkaoui.ma\/index.php\/produit\/capiderma-capiwhite-soin-depigmentant-intensif-35-ml-2\/#primaryimage","url":"https:\/\/paracherkaoui.ma\/wp-content\/uploads\/2025\/12\/capiderma-capiderma-capiwhite-soin-depigmentant-intensif-35-ml-cremes-depigmentant.jpg","contentUrl":"https:\/\/paracherkaoui.ma\/wp-content\/uploads\/2025\/12\/capiderma-capiderma-capiwhite-soin-depigmentant-intensif-35-ml-cremes-depigmentant.jpg","width":700,"height":700},{"@type":"BreadcrumbList","@id":"https:\/\/paracherkaoui.ma\/index.php\/produit\/capiderma-capiwhite-soin-depigmentant-intensif-35-ml-2\/#breadcrumb","itemListElement":[{"@type":"ListItem","position":1,"name":"Accueil","item":"https:\/\/paracherkaoui.ma\/"},{"@type":"ListItem","position":2,"name":"Boutique","item":"https:\/\/paracherkaoui.ma\/index.php\/boutique\/"},{"@type":"ListItem","position":3,"name":"CAPIDERMA CAPIWHITE SOIN DEPIGMENTANT INTENSIF 35 ML"}]},{"@type":"WebSite","@id":"https:\/\/paracherkaoui.ma\/#website","url":"https:\/\/paracherkaoui.ma\/","name":"Paracherkaoui.ma","description":"Achetez en ligne sur Paracherkaoui.ma","potentialAction":[{"@type":"SearchAction","target":{"@type":"EntryPoint","urlTemplate":"https:\/\/paracherkaoui.ma\/?s={search_term_string}"},"query-input":{"@type":"PropertyValueSpecification","valueRequired":true,"valueName":"search_term_string"}}],"inLanguage":"fr-FR"}]}},"_links":{"self":[{"href":"https:\/\/paracherkaoui.ma\/index.php\/wp-json\/wp\/v2\/product\/27181","targetHints":{"allow":["GET"]}}],"collection":[{"href":"https:\/\/paracherkaoui.ma\/index.php\/wp-json\/wp\/v2\/product"}],"about":[{"href":"https:\/\/paracherkaoui.ma\/index.php\/wp-json\/wp\/v2\/types\/product"}],"replies":[{"embeddable":true,"href":"https:\/\/paracherkaoui.ma\/index.php\/wp-json\/wp\/v2\/comments?post=27181"}],"version-history":[{"count":1,"href":"https:\/\/paracherkaoui.ma\/index.php\/wp-json\/wp\/v2\/product\/27181\/revisions"}],"predecessor-version":[{"id":27219,"href":"https:\/\/paracherkaoui.ma\/index.php\/wp-json\/wp\/v2\/product\/27181\/revisions\/27219"}],"wp:featuredmedia":[{"embeddable":true,"href":"https:\/\/paracherkaoui.ma\/index.php\/wp-json\/wp\/v2\/media\/25243"}],"wp:attachment":[{"href":"https:\/\/paracherkaoui.ma\/index.php\/wp-json\/wp\/v2\/media?parent=27181"}],"wp:term":[{"taxonomy":"product_brand","embeddable":true,"href":"https:\/\/paracherkaoui.ma\/index.php\/wp-json\/wp\/v2\/product_brand?post=27181"},{"taxonomy":"product_cat","embeddable":true,"href":"https:\/\/paracherkaoui.ma\/index.php\/wp-json\/wp\/v2\/product_cat?post=27181"},{"taxonomy":"product_tag","embeddable":true,"href":"https:\/\/paracherkaoui.ma\/index.php\/wp-json\/wp\/v2\/product_tag?post=27181"}],"curies":[{"name":"wp","href":"https:\/\/api.w.org\/{rel}","templated":true}]}}