{"id":26905,"date":"2025-12-12T18:25:42","date_gmt":"2025-12-12T17:25:42","guid":{"rendered":"https:\/\/test.ecbeaute.com\/?post_type=product&#038;p=26905"},"modified":"2025-12-12T18:25:47","modified_gmt":"2025-12-12T17:25:47","slug":"anubis-new-even-glyco-gel-15-10-gel-regenerant-50ml","status":"publish","type":"product","link":"https:\/\/paracherkaoui.ma\/index.php\/produit\/anubis-new-even-glyco-gel-15-10-gel-regenerant-50ml\/","title":{"rendered":"ANUBIS NEW EVEN GLYCO GEL 15-10 GEL REGENERANT 50ML"},"content":{"rendered":"<p>Gel r\u00e9g\u00e9n\u00e9rant. Les acides de fruits contenus dans ce fluide exfoliant permettent un renouvellement constant, contr\u00f4l\u00e9 et non agressif des couches superficielles de la peau. Cela permet un renouvellement cellulaire important et une meilleure p\u00e9n\u00e9tration des principes actifs du traitement.<br \/>\nIl est particuli\u00e8rement indiqu\u00e9 pour les peaux \u00e9paisses et\/ou acn\u00e9iques, ou comme compl\u00e9ment anti-\u00e2ge, car il amincit la couche corn\u00e9e et r\u00e9duit les rides. Il est recommand\u00e9 en compl\u00e9ment de toute autre cr\u00e8me de traitement, en appliquant d&rsquo;abord le fluide jusqu&rsquo;\u00e0 absorption, puis la cr\u00e8me. Pour tous les types de peau, sauf les peaux sensibles. De pr\u00e9f\u00e9rence pour une utilisation nocturne.<br \/>\nConseils d&rsquo;utilisation :<br \/>\nApr\u00e8s avoir nettoy\u00e9 et tonifi\u00e9 la peau, appliquez le gel en massant doucement jusqu&rsquo;\u00e0 absorption compl\u00e8te.<\/p>\n","protected":false},"excerpt":{"rendered":"<p>Gel r\u00e9g\u00e9n\u00e9rant. Les acides de fruits contenus dans ce fluide exfoliant permettent un renouvellement constant, contr\u00f4l\u00e9 et non agressif des<\/p>\n","protected":false},"featured_media":26954,"comment_status":"open","ping_status":"closed","template":"","meta":[],"product_brand":[376],"product_cat":[525],"product_tag":[],"class_list":{"0":"post-26905","1":"product","2":"type-product","3":"status-publish","4":"has-post-thumbnail","6":"product_brand-anubis","7":"product_cat-cremes-jour","9":"first","10":"instock","11":"sale","12":"shipping-taxable","13":"purchasable","14":"product-type-simple"},"yoast_head":"<!-- This site is optimized with the Yoast SEO plugin v26.6 - https:\/\/yoast.com\/wordpress\/plugins\/seo\/ -->\r\n<title>ANUBIS NEW EVEN GLYCO GEL 15-10 GEL REGENERANT 50ML - Paracherkaoui.ma<\/title>\r\n<meta name=\"robots\" content=\"index, follow, max-snippet:-1, max-image-preview:large, max-video-preview:-1\" \/>\r\n<link rel=\"canonical\" href=\"https:\/\/paracherkaoui.ma\/index.php\/produit\/anubis-new-even-glyco-gel-15-10-gel-regenerant-50ml\/\" \/>\r\n<meta property=\"og:locale\" content=\"fr_FR\" \/>\r\n<meta property=\"og:type\" content=\"article\" \/>\r\n<meta property=\"og:title\" content=\"ANUBIS NEW EVEN GLYCO GEL 15-10 GEL REGENERANT 50ML - Paracherkaoui.ma\" \/>\r\n<meta property=\"og:description\" content=\"Gel r\u00e9g\u00e9n\u00e9rant. Les acides de fruits contenus dans ce fluide exfoliant permettent un renouvellement constant, contr\u00f4l\u00e9 et non agressif des\" \/>\r\n<meta property=\"og:url\" content=\"https:\/\/paracherkaoui.ma\/index.php\/produit\/anubis-new-even-glyco-gel-15-10-gel-regenerant-50ml\/\" \/>\r\n<meta property=\"og:site_name\" content=\"Paracherkaoui.ma\" \/>\r\n<meta property=\"article:modified_time\" content=\"2025-12-12T17:25:47+00:00\" \/>\r\n<meta property=\"og:image\" content=\"https:\/\/paracherkaoui.ma\/wp-content\/uploads\/2025\/12\/anubis-anubis-new-even-glyco-gel-15-10-gel-regenerant-50ml-cremes-eclats.jpg\" \/>\r\n\t<meta property=\"og:image:width\" content=\"700\" \/>\r\n\t<meta property=\"og:image:height\" content=\"700\" \/>\r\n\t<meta property=\"og:image:type\" content=\"image\/jpeg\" \/>\r\n<meta name=\"twitter:card\" content=\"summary_large_image\" \/>\r\n<meta name=\"twitter:label1\" content=\"Dur\u00e9e de lecture estim\u00e9e\" \/>\n\t<meta name=\"twitter:data1\" content=\"1 minute\" \/>\r\n<script type=\"application\/ld+json\" class=\"yoast-schema-graph\">{\"@context\":\"https:\/\/schema.org\",\"@graph\":[{\"@type\":\"WebPage\",\"@id\":\"https:\/\/paracherkaoui.ma\/index.php\/produit\/anubis-new-even-glyco-gel-15-10-gel-regenerant-50ml\/\",\"url\":\"https:\/\/paracherkaoui.ma\/index.php\/produit\/anubis-new-even-glyco-gel-15-10-gel-regenerant-50ml\/\",\"name\":\"ANUBIS NEW EVEN GLYCO GEL 15-10 GEL REGENERANT 50ML - Paracherkaoui.ma\",\"isPartOf\":{\"@id\":\"https:\/\/paracherkaoui.ma\/#website\"},\"primaryImageOfPage\":{\"@id\":\"https:\/\/paracherkaoui.ma\/index.php\/produit\/anubis-new-even-glyco-gel-15-10-gel-regenerant-50ml\/#primaryimage\"},\"image\":{\"@id\":\"https:\/\/paracherkaoui.ma\/index.php\/produit\/anubis-new-even-glyco-gel-15-10-gel-regenerant-50ml\/#primaryimage\"},\"thumbnailUrl\":\"https:\/\/paracherkaoui.ma\/wp-content\/uploads\/2025\/12\/anubis-anubis-new-even-glyco-gel-15-10-gel-regenerant-50ml-cremes-eclats.jpg\",\"datePublished\":\"2025-12-12T17:25:42+00:00\",\"dateModified\":\"2025-12-12T17:25:47+00:00\",\"breadcrumb\":{\"@id\":\"https:\/\/paracherkaoui.ma\/index.php\/produit\/anubis-new-even-glyco-gel-15-10-gel-regenerant-50ml\/#breadcrumb\"},\"inLanguage\":\"fr-FR\",\"potentialAction\":[{\"@type\":\"ReadAction\",\"target\":[\"https:\/\/paracherkaoui.ma\/index.php\/produit\/anubis-new-even-glyco-gel-15-10-gel-regenerant-50ml\/\"]}]},{\"@type\":\"ImageObject\",\"inLanguage\":\"fr-FR\",\"@id\":\"https:\/\/paracherkaoui.ma\/index.php\/produit\/anubis-new-even-glyco-gel-15-10-gel-regenerant-50ml\/#primaryimage\",\"url\":\"https:\/\/paracherkaoui.ma\/wp-content\/uploads\/2025\/12\/anubis-anubis-new-even-glyco-gel-15-10-gel-regenerant-50ml-cremes-eclats.jpg\",\"contentUrl\":\"https:\/\/paracherkaoui.ma\/wp-content\/uploads\/2025\/12\/anubis-anubis-new-even-glyco-gel-15-10-gel-regenerant-50ml-cremes-eclats.jpg\",\"width\":700,\"height\":700},{\"@type\":\"BreadcrumbList\",\"@id\":\"https:\/\/paracherkaoui.ma\/index.php\/produit\/anubis-new-even-glyco-gel-15-10-gel-regenerant-50ml\/#breadcrumb\",\"itemListElement\":[{\"@type\":\"ListItem\",\"position\":1,\"name\":\"Accueil\",\"item\":\"https:\/\/paracherkaoui.ma\/\"},{\"@type\":\"ListItem\",\"position\":2,\"name\":\"Boutique\",\"item\":\"https:\/\/paracherkaoui.ma\/index.php\/boutique\/\"},{\"@type\":\"ListItem\",\"position\":3,\"name\":\"ANUBIS NEW EVEN GLYCO GEL 15-10 GEL REGENERANT 50ML\"}]},{\"@type\":\"WebSite\",\"@id\":\"https:\/\/paracherkaoui.ma\/#website\",\"url\":\"https:\/\/paracherkaoui.ma\/\",\"name\":\"Paracherkaoui.ma\",\"description\":\"Achetez en ligne sur Paracherkaoui.ma\",\"potentialAction\":[{\"@type\":\"SearchAction\",\"target\":{\"@type\":\"EntryPoint\",\"urlTemplate\":\"https:\/\/paracherkaoui.ma\/?s={search_term_string}\"},\"query-input\":{\"@type\":\"PropertyValueSpecification\",\"valueRequired\":true,\"valueName\":\"search_term_string\"}}],\"inLanguage\":\"fr-FR\"}]}<\/script>\r\n<!-- \/ Yoast SEO plugin. -->","yoast_head_json":{"title":"ANUBIS NEW EVEN GLYCO GEL 15-10 GEL REGENERANT 50ML - Paracherkaoui.ma","robots":{"index":"index","follow":"follow","max-snippet":"max-snippet:-1","max-image-preview":"max-image-preview:large","max-video-preview":"max-video-preview:-1"},"canonical":"https:\/\/paracherkaoui.ma\/index.php\/produit\/anubis-new-even-glyco-gel-15-10-gel-regenerant-50ml\/","og_locale":"fr_FR","og_type":"article","og_title":"ANUBIS NEW EVEN GLYCO GEL 15-10 GEL REGENERANT 50ML - Paracherkaoui.ma","og_description":"Gel r\u00e9g\u00e9n\u00e9rant. Les acides de fruits contenus dans ce fluide exfoliant permettent un renouvellement constant, contr\u00f4l\u00e9 et non agressif des","og_url":"https:\/\/paracherkaoui.ma\/index.php\/produit\/anubis-new-even-glyco-gel-15-10-gel-regenerant-50ml\/","og_site_name":"Paracherkaoui.ma","article_modified_time":"2025-12-12T17:25:47+00:00","og_image":[{"width":700,"height":700,"url":"https:\/\/paracherkaoui.ma\/wp-content\/uploads\/2025\/12\/anubis-anubis-new-even-glyco-gel-15-10-gel-regenerant-50ml-cremes-eclats.jpg","type":"image\/jpeg"}],"twitter_card":"summary_large_image","twitter_misc":{"Dur\u00e9e de lecture estim\u00e9e":"1 minute"},"schema":{"@context":"https:\/\/schema.org","@graph":[{"@type":"WebPage","@id":"https:\/\/paracherkaoui.ma\/index.php\/produit\/anubis-new-even-glyco-gel-15-10-gel-regenerant-50ml\/","url":"https:\/\/paracherkaoui.ma\/index.php\/produit\/anubis-new-even-glyco-gel-15-10-gel-regenerant-50ml\/","name":"ANUBIS NEW EVEN GLYCO GEL 15-10 GEL REGENERANT 50ML - Paracherkaoui.ma","isPartOf":{"@id":"https:\/\/paracherkaoui.ma\/#website"},"primaryImageOfPage":{"@id":"https:\/\/paracherkaoui.ma\/index.php\/produit\/anubis-new-even-glyco-gel-15-10-gel-regenerant-50ml\/#primaryimage"},"image":{"@id":"https:\/\/paracherkaoui.ma\/index.php\/produit\/anubis-new-even-glyco-gel-15-10-gel-regenerant-50ml\/#primaryimage"},"thumbnailUrl":"https:\/\/paracherkaoui.ma\/wp-content\/uploads\/2025\/12\/anubis-anubis-new-even-glyco-gel-15-10-gel-regenerant-50ml-cremes-eclats.jpg","datePublished":"2025-12-12T17:25:42+00:00","dateModified":"2025-12-12T17:25:47+00:00","breadcrumb":{"@id":"https:\/\/paracherkaoui.ma\/index.php\/produit\/anubis-new-even-glyco-gel-15-10-gel-regenerant-50ml\/#breadcrumb"},"inLanguage":"fr-FR","potentialAction":[{"@type":"ReadAction","target":["https:\/\/paracherkaoui.ma\/index.php\/produit\/anubis-new-even-glyco-gel-15-10-gel-regenerant-50ml\/"]}]},{"@type":"ImageObject","inLanguage":"fr-FR","@id":"https:\/\/paracherkaoui.ma\/index.php\/produit\/anubis-new-even-glyco-gel-15-10-gel-regenerant-50ml\/#primaryimage","url":"https:\/\/paracherkaoui.ma\/wp-content\/uploads\/2025\/12\/anubis-anubis-new-even-glyco-gel-15-10-gel-regenerant-50ml-cremes-eclats.jpg","contentUrl":"https:\/\/paracherkaoui.ma\/wp-content\/uploads\/2025\/12\/anubis-anubis-new-even-glyco-gel-15-10-gel-regenerant-50ml-cremes-eclats.jpg","width":700,"height":700},{"@type":"BreadcrumbList","@id":"https:\/\/paracherkaoui.ma\/index.php\/produit\/anubis-new-even-glyco-gel-15-10-gel-regenerant-50ml\/#breadcrumb","itemListElement":[{"@type":"ListItem","position":1,"name":"Accueil","item":"https:\/\/paracherkaoui.ma\/"},{"@type":"ListItem","position":2,"name":"Boutique","item":"https:\/\/paracherkaoui.ma\/index.php\/boutique\/"},{"@type":"ListItem","position":3,"name":"ANUBIS NEW EVEN GLYCO GEL 15-10 GEL REGENERANT 50ML"}]},{"@type":"WebSite","@id":"https:\/\/paracherkaoui.ma\/#website","url":"https:\/\/paracherkaoui.ma\/","name":"Paracherkaoui.ma","description":"Achetez en ligne sur Paracherkaoui.ma","potentialAction":[{"@type":"SearchAction","target":{"@type":"EntryPoint","urlTemplate":"https:\/\/paracherkaoui.ma\/?s={search_term_string}"},"query-input":{"@type":"PropertyValueSpecification","valueRequired":true,"valueName":"search_term_string"}}],"inLanguage":"fr-FR"}]}},"_links":{"self":[{"href":"https:\/\/paracherkaoui.ma\/index.php\/wp-json\/wp\/v2\/product\/26905","targetHints":{"allow":["GET"]}}],"collection":[{"href":"https:\/\/paracherkaoui.ma\/index.php\/wp-json\/wp\/v2\/product"}],"about":[{"href":"https:\/\/paracherkaoui.ma\/index.php\/wp-json\/wp\/v2\/types\/product"}],"replies":[{"embeddable":true,"href":"https:\/\/paracherkaoui.ma\/index.php\/wp-json\/wp\/v2\/comments?post=26905"}],"version-history":[{"count":1,"href":"https:\/\/paracherkaoui.ma\/index.php\/wp-json\/wp\/v2\/product\/26905\/revisions"}],"predecessor-version":[{"id":26955,"href":"https:\/\/paracherkaoui.ma\/index.php\/wp-json\/wp\/v2\/product\/26905\/revisions\/26955"}],"wp:featuredmedia":[{"embeddable":true,"href":"https:\/\/paracherkaoui.ma\/index.php\/wp-json\/wp\/v2\/media\/26954"}],"wp:attachment":[{"href":"https:\/\/paracherkaoui.ma\/index.php\/wp-json\/wp\/v2\/media?parent=26905"}],"wp:term":[{"taxonomy":"product_brand","embeddable":true,"href":"https:\/\/paracherkaoui.ma\/index.php\/wp-json\/wp\/v2\/product_brand?post=26905"},{"taxonomy":"product_cat","embeddable":true,"href":"https:\/\/paracherkaoui.ma\/index.php\/wp-json\/wp\/v2\/product_cat?post=26905"},{"taxonomy":"product_tag","embeddable":true,"href":"https:\/\/paracherkaoui.ma\/index.php\/wp-json\/wp\/v2\/product_tag?post=26905"}],"curies":[{"name":"wp","href":"https:\/\/api.w.org\/{rel}","templated":true}]}}