{"id":26804,"date":"2025-12-12T18:25:34","date_gmt":"2025-12-12T17:25:34","guid":{"rendered":"https:\/\/test.ecbeaute.com\/?post_type=product&#038;p=26804"},"modified":"2025-12-12T18:25:36","modified_gmt":"2025-12-12T17:25:36","slug":"dermina-sensi-blanc-creme-hydratante-eclaircissante-peaux-normales-a-seches-40-ml-2","status":"publish","type":"product","link":"https:\/\/paracherkaoui.ma\/index.php\/produit\/dermina-sensi-blanc-creme-hydratante-eclaircissante-peaux-normales-a-seches-40-ml-2\/","title":{"rendered":"DERMINA SENSI BLANC CREME HYDRATANTE ECLAIRCISSANTE PEAUX NORMALES A SECHES 40 ML"},"content":{"rendered":"<p>La Cr\u00e8me Hydratante Eclaircissante Sensi-Blanc DERMINA va clarifier et unifier le teint en r\u00e9parant les dommages caus\u00e9s par les UV.<br \/>\nIl est formul\u00e9 avec de l&rsquo;extrait de Licorice et de vitamine C stabilis\u00e9e.<br \/>\nCe soin va apporter \u00e0 la peau toute l&rsquo;hydratation dont elle a besoin.<br \/>\nLa peau retrouve \u00e9clat et lumi\u00e8re.<br \/>\nCette cr\u00e8me convient aux peaux normales \u00e0 s\u00e8ches.<br \/>\nComment utiliser la Cr\u00e8me hydratante de DERMINA ?<br \/>\nNettoyez votre peau avant d&rsquo;utiliser la cr\u00e8me DERMINA.<br \/>\nAppliquez cette cr\u00e8me en faisant des mouvements circulaires sur le visage.<\/p>\n<p>A utiliser le matin et le soir<\/p>\n","protected":false},"excerpt":{"rendered":"<p>La Cr\u00e8me Hydratante Eclaircissante Sensi-Blanc DERMINA va clarifier et unifier le teint en r\u00e9parant les dommages caus\u00e9s par les UV.<\/p>\n","protected":false},"featured_media":24888,"comment_status":"open","ping_status":"closed","template":"","meta":[],"product_brand":[386],"product_cat":[525],"product_tag":[],"class_list":{"0":"post-26804","1":"product","2":"type-product","3":"status-publish","4":"has-post-thumbnail","6":"product_brand-dermina","7":"product_cat-cremes-jour","9":"first","10":"instock","11":"sale","12":"shipping-taxable","13":"purchasable","14":"product-type-simple"},"yoast_head":"<!-- This site is optimized with the Yoast SEO plugin v26.6 - https:\/\/yoast.com\/wordpress\/plugins\/seo\/ -->\r\n<title>DERMINA SENSI BLANC CREME HYDRATANTE ECLAIRCISSANTE PEAUX NORMALES A SECHES 40 ML - Paracherkaoui.ma<\/title>\r\n<meta name=\"robots\" content=\"index, follow, max-snippet:-1, max-image-preview:large, max-video-preview:-1\" \/>\r\n<link rel=\"canonical\" href=\"https:\/\/paracherkaoui.ma\/index.php\/produit\/dermina-sensi-blanc-creme-hydratante-eclaircissante-peaux-normales-a-seches-40-ml-2\/\" \/>\r\n<meta property=\"og:locale\" content=\"fr_FR\" \/>\r\n<meta property=\"og:type\" content=\"article\" \/>\r\n<meta property=\"og:title\" content=\"DERMINA SENSI BLANC CREME HYDRATANTE ECLAIRCISSANTE PEAUX NORMALES A SECHES 40 ML - Paracherkaoui.ma\" \/>\r\n<meta property=\"og:description\" content=\"La Cr\u00e8me Hydratante Eclaircissante Sensi-Blanc DERMINA va clarifier et unifier le teint en r\u00e9parant les dommages caus\u00e9s par les UV.\" \/>\r\n<meta property=\"og:url\" content=\"https:\/\/paracherkaoui.ma\/index.php\/produit\/dermina-sensi-blanc-creme-hydratante-eclaircissante-peaux-normales-a-seches-40-ml-2\/\" \/>\r\n<meta property=\"og:site_name\" content=\"Paracherkaoui.ma\" \/>\r\n<meta property=\"article:modified_time\" content=\"2025-12-12T17:25:36+00:00\" \/>\r\n<meta property=\"og:image\" content=\"https:\/\/paracherkaoui.ma\/wp-content\/uploads\/2025\/12\/dermina-dermina-sensi-blanc-creme-hydratante-eclaircissante-peaux-normales-a-seches-40-ml-cremes-depigmentantes.jpg\" \/>\r\n\t<meta property=\"og:image:width\" content=\"700\" \/>\r\n\t<meta property=\"og:image:height\" content=\"700\" \/>\r\n\t<meta property=\"og:image:type\" content=\"image\/jpeg\" \/>\r\n<meta name=\"twitter:card\" content=\"summary_large_image\" \/>\r\n<meta name=\"twitter:label1\" content=\"Dur\u00e9e de lecture estim\u00e9e\" \/>\n\t<meta name=\"twitter:data1\" content=\"1 minute\" \/>\r\n<script type=\"application\/ld+json\" class=\"yoast-schema-graph\">{\"@context\":\"https:\/\/schema.org\",\"@graph\":[{\"@type\":\"WebPage\",\"@id\":\"https:\/\/paracherkaoui.ma\/index.php\/produit\/dermina-sensi-blanc-creme-hydratante-eclaircissante-peaux-normales-a-seches-40-ml-2\/\",\"url\":\"https:\/\/paracherkaoui.ma\/index.php\/produit\/dermina-sensi-blanc-creme-hydratante-eclaircissante-peaux-normales-a-seches-40-ml-2\/\",\"name\":\"DERMINA SENSI BLANC CREME HYDRATANTE ECLAIRCISSANTE PEAUX NORMALES A SECHES 40 ML - Paracherkaoui.ma\",\"isPartOf\":{\"@id\":\"https:\/\/paracherkaoui.ma\/#website\"},\"primaryImageOfPage\":{\"@id\":\"https:\/\/paracherkaoui.ma\/index.php\/produit\/dermina-sensi-blanc-creme-hydratante-eclaircissante-peaux-normales-a-seches-40-ml-2\/#primaryimage\"},\"image\":{\"@id\":\"https:\/\/paracherkaoui.ma\/index.php\/produit\/dermina-sensi-blanc-creme-hydratante-eclaircissante-peaux-normales-a-seches-40-ml-2\/#primaryimage\"},\"thumbnailUrl\":\"https:\/\/paracherkaoui.ma\/wp-content\/uploads\/2025\/12\/dermina-dermina-sensi-blanc-creme-hydratante-eclaircissante-peaux-normales-a-seches-40-ml-cremes-depigmentantes.jpg\",\"datePublished\":\"2025-12-12T17:25:34+00:00\",\"dateModified\":\"2025-12-12T17:25:36+00:00\",\"breadcrumb\":{\"@id\":\"https:\/\/paracherkaoui.ma\/index.php\/produit\/dermina-sensi-blanc-creme-hydratante-eclaircissante-peaux-normales-a-seches-40-ml-2\/#breadcrumb\"},\"inLanguage\":\"fr-FR\",\"potentialAction\":[{\"@type\":\"ReadAction\",\"target\":[\"https:\/\/paracherkaoui.ma\/index.php\/produit\/dermina-sensi-blanc-creme-hydratante-eclaircissante-peaux-normales-a-seches-40-ml-2\/\"]}]},{\"@type\":\"ImageObject\",\"inLanguage\":\"fr-FR\",\"@id\":\"https:\/\/paracherkaoui.ma\/index.php\/produit\/dermina-sensi-blanc-creme-hydratante-eclaircissante-peaux-normales-a-seches-40-ml-2\/#primaryimage\",\"url\":\"https:\/\/paracherkaoui.ma\/wp-content\/uploads\/2025\/12\/dermina-dermina-sensi-blanc-creme-hydratante-eclaircissante-peaux-normales-a-seches-40-ml-cremes-depigmentantes.jpg\",\"contentUrl\":\"https:\/\/paracherkaoui.ma\/wp-content\/uploads\/2025\/12\/dermina-dermina-sensi-blanc-creme-hydratante-eclaircissante-peaux-normales-a-seches-40-ml-cremes-depigmentantes.jpg\",\"width\":700,\"height\":700},{\"@type\":\"BreadcrumbList\",\"@id\":\"https:\/\/paracherkaoui.ma\/index.php\/produit\/dermina-sensi-blanc-creme-hydratante-eclaircissante-peaux-normales-a-seches-40-ml-2\/#breadcrumb\",\"itemListElement\":[{\"@type\":\"ListItem\",\"position\":1,\"name\":\"Accueil\",\"item\":\"https:\/\/paracherkaoui.ma\/\"},{\"@type\":\"ListItem\",\"position\":2,\"name\":\"Boutique\",\"item\":\"https:\/\/paracherkaoui.ma\/index.php\/boutique\/\"},{\"@type\":\"ListItem\",\"position\":3,\"name\":\"DERMINA SENSI BLANC CREME HYDRATANTE ECLAIRCISSANTE PEAUX NORMALES A SECHES 40 ML\"}]},{\"@type\":\"WebSite\",\"@id\":\"https:\/\/paracherkaoui.ma\/#website\",\"url\":\"https:\/\/paracherkaoui.ma\/\",\"name\":\"Paracherkaoui.ma\",\"description\":\"Achetez en ligne sur Paracherkaoui.ma\",\"potentialAction\":[{\"@type\":\"SearchAction\",\"target\":{\"@type\":\"EntryPoint\",\"urlTemplate\":\"https:\/\/paracherkaoui.ma\/?s={search_term_string}\"},\"query-input\":{\"@type\":\"PropertyValueSpecification\",\"valueRequired\":true,\"valueName\":\"search_term_string\"}}],\"inLanguage\":\"fr-FR\"}]}<\/script>\r\n<!-- \/ Yoast SEO plugin. -->","yoast_head_json":{"title":"DERMINA SENSI BLANC CREME HYDRATANTE ECLAIRCISSANTE PEAUX NORMALES A SECHES 40 ML - Paracherkaoui.ma","robots":{"index":"index","follow":"follow","max-snippet":"max-snippet:-1","max-image-preview":"max-image-preview:large","max-video-preview":"max-video-preview:-1"},"canonical":"https:\/\/paracherkaoui.ma\/index.php\/produit\/dermina-sensi-blanc-creme-hydratante-eclaircissante-peaux-normales-a-seches-40-ml-2\/","og_locale":"fr_FR","og_type":"article","og_title":"DERMINA SENSI BLANC CREME HYDRATANTE ECLAIRCISSANTE PEAUX NORMALES A SECHES 40 ML - Paracherkaoui.ma","og_description":"La Cr\u00e8me Hydratante Eclaircissante Sensi-Blanc DERMINA va clarifier et unifier le teint en r\u00e9parant les dommages caus\u00e9s par les UV.","og_url":"https:\/\/paracherkaoui.ma\/index.php\/produit\/dermina-sensi-blanc-creme-hydratante-eclaircissante-peaux-normales-a-seches-40-ml-2\/","og_site_name":"Paracherkaoui.ma","article_modified_time":"2025-12-12T17:25:36+00:00","og_image":[{"width":700,"height":700,"url":"https:\/\/paracherkaoui.ma\/wp-content\/uploads\/2025\/12\/dermina-dermina-sensi-blanc-creme-hydratante-eclaircissante-peaux-normales-a-seches-40-ml-cremes-depigmentantes.jpg","type":"image\/jpeg"}],"twitter_card":"summary_large_image","twitter_misc":{"Dur\u00e9e de lecture estim\u00e9e":"1 minute"},"schema":{"@context":"https:\/\/schema.org","@graph":[{"@type":"WebPage","@id":"https:\/\/paracherkaoui.ma\/index.php\/produit\/dermina-sensi-blanc-creme-hydratante-eclaircissante-peaux-normales-a-seches-40-ml-2\/","url":"https:\/\/paracherkaoui.ma\/index.php\/produit\/dermina-sensi-blanc-creme-hydratante-eclaircissante-peaux-normales-a-seches-40-ml-2\/","name":"DERMINA SENSI BLANC CREME HYDRATANTE ECLAIRCISSANTE PEAUX NORMALES A SECHES 40 ML - Paracherkaoui.ma","isPartOf":{"@id":"https:\/\/paracherkaoui.ma\/#website"},"primaryImageOfPage":{"@id":"https:\/\/paracherkaoui.ma\/index.php\/produit\/dermina-sensi-blanc-creme-hydratante-eclaircissante-peaux-normales-a-seches-40-ml-2\/#primaryimage"},"image":{"@id":"https:\/\/paracherkaoui.ma\/index.php\/produit\/dermina-sensi-blanc-creme-hydratante-eclaircissante-peaux-normales-a-seches-40-ml-2\/#primaryimage"},"thumbnailUrl":"https:\/\/paracherkaoui.ma\/wp-content\/uploads\/2025\/12\/dermina-dermina-sensi-blanc-creme-hydratante-eclaircissante-peaux-normales-a-seches-40-ml-cremes-depigmentantes.jpg","datePublished":"2025-12-12T17:25:34+00:00","dateModified":"2025-12-12T17:25:36+00:00","breadcrumb":{"@id":"https:\/\/paracherkaoui.ma\/index.php\/produit\/dermina-sensi-blanc-creme-hydratante-eclaircissante-peaux-normales-a-seches-40-ml-2\/#breadcrumb"},"inLanguage":"fr-FR","potentialAction":[{"@type":"ReadAction","target":["https:\/\/paracherkaoui.ma\/index.php\/produit\/dermina-sensi-blanc-creme-hydratante-eclaircissante-peaux-normales-a-seches-40-ml-2\/"]}]},{"@type":"ImageObject","inLanguage":"fr-FR","@id":"https:\/\/paracherkaoui.ma\/index.php\/produit\/dermina-sensi-blanc-creme-hydratante-eclaircissante-peaux-normales-a-seches-40-ml-2\/#primaryimage","url":"https:\/\/paracherkaoui.ma\/wp-content\/uploads\/2025\/12\/dermina-dermina-sensi-blanc-creme-hydratante-eclaircissante-peaux-normales-a-seches-40-ml-cremes-depigmentantes.jpg","contentUrl":"https:\/\/paracherkaoui.ma\/wp-content\/uploads\/2025\/12\/dermina-dermina-sensi-blanc-creme-hydratante-eclaircissante-peaux-normales-a-seches-40-ml-cremes-depigmentantes.jpg","width":700,"height":700},{"@type":"BreadcrumbList","@id":"https:\/\/paracherkaoui.ma\/index.php\/produit\/dermina-sensi-blanc-creme-hydratante-eclaircissante-peaux-normales-a-seches-40-ml-2\/#breadcrumb","itemListElement":[{"@type":"ListItem","position":1,"name":"Accueil","item":"https:\/\/paracherkaoui.ma\/"},{"@type":"ListItem","position":2,"name":"Boutique","item":"https:\/\/paracherkaoui.ma\/index.php\/boutique\/"},{"@type":"ListItem","position":3,"name":"DERMINA SENSI BLANC CREME HYDRATANTE ECLAIRCISSANTE PEAUX NORMALES A SECHES 40 ML"}]},{"@type":"WebSite","@id":"https:\/\/paracherkaoui.ma\/#website","url":"https:\/\/paracherkaoui.ma\/","name":"Paracherkaoui.ma","description":"Achetez en ligne sur Paracherkaoui.ma","potentialAction":[{"@type":"SearchAction","target":{"@type":"EntryPoint","urlTemplate":"https:\/\/paracherkaoui.ma\/?s={search_term_string}"},"query-input":{"@type":"PropertyValueSpecification","valueRequired":true,"valueName":"search_term_string"}}],"inLanguage":"fr-FR"}]}},"_links":{"self":[{"href":"https:\/\/paracherkaoui.ma\/index.php\/wp-json\/wp\/v2\/product\/26804","targetHints":{"allow":["GET"]}}],"collection":[{"href":"https:\/\/paracherkaoui.ma\/index.php\/wp-json\/wp\/v2\/product"}],"about":[{"href":"https:\/\/paracherkaoui.ma\/index.php\/wp-json\/wp\/v2\/types\/product"}],"replies":[{"embeddable":true,"href":"https:\/\/paracherkaoui.ma\/index.php\/wp-json\/wp\/v2\/comments?post=26804"}],"version-history":[{"count":1,"href":"https:\/\/paracherkaoui.ma\/index.php\/wp-json\/wp\/v2\/product\/26804\/revisions"}],"predecessor-version":[{"id":26835,"href":"https:\/\/paracherkaoui.ma\/index.php\/wp-json\/wp\/v2\/product\/26804\/revisions\/26835"}],"wp:featuredmedia":[{"embeddable":true,"href":"https:\/\/paracherkaoui.ma\/index.php\/wp-json\/wp\/v2\/media\/24888"}],"wp:attachment":[{"href":"https:\/\/paracherkaoui.ma\/index.php\/wp-json\/wp\/v2\/media?parent=26804"}],"wp:term":[{"taxonomy":"product_brand","embeddable":true,"href":"https:\/\/paracherkaoui.ma\/index.php\/wp-json\/wp\/v2\/product_brand?post=26804"},{"taxonomy":"product_cat","embeddable":true,"href":"https:\/\/paracherkaoui.ma\/index.php\/wp-json\/wp\/v2\/product_cat?post=26804"},{"taxonomy":"product_tag","embeddable":true,"href":"https:\/\/paracherkaoui.ma\/index.php\/wp-json\/wp\/v2\/product_tag?post=26804"}],"curies":[{"name":"wp","href":"https:\/\/api.w.org\/{rel}","templated":true}]}}