{"id":26620,"date":"2025-12-12T18:25:03","date_gmt":"2025-12-12T17:25:03","guid":{"rendered":"https:\/\/test.ecbeaute.com\/?post_type=product&#038;p=26620"},"modified":"2025-12-12T18:25:07","modified_gmt":"2025-12-12T17:25:07","slug":"la-roche-posay-hydraphase-ha-uv-riche-spf-25-40-ml-2","status":"publish","type":"product","link":"https:\/\/paracherkaoui.ma\/index.php\/produit\/la-roche-posay-hydraphase-ha-uv-riche-spf-25-40-ml-2\/","title":{"rendered":"LA ROCHE POSAY HYDRAPHASE HA UV RICHE SPF 25 40 ML"},"content":{"rendered":"<p>HYDRAPHASE HA UV SPF 25 Riche est notre premi\u00e8re cr\u00e8me hydratante pour les peaux sensibles et d\u00e9shydrat\u00e9es, \u00e0 combiner une hydratation intense de 72H \u00e0 une haute protection SPF 25 contre les UVA et les UVB. Elle contient de l&rsquo;Acide Hyaluronique d&rsquo;origine naturelle issu de la technologie verte, actif reconnu pour hydrater la peau et la repulper, ainsi que de l&rsquo;Eau Thermale de La Roche-Posay \u00e0 haute concentration apaisante et hautement hydratante. Instantan\u00e9ment, la peau est confortable, hydrat\u00e9e et prot\u00e9g\u00e9e. Le teint est frais et \u00e9clatant. Sa texture est riche, confortable, et non collante.<br \/>\n1\/ Hydrate pendant 72H*<\/p>\n<p>2\/ Repulpe et restaure imm\u00e9diatement l&rsquo;\u00e9clat des peaux sensibles d\u00e9shydrat\u00e9es<\/p>\n<p>3\/ Prot\u00e8ge des agressions ext\u00e9rieures gr\u00e2ce \u00e0 ses filtres UVA &#038; UVB<br \/>\nConseils d&rsquo;utilisation:<br \/>\nAppliquer sur le visage et le cou matin et soir apr\u00e8s le nettoyage.<\/p>\n","protected":false},"excerpt":{"rendered":"<p>HYDRAPHASE HA UV SPF 25 Riche est notre premi\u00e8re cr\u00e8me hydratante pour les peaux sensibles et d\u00e9shydrat\u00e9es, \u00e0 combiner une<\/p>\n","protected":false},"featured_media":13385,"comment_status":"open","ping_status":"closed","template":"","meta":[],"product_brand":[132],"product_cat":[525],"product_tag":[],"class_list":{"0":"post-26620","1":"product","2":"type-product","3":"status-publish","4":"has-post-thumbnail","6":"product_brand-la-roche-posay","7":"product_cat-cremes-jour","9":"first","10":"instock","11":"sale","12":"shipping-taxable","13":"purchasable","14":"product-type-simple"},"yoast_head":"<!-- This site is optimized with the Yoast SEO plugin v26.6 - https:\/\/yoast.com\/wordpress\/plugins\/seo\/ -->\r\n<title>LA ROCHE POSAY HYDRAPHASE HA UV RICHE SPF 25 40 ML - Paracherkaoui.ma<\/title>\r\n<meta name=\"robots\" content=\"index, follow, max-snippet:-1, max-image-preview:large, max-video-preview:-1\" \/>\r\n<link rel=\"canonical\" href=\"https:\/\/paracherkaoui.ma\/index.php\/produit\/la-roche-posay-hydraphase-ha-uv-riche-spf-25-40-ml-2\/\" \/>\r\n<meta property=\"og:locale\" content=\"fr_FR\" \/>\r\n<meta property=\"og:type\" content=\"article\" \/>\r\n<meta property=\"og:title\" content=\"LA ROCHE POSAY HYDRAPHASE HA UV RICHE SPF 25 40 ML - Paracherkaoui.ma\" \/>\r\n<meta property=\"og:description\" content=\"HYDRAPHASE HA UV SPF 25 Riche est notre premi\u00e8re cr\u00e8me hydratante pour les peaux sensibles et d\u00e9shydrat\u00e9es, \u00e0 combiner une\" \/>\r\n<meta property=\"og:url\" content=\"https:\/\/paracherkaoui.ma\/index.php\/produit\/la-roche-posay-hydraphase-ha-uv-riche-spf-25-40-ml-2\/\" \/>\r\n<meta property=\"og:site_name\" content=\"Paracherkaoui.ma\" \/>\r\n<meta property=\"article:modified_time\" content=\"2025-12-12T17:25:07+00:00\" \/>\r\n<meta property=\"og:image\" content=\"https:\/\/paracherkaoui.ma\/wp-content\/uploads\/2025\/12\/la-roche-posay-la-roche-posay-hydraphase-ha-uv-riche-spf-25-40-ml-cremes-jour.jpg\" \/>\r\n\t<meta property=\"og:image:width\" content=\"700\" \/>\r\n\t<meta property=\"og:image:height\" content=\"700\" \/>\r\n\t<meta property=\"og:image:type\" content=\"image\/jpeg\" \/>\r\n<meta name=\"twitter:card\" content=\"summary_large_image\" \/>\r\n<meta name=\"twitter:label1\" content=\"Dur\u00e9e de lecture estim\u00e9e\" \/>\n\t<meta name=\"twitter:data1\" content=\"1 minute\" \/>\r\n<script type=\"application\/ld+json\" class=\"yoast-schema-graph\">{\"@context\":\"https:\/\/schema.org\",\"@graph\":[{\"@type\":\"WebPage\",\"@id\":\"https:\/\/paracherkaoui.ma\/index.php\/produit\/la-roche-posay-hydraphase-ha-uv-riche-spf-25-40-ml-2\/\",\"url\":\"https:\/\/paracherkaoui.ma\/index.php\/produit\/la-roche-posay-hydraphase-ha-uv-riche-spf-25-40-ml-2\/\",\"name\":\"LA ROCHE POSAY HYDRAPHASE HA UV RICHE SPF 25 40 ML - Paracherkaoui.ma\",\"isPartOf\":{\"@id\":\"https:\/\/paracherkaoui.ma\/#website\"},\"primaryImageOfPage\":{\"@id\":\"https:\/\/paracherkaoui.ma\/index.php\/produit\/la-roche-posay-hydraphase-ha-uv-riche-spf-25-40-ml-2\/#primaryimage\"},\"image\":{\"@id\":\"https:\/\/paracherkaoui.ma\/index.php\/produit\/la-roche-posay-hydraphase-ha-uv-riche-spf-25-40-ml-2\/#primaryimage\"},\"thumbnailUrl\":\"https:\/\/paracherkaoui.ma\/wp-content\/uploads\/2025\/12\/la-roche-posay-la-roche-posay-hydraphase-ha-uv-riche-spf-25-40-ml-cremes-jour.jpg\",\"datePublished\":\"2025-12-12T17:25:03+00:00\",\"dateModified\":\"2025-12-12T17:25:07+00:00\",\"breadcrumb\":{\"@id\":\"https:\/\/paracherkaoui.ma\/index.php\/produit\/la-roche-posay-hydraphase-ha-uv-riche-spf-25-40-ml-2\/#breadcrumb\"},\"inLanguage\":\"fr-FR\",\"potentialAction\":[{\"@type\":\"ReadAction\",\"target\":[\"https:\/\/paracherkaoui.ma\/index.php\/produit\/la-roche-posay-hydraphase-ha-uv-riche-spf-25-40-ml-2\/\"]}]},{\"@type\":\"ImageObject\",\"inLanguage\":\"fr-FR\",\"@id\":\"https:\/\/paracherkaoui.ma\/index.php\/produit\/la-roche-posay-hydraphase-ha-uv-riche-spf-25-40-ml-2\/#primaryimage\",\"url\":\"https:\/\/paracherkaoui.ma\/wp-content\/uploads\/2025\/12\/la-roche-posay-la-roche-posay-hydraphase-ha-uv-riche-spf-25-40-ml-cremes-jour.jpg\",\"contentUrl\":\"https:\/\/paracherkaoui.ma\/wp-content\/uploads\/2025\/12\/la-roche-posay-la-roche-posay-hydraphase-ha-uv-riche-spf-25-40-ml-cremes-jour.jpg\",\"width\":700,\"height\":700},{\"@type\":\"BreadcrumbList\",\"@id\":\"https:\/\/paracherkaoui.ma\/index.php\/produit\/la-roche-posay-hydraphase-ha-uv-riche-spf-25-40-ml-2\/#breadcrumb\",\"itemListElement\":[{\"@type\":\"ListItem\",\"position\":1,\"name\":\"Accueil\",\"item\":\"https:\/\/paracherkaoui.ma\/\"},{\"@type\":\"ListItem\",\"position\":2,\"name\":\"Boutique\",\"item\":\"https:\/\/paracherkaoui.ma\/index.php\/boutique\/\"},{\"@type\":\"ListItem\",\"position\":3,\"name\":\"LA ROCHE POSAY HYDRAPHASE HA UV RICHE SPF 25 40 ML\"}]},{\"@type\":\"WebSite\",\"@id\":\"https:\/\/paracherkaoui.ma\/#website\",\"url\":\"https:\/\/paracherkaoui.ma\/\",\"name\":\"Paracherkaoui.ma\",\"description\":\"Achetez en ligne sur Paracherkaoui.ma\",\"potentialAction\":[{\"@type\":\"SearchAction\",\"target\":{\"@type\":\"EntryPoint\",\"urlTemplate\":\"https:\/\/paracherkaoui.ma\/?s={search_term_string}\"},\"query-input\":{\"@type\":\"PropertyValueSpecification\",\"valueRequired\":true,\"valueName\":\"search_term_string\"}}],\"inLanguage\":\"fr-FR\"}]}<\/script>\r\n<!-- \/ Yoast SEO plugin. -->","yoast_head_json":{"title":"LA ROCHE POSAY HYDRAPHASE HA UV RICHE SPF 25 40 ML - Paracherkaoui.ma","robots":{"index":"index","follow":"follow","max-snippet":"max-snippet:-1","max-image-preview":"max-image-preview:large","max-video-preview":"max-video-preview:-1"},"canonical":"https:\/\/paracherkaoui.ma\/index.php\/produit\/la-roche-posay-hydraphase-ha-uv-riche-spf-25-40-ml-2\/","og_locale":"fr_FR","og_type":"article","og_title":"LA ROCHE POSAY HYDRAPHASE HA UV RICHE SPF 25 40 ML - Paracherkaoui.ma","og_description":"HYDRAPHASE HA UV SPF 25 Riche est notre premi\u00e8re cr\u00e8me hydratante pour les peaux sensibles et d\u00e9shydrat\u00e9es, \u00e0 combiner une","og_url":"https:\/\/paracherkaoui.ma\/index.php\/produit\/la-roche-posay-hydraphase-ha-uv-riche-spf-25-40-ml-2\/","og_site_name":"Paracherkaoui.ma","article_modified_time":"2025-12-12T17:25:07+00:00","og_image":[{"width":700,"height":700,"url":"https:\/\/paracherkaoui.ma\/wp-content\/uploads\/2025\/12\/la-roche-posay-la-roche-posay-hydraphase-ha-uv-riche-spf-25-40-ml-cremes-jour.jpg","type":"image\/jpeg"}],"twitter_card":"summary_large_image","twitter_misc":{"Dur\u00e9e de lecture estim\u00e9e":"1 minute"},"schema":{"@context":"https:\/\/schema.org","@graph":[{"@type":"WebPage","@id":"https:\/\/paracherkaoui.ma\/index.php\/produit\/la-roche-posay-hydraphase-ha-uv-riche-spf-25-40-ml-2\/","url":"https:\/\/paracherkaoui.ma\/index.php\/produit\/la-roche-posay-hydraphase-ha-uv-riche-spf-25-40-ml-2\/","name":"LA ROCHE POSAY HYDRAPHASE HA UV RICHE SPF 25 40 ML - Paracherkaoui.ma","isPartOf":{"@id":"https:\/\/paracherkaoui.ma\/#website"},"primaryImageOfPage":{"@id":"https:\/\/paracherkaoui.ma\/index.php\/produit\/la-roche-posay-hydraphase-ha-uv-riche-spf-25-40-ml-2\/#primaryimage"},"image":{"@id":"https:\/\/paracherkaoui.ma\/index.php\/produit\/la-roche-posay-hydraphase-ha-uv-riche-spf-25-40-ml-2\/#primaryimage"},"thumbnailUrl":"https:\/\/paracherkaoui.ma\/wp-content\/uploads\/2025\/12\/la-roche-posay-la-roche-posay-hydraphase-ha-uv-riche-spf-25-40-ml-cremes-jour.jpg","datePublished":"2025-12-12T17:25:03+00:00","dateModified":"2025-12-12T17:25:07+00:00","breadcrumb":{"@id":"https:\/\/paracherkaoui.ma\/index.php\/produit\/la-roche-posay-hydraphase-ha-uv-riche-spf-25-40-ml-2\/#breadcrumb"},"inLanguage":"fr-FR","potentialAction":[{"@type":"ReadAction","target":["https:\/\/paracherkaoui.ma\/index.php\/produit\/la-roche-posay-hydraphase-ha-uv-riche-spf-25-40-ml-2\/"]}]},{"@type":"ImageObject","inLanguage":"fr-FR","@id":"https:\/\/paracherkaoui.ma\/index.php\/produit\/la-roche-posay-hydraphase-ha-uv-riche-spf-25-40-ml-2\/#primaryimage","url":"https:\/\/paracherkaoui.ma\/wp-content\/uploads\/2025\/12\/la-roche-posay-la-roche-posay-hydraphase-ha-uv-riche-spf-25-40-ml-cremes-jour.jpg","contentUrl":"https:\/\/paracherkaoui.ma\/wp-content\/uploads\/2025\/12\/la-roche-posay-la-roche-posay-hydraphase-ha-uv-riche-spf-25-40-ml-cremes-jour.jpg","width":700,"height":700},{"@type":"BreadcrumbList","@id":"https:\/\/paracherkaoui.ma\/index.php\/produit\/la-roche-posay-hydraphase-ha-uv-riche-spf-25-40-ml-2\/#breadcrumb","itemListElement":[{"@type":"ListItem","position":1,"name":"Accueil","item":"https:\/\/paracherkaoui.ma\/"},{"@type":"ListItem","position":2,"name":"Boutique","item":"https:\/\/paracherkaoui.ma\/index.php\/boutique\/"},{"@type":"ListItem","position":3,"name":"LA ROCHE POSAY HYDRAPHASE HA UV RICHE SPF 25 40 ML"}]},{"@type":"WebSite","@id":"https:\/\/paracherkaoui.ma\/#website","url":"https:\/\/paracherkaoui.ma\/","name":"Paracherkaoui.ma","description":"Achetez en ligne sur Paracherkaoui.ma","potentialAction":[{"@type":"SearchAction","target":{"@type":"EntryPoint","urlTemplate":"https:\/\/paracherkaoui.ma\/?s={search_term_string}"},"query-input":{"@type":"PropertyValueSpecification","valueRequired":true,"valueName":"search_term_string"}}],"inLanguage":"fr-FR"}]}},"_links":{"self":[{"href":"https:\/\/paracherkaoui.ma\/index.php\/wp-json\/wp\/v2\/product\/26620","targetHints":{"allow":["GET"]}}],"collection":[{"href":"https:\/\/paracherkaoui.ma\/index.php\/wp-json\/wp\/v2\/product"}],"about":[{"href":"https:\/\/paracherkaoui.ma\/index.php\/wp-json\/wp\/v2\/types\/product"}],"replies":[{"embeddable":true,"href":"https:\/\/paracherkaoui.ma\/index.php\/wp-json\/wp\/v2\/comments?post=26620"}],"version-history":[{"count":1,"href":"https:\/\/paracherkaoui.ma\/index.php\/wp-json\/wp\/v2\/product\/26620\/revisions"}],"predecessor-version":[{"id":26646,"href":"https:\/\/paracherkaoui.ma\/index.php\/wp-json\/wp\/v2\/product\/26620\/revisions\/26646"}],"wp:featuredmedia":[{"embeddable":true,"href":"https:\/\/paracherkaoui.ma\/index.php\/wp-json\/wp\/v2\/media\/13385"}],"wp:attachment":[{"href":"https:\/\/paracherkaoui.ma\/index.php\/wp-json\/wp\/v2\/media?parent=26620"}],"wp:term":[{"taxonomy":"product_brand","embeddable":true,"href":"https:\/\/paracherkaoui.ma\/index.php\/wp-json\/wp\/v2\/product_brand?post=26620"},{"taxonomy":"product_cat","embeddable":true,"href":"https:\/\/paracherkaoui.ma\/index.php\/wp-json\/wp\/v2\/product_cat?post=26620"},{"taxonomy":"product_tag","embeddable":true,"href":"https:\/\/paracherkaoui.ma\/index.php\/wp-json\/wp\/v2\/product_tag?post=26620"}],"curies":[{"name":"wp","href":"https:\/\/api.w.org\/{rel}","templated":true}]}}