{"id":26425,"date":"2025-12-12T18:24:43","date_gmt":"2025-12-12T17:24:43","guid":{"rendered":"https:\/\/test.ecbeaute.com\/?post_type=product&#038;p=26425"},"modified":"2025-12-12T18:24:45","modified_gmt":"2025-12-12T17:24:45","slug":"noreva-sensidiane-ar-soin-anti-rougeurs-intensif-30-ml-2","status":"publish","type":"product","link":"https:\/\/paracherkaoui.ma\/index.php\/produit\/noreva-sensidiane-ar-soin-anti-rougeurs-intensif-30-ml-2\/","title":{"rendered":"NOREVA SENSIDIANE AR SOIN ANTI ROUGEURS INTENSIF 30 ML"},"content":{"rendered":"<p>Noreva Sensidiane AR Soin Anti-Rougeurs Intensif 30 ml att\u00e9nue les rougeurs diffuses, intenses et les vaisseaux transparents, et favorise l&rsquo;\u00e9limination des imperfections.<br \/>\nCe soin d&rsquo;attaque agit gr\u00e2ce :<br \/>\n&#8211; au complexe RPP2 qui permet d&rsquo;am\u00e9liorer le renfort de la structure des capillaires, de r\u00e9duire leur perm\u00e9abilit\u00e9 et d&rsquo;assurer la protection de la structure \u00e9lastique, de limiter l&rsquo;apparition des vaisseaux \u00e0 la surface de la peau.<br \/>\n&#8211; \u00e0 l&rsquo;azelacalm, vitamine PP et neutrazen pro, des actifs aux vertus calmantes et apaisantes qui favorisent la diminution rapide et durable des rougeurs.<br \/>\n&#8211; \u00e0 un actif r\u00e9gulateur de flore qui permet de limiter la transformation de rougeurs en imperfections.<br \/>\n&#8211; aux nacres iris\u00e9es vertes qui att\u00e9nuent les rougeurs diffuses en surface.<br \/>\n&#8211; aux agents de lumi\u00e8res qui unifient et illuminent le teint.<br \/>\nD\u00e8s les premiers mois d&rsquo;application le r\u00e9sultat est visible.<br \/>\nSans paraben, ph\u00e9noxyethanol, parfum. Haute tol\u00e9rance. Non com\u00e9dog\u00e8ne.<br \/>\nConseils d&rsquo;utilisation:<br \/>\nAppliquer matin et\/ou soir sur le visage.<\/p>\n","protected":false},"excerpt":{"rendered":"<p>Noreva Sensidiane AR Soin Anti-Rougeurs Intensif 30 ml att\u00e9nue les rougeurs diffuses, intenses et les vaisseaux transparents, et favorise l&rsquo;\u00e9limination<\/p>\n","protected":false},"featured_media":26013,"comment_status":"open","ping_status":"closed","template":"","meta":[],"product_brand":[403],"product_cat":[522],"product_tag":[],"class_list":{"0":"post-26425","1":"product","2":"type-product","3":"status-publish","4":"has-post-thumbnail","6":"product_brand-noreva","7":"product_cat-soins-anti-rougeurs","9":"first","10":"instock","11":"sale","12":"shipping-taxable","13":"purchasable","14":"product-type-simple"},"yoast_head":"<!-- This site is optimized with the Yoast SEO plugin v26.6 - https:\/\/yoast.com\/wordpress\/plugins\/seo\/ -->\r\n<title>NOREVA SENSIDIANE AR SOIN ANTI ROUGEURS INTENSIF 30 ML - Paracherkaoui.ma<\/title>\r\n<meta name=\"robots\" content=\"index, follow, max-snippet:-1, max-image-preview:large, max-video-preview:-1\" \/>\r\n<link rel=\"canonical\" href=\"https:\/\/paracherkaoui.ma\/index.php\/produit\/noreva-sensidiane-ar-soin-anti-rougeurs-intensif-30-ml-2\/\" \/>\r\n<meta property=\"og:locale\" content=\"fr_FR\" \/>\r\n<meta property=\"og:type\" content=\"article\" \/>\r\n<meta property=\"og:title\" content=\"NOREVA SENSIDIANE AR SOIN ANTI ROUGEURS INTENSIF 30 ML - Paracherkaoui.ma\" \/>\r\n<meta property=\"og:description\" content=\"Noreva Sensidiane AR Soin Anti-Rougeurs Intensif 30 ml att\u00e9nue les rougeurs diffuses, intenses et les vaisseaux transparents, et favorise l&rsquo;\u00e9limination\" \/>\r\n<meta property=\"og:url\" content=\"https:\/\/paracherkaoui.ma\/index.php\/produit\/noreva-sensidiane-ar-soin-anti-rougeurs-intensif-30-ml-2\/\" \/>\r\n<meta property=\"og:site_name\" content=\"Paracherkaoui.ma\" \/>\r\n<meta property=\"article:modified_time\" content=\"2025-12-12T17:24:45+00:00\" \/>\r\n<meta property=\"og:image\" content=\"https:\/\/paracherkaoui.ma\/wp-content\/uploads\/2025\/12\/noreva-sensidiane-ar-soin-anti-rougeurs-intensif-30-ml.jpg\" \/>\r\n\t<meta property=\"og:image:width\" content=\"700\" \/>\r\n\t<meta property=\"og:image:height\" content=\"700\" \/>\r\n\t<meta property=\"og:image:type\" content=\"image\/jpeg\" \/>\r\n<meta name=\"twitter:card\" content=\"summary_large_image\" \/>\r\n<meta name=\"twitter:label1\" content=\"Dur\u00e9e de lecture estim\u00e9e\" \/>\n\t<meta name=\"twitter:data1\" content=\"1 minute\" \/>\r\n<script type=\"application\/ld+json\" class=\"yoast-schema-graph\">{\"@context\":\"https:\/\/schema.org\",\"@graph\":[{\"@type\":\"WebPage\",\"@id\":\"https:\/\/paracherkaoui.ma\/index.php\/produit\/noreva-sensidiane-ar-soin-anti-rougeurs-intensif-30-ml-2\/\",\"url\":\"https:\/\/paracherkaoui.ma\/index.php\/produit\/noreva-sensidiane-ar-soin-anti-rougeurs-intensif-30-ml-2\/\",\"name\":\"NOREVA SENSIDIANE AR SOIN ANTI ROUGEURS INTENSIF 30 ML - Paracherkaoui.ma\",\"isPartOf\":{\"@id\":\"https:\/\/paracherkaoui.ma\/#website\"},\"primaryImageOfPage\":{\"@id\":\"https:\/\/paracherkaoui.ma\/index.php\/produit\/noreva-sensidiane-ar-soin-anti-rougeurs-intensif-30-ml-2\/#primaryimage\"},\"image\":{\"@id\":\"https:\/\/paracherkaoui.ma\/index.php\/produit\/noreva-sensidiane-ar-soin-anti-rougeurs-intensif-30-ml-2\/#primaryimage\"},\"thumbnailUrl\":\"https:\/\/paracherkaoui.ma\/wp-content\/uploads\/2025\/12\/noreva-sensidiane-ar-soin-anti-rougeurs-intensif-30-ml.jpg\",\"datePublished\":\"2025-12-12T17:24:43+00:00\",\"dateModified\":\"2025-12-12T17:24:45+00:00\",\"breadcrumb\":{\"@id\":\"https:\/\/paracherkaoui.ma\/index.php\/produit\/noreva-sensidiane-ar-soin-anti-rougeurs-intensif-30-ml-2\/#breadcrumb\"},\"inLanguage\":\"fr-FR\",\"potentialAction\":[{\"@type\":\"ReadAction\",\"target\":[\"https:\/\/paracherkaoui.ma\/index.php\/produit\/noreva-sensidiane-ar-soin-anti-rougeurs-intensif-30-ml-2\/\"]}]},{\"@type\":\"ImageObject\",\"inLanguage\":\"fr-FR\",\"@id\":\"https:\/\/paracherkaoui.ma\/index.php\/produit\/noreva-sensidiane-ar-soin-anti-rougeurs-intensif-30-ml-2\/#primaryimage\",\"url\":\"https:\/\/paracherkaoui.ma\/wp-content\/uploads\/2025\/12\/noreva-sensidiane-ar-soin-anti-rougeurs-intensif-30-ml.jpg\",\"contentUrl\":\"https:\/\/paracherkaoui.ma\/wp-content\/uploads\/2025\/12\/noreva-sensidiane-ar-soin-anti-rougeurs-intensif-30-ml.jpg\",\"width\":700,\"height\":700},{\"@type\":\"BreadcrumbList\",\"@id\":\"https:\/\/paracherkaoui.ma\/index.php\/produit\/noreva-sensidiane-ar-soin-anti-rougeurs-intensif-30-ml-2\/#breadcrumb\",\"itemListElement\":[{\"@type\":\"ListItem\",\"position\":1,\"name\":\"Accueil\",\"item\":\"https:\/\/paracherkaoui.ma\/\"},{\"@type\":\"ListItem\",\"position\":2,\"name\":\"Boutique\",\"item\":\"https:\/\/paracherkaoui.ma\/index.php\/boutique\/\"},{\"@type\":\"ListItem\",\"position\":3,\"name\":\"NOREVA SENSIDIANE AR SOIN ANTI ROUGEURS INTENSIF 30 ML\"}]},{\"@type\":\"WebSite\",\"@id\":\"https:\/\/paracherkaoui.ma\/#website\",\"url\":\"https:\/\/paracherkaoui.ma\/\",\"name\":\"Paracherkaoui.ma\",\"description\":\"Achetez en ligne sur Paracherkaoui.ma\",\"potentialAction\":[{\"@type\":\"SearchAction\",\"target\":{\"@type\":\"EntryPoint\",\"urlTemplate\":\"https:\/\/paracherkaoui.ma\/?s={search_term_string}\"},\"query-input\":{\"@type\":\"PropertyValueSpecification\",\"valueRequired\":true,\"valueName\":\"search_term_string\"}}],\"inLanguage\":\"fr-FR\"}]}<\/script>\r\n<!-- \/ Yoast SEO plugin. -->","yoast_head_json":{"title":"NOREVA SENSIDIANE AR SOIN ANTI ROUGEURS INTENSIF 30 ML - Paracherkaoui.ma","robots":{"index":"index","follow":"follow","max-snippet":"max-snippet:-1","max-image-preview":"max-image-preview:large","max-video-preview":"max-video-preview:-1"},"canonical":"https:\/\/paracherkaoui.ma\/index.php\/produit\/noreva-sensidiane-ar-soin-anti-rougeurs-intensif-30-ml-2\/","og_locale":"fr_FR","og_type":"article","og_title":"NOREVA SENSIDIANE AR SOIN ANTI ROUGEURS INTENSIF 30 ML - Paracherkaoui.ma","og_description":"Noreva Sensidiane AR Soin Anti-Rougeurs Intensif 30 ml att\u00e9nue les rougeurs diffuses, intenses et les vaisseaux transparents, et favorise l&rsquo;\u00e9limination","og_url":"https:\/\/paracherkaoui.ma\/index.php\/produit\/noreva-sensidiane-ar-soin-anti-rougeurs-intensif-30-ml-2\/","og_site_name":"Paracherkaoui.ma","article_modified_time":"2025-12-12T17:24:45+00:00","og_image":[{"width":700,"height":700,"url":"https:\/\/paracherkaoui.ma\/wp-content\/uploads\/2025\/12\/noreva-sensidiane-ar-soin-anti-rougeurs-intensif-30-ml.jpg","type":"image\/jpeg"}],"twitter_card":"summary_large_image","twitter_misc":{"Dur\u00e9e de lecture estim\u00e9e":"1 minute"},"schema":{"@context":"https:\/\/schema.org","@graph":[{"@type":"WebPage","@id":"https:\/\/paracherkaoui.ma\/index.php\/produit\/noreva-sensidiane-ar-soin-anti-rougeurs-intensif-30-ml-2\/","url":"https:\/\/paracherkaoui.ma\/index.php\/produit\/noreva-sensidiane-ar-soin-anti-rougeurs-intensif-30-ml-2\/","name":"NOREVA SENSIDIANE AR SOIN ANTI ROUGEURS INTENSIF 30 ML - Paracherkaoui.ma","isPartOf":{"@id":"https:\/\/paracherkaoui.ma\/#website"},"primaryImageOfPage":{"@id":"https:\/\/paracherkaoui.ma\/index.php\/produit\/noreva-sensidiane-ar-soin-anti-rougeurs-intensif-30-ml-2\/#primaryimage"},"image":{"@id":"https:\/\/paracherkaoui.ma\/index.php\/produit\/noreva-sensidiane-ar-soin-anti-rougeurs-intensif-30-ml-2\/#primaryimage"},"thumbnailUrl":"https:\/\/paracherkaoui.ma\/wp-content\/uploads\/2025\/12\/noreva-sensidiane-ar-soin-anti-rougeurs-intensif-30-ml.jpg","datePublished":"2025-12-12T17:24:43+00:00","dateModified":"2025-12-12T17:24:45+00:00","breadcrumb":{"@id":"https:\/\/paracherkaoui.ma\/index.php\/produit\/noreva-sensidiane-ar-soin-anti-rougeurs-intensif-30-ml-2\/#breadcrumb"},"inLanguage":"fr-FR","potentialAction":[{"@type":"ReadAction","target":["https:\/\/paracherkaoui.ma\/index.php\/produit\/noreva-sensidiane-ar-soin-anti-rougeurs-intensif-30-ml-2\/"]}]},{"@type":"ImageObject","inLanguage":"fr-FR","@id":"https:\/\/paracherkaoui.ma\/index.php\/produit\/noreva-sensidiane-ar-soin-anti-rougeurs-intensif-30-ml-2\/#primaryimage","url":"https:\/\/paracherkaoui.ma\/wp-content\/uploads\/2025\/12\/noreva-sensidiane-ar-soin-anti-rougeurs-intensif-30-ml.jpg","contentUrl":"https:\/\/paracherkaoui.ma\/wp-content\/uploads\/2025\/12\/noreva-sensidiane-ar-soin-anti-rougeurs-intensif-30-ml.jpg","width":700,"height":700},{"@type":"BreadcrumbList","@id":"https:\/\/paracherkaoui.ma\/index.php\/produit\/noreva-sensidiane-ar-soin-anti-rougeurs-intensif-30-ml-2\/#breadcrumb","itemListElement":[{"@type":"ListItem","position":1,"name":"Accueil","item":"https:\/\/paracherkaoui.ma\/"},{"@type":"ListItem","position":2,"name":"Boutique","item":"https:\/\/paracherkaoui.ma\/index.php\/boutique\/"},{"@type":"ListItem","position":3,"name":"NOREVA SENSIDIANE AR SOIN ANTI ROUGEURS INTENSIF 30 ML"}]},{"@type":"WebSite","@id":"https:\/\/paracherkaoui.ma\/#website","url":"https:\/\/paracherkaoui.ma\/","name":"Paracherkaoui.ma","description":"Achetez en ligne sur Paracherkaoui.ma","potentialAction":[{"@type":"SearchAction","target":{"@type":"EntryPoint","urlTemplate":"https:\/\/paracherkaoui.ma\/?s={search_term_string}"},"query-input":{"@type":"PropertyValueSpecification","valueRequired":true,"valueName":"search_term_string"}}],"inLanguage":"fr-FR"}]}},"_links":{"self":[{"href":"https:\/\/paracherkaoui.ma\/index.php\/wp-json\/wp\/v2\/product\/26425","targetHints":{"allow":["GET"]}}],"collection":[{"href":"https:\/\/paracherkaoui.ma\/index.php\/wp-json\/wp\/v2\/product"}],"about":[{"href":"https:\/\/paracherkaoui.ma\/index.php\/wp-json\/wp\/v2\/types\/product"}],"replies":[{"embeddable":true,"href":"https:\/\/paracherkaoui.ma\/index.php\/wp-json\/wp\/v2\/comments?post=26425"}],"version-history":[{"count":1,"href":"https:\/\/paracherkaoui.ma\/index.php\/wp-json\/wp\/v2\/product\/26425\/revisions"}],"predecessor-version":[{"id":26456,"href":"https:\/\/paracherkaoui.ma\/index.php\/wp-json\/wp\/v2\/product\/26425\/revisions\/26456"}],"wp:featuredmedia":[{"embeddable":true,"href":"https:\/\/paracherkaoui.ma\/index.php\/wp-json\/wp\/v2\/media\/26013"}],"wp:attachment":[{"href":"https:\/\/paracherkaoui.ma\/index.php\/wp-json\/wp\/v2\/media?parent=26425"}],"wp:term":[{"taxonomy":"product_brand","embeddable":true,"href":"https:\/\/paracherkaoui.ma\/index.php\/wp-json\/wp\/v2\/product_brand?post=26425"},{"taxonomy":"product_cat","embeddable":true,"href":"https:\/\/paracherkaoui.ma\/index.php\/wp-json\/wp\/v2\/product_cat?post=26425"},{"taxonomy":"product_tag","embeddable":true,"href":"https:\/\/paracherkaoui.ma\/index.php\/wp-json\/wp\/v2\/product_tag?post=26425"}],"curies":[{"name":"wp","href":"https:\/\/api.w.org\/{rel}","templated":true}]}}