{"id":26413,"date":"2025-12-12T18:24:42","date_gmt":"2025-12-12T17:24:42","guid":{"rendered":"https:\/\/test.ecbeaute.com\/?post_type=product&#038;p=26413"},"modified":"2025-12-12T18:24:44","modified_gmt":"2025-12-12T17:24:44","slug":"uriage-roseliane-masque-anti-rougeurs-40-ml-4","status":"publish","type":"product","link":"https:\/\/paracherkaoui.ma\/index.php\/produit\/uriage-roseliane-masque-anti-rougeurs-40-ml-4\/","title":{"rendered":"URIAGE ROSELIANE MASQUE ANTI-ROUGEURS 40 ML"},"content":{"rendered":"<p>Uriage Ros\u00e9liane Masque Anti-Rougeurs &#8211; Tube (40 ml)<\/p>\n<p>DESCRIPTION &#038; INDICATIONS:<\/p>\n<p>Une cr\u00e8me aux multiples bienfaits qui limite les facteurs cl\u00e9s de la couperose\/rosac\u00e9e, prot\u00e8ge le syst\u00e8me vasculaire et limite les facteurs aggravants. Elle procure d\u00e8s l\u2019application un confort imm\u00e9diat, laisse la peau douce, parfaitement hydrat\u00e9e et apais\u00e9e.<\/p>\n<p>R\u00e9pare et renforce la barri\u00e8re cutan\u00e9e<br \/>\nRiche en Eau Thermale d&rsquo;Uriage aux propri\u00e9t\u00e9s hydratantes et apaisantes et en C\u00e9rasterol-2F qui restructure durablement la barri\u00e8re cutan\u00e9e, cette cr\u00e8me hydrate et apporte un confort imm\u00e9diat et durable \u00e0 la peau.<\/p>\n<p>Renforce la paroi vasculaire<br \/>\nLes extraits de ginseng et d\u2019algues rouges renforcent la paroi des vaisseaux sanguins pour limiter leur apparition sur la surface de la peau.<\/p>\n<p>Restaure et fortifie la barri\u00e8re immunologique<br \/>\nL\u2019association du complexe TLR2-Regul et du complexe SK5R, (Specific-Kallikrein-5-Regulator), nouveau brevet d\u00e9pos\u00e9 des Laboratoires Dermatologiques d\u2019Uriage, r\u00e9gulent l\u2019activit\u00e9 de la Kallikr\u00e9ine-5, prot\u00e9ase responsable de l\u2019inflammation et des probl\u00e8mes vasculaires, pour un effet apaisant performant.<\/p>\n<p>UTILISATIONS:<\/p>\n<p>Une \u00e0 deux fois par semaine, ce masque offre aux peaux \u00e0 rougeurs une agr\u00e9able sensation de fraicheur et un apaisement imm\u00e9diat. Appliquez en couche \u00e9paisse sur le visage. Laisser agir 5 \u00e0 10min. Retirer d\u00e9licatement \u00e0 l\u2019aide d\u2019un coton. Pulv\u00e9risez ensuite une fine brume d\u2019Eau Thermale d\u2019Uriage.<\/p>\n","protected":false},"excerpt":{"rendered":"<p>Uriage Ros\u00e9liane Masque Anti-Rougeurs &#8211; Tube (40 ml) DESCRIPTION &#038; INDICATIONS: Une cr\u00e8me aux multiples bienfaits qui limite les facteurs<\/p>\n","protected":false},"featured_media":11733,"comment_status":"open","ping_status":"closed","template":"","meta":[],"product_brand":[130],"product_cat":[522],"product_tag":[],"class_list":{"0":"post-26413","1":"product","2":"type-product","3":"status-publish","4":"has-post-thumbnail","6":"product_brand-uriage","7":"product_cat-soins-anti-rougeurs","9":"first","10":"instock","11":"sale","12":"shipping-taxable","13":"purchasable","14":"product-type-simple"},"yoast_head":"<!-- This site is optimized with the Yoast SEO plugin v26.6 - https:\/\/yoast.com\/wordpress\/plugins\/seo\/ -->\r\n<title>URIAGE ROSELIANE MASQUE ANTI-ROUGEURS 40 ML - Paracherkaoui.ma<\/title>\r\n<meta name=\"robots\" content=\"index, follow, max-snippet:-1, max-image-preview:large, max-video-preview:-1\" \/>\r\n<link rel=\"canonical\" href=\"https:\/\/paracherkaoui.ma\/index.php\/produit\/uriage-roseliane-masque-anti-rougeurs-40-ml-4\/\" \/>\r\n<meta property=\"og:locale\" content=\"fr_FR\" \/>\r\n<meta property=\"og:type\" content=\"article\" \/>\r\n<meta property=\"og:title\" content=\"URIAGE ROSELIANE MASQUE ANTI-ROUGEURS 40 ML - Paracherkaoui.ma\" \/>\r\n<meta property=\"og:description\" content=\"Uriage Ros\u00e9liane Masque Anti-Rougeurs &#8211; Tube (40 ml) DESCRIPTION &#038; INDICATIONS: Une cr\u00e8me aux multiples bienfaits qui limite les facteurs\" \/>\r\n<meta property=\"og:url\" content=\"https:\/\/paracherkaoui.ma\/index.php\/produit\/uriage-roseliane-masque-anti-rougeurs-40-ml-4\/\" \/>\r\n<meta property=\"og:site_name\" content=\"Paracherkaoui.ma\" \/>\r\n<meta property=\"article:modified_time\" content=\"2025-12-12T17:24:44+00:00\" \/>\r\n<meta property=\"og:image\" content=\"https:\/\/paracherkaoui.ma\/wp-content\/uploads\/2025\/12\/uriage-uriage-roseliane-masque-anti-rougeurs-40-ml-soins-anti-rougeurs.jpg\" \/>\r\n\t<meta property=\"og:image:width\" content=\"700\" \/>\r\n\t<meta property=\"og:image:height\" content=\"700\" \/>\r\n\t<meta property=\"og:image:type\" content=\"image\/jpeg\" \/>\r\n<meta name=\"twitter:card\" content=\"summary_large_image\" \/>\r\n<meta name=\"twitter:label1\" content=\"Dur\u00e9e de lecture estim\u00e9e\" \/>\n\t<meta name=\"twitter:data1\" content=\"1 minute\" \/>\r\n<script type=\"application\/ld+json\" class=\"yoast-schema-graph\">{\"@context\":\"https:\/\/schema.org\",\"@graph\":[{\"@type\":\"WebPage\",\"@id\":\"https:\/\/paracherkaoui.ma\/index.php\/produit\/uriage-roseliane-masque-anti-rougeurs-40-ml-4\/\",\"url\":\"https:\/\/paracherkaoui.ma\/index.php\/produit\/uriage-roseliane-masque-anti-rougeurs-40-ml-4\/\",\"name\":\"URIAGE ROSELIANE MASQUE ANTI-ROUGEURS 40 ML - Paracherkaoui.ma\",\"isPartOf\":{\"@id\":\"https:\/\/paracherkaoui.ma\/#website\"},\"primaryImageOfPage\":{\"@id\":\"https:\/\/paracherkaoui.ma\/index.php\/produit\/uriage-roseliane-masque-anti-rougeurs-40-ml-4\/#primaryimage\"},\"image\":{\"@id\":\"https:\/\/paracherkaoui.ma\/index.php\/produit\/uriage-roseliane-masque-anti-rougeurs-40-ml-4\/#primaryimage\"},\"thumbnailUrl\":\"https:\/\/paracherkaoui.ma\/wp-content\/uploads\/2025\/12\/uriage-uriage-roseliane-masque-anti-rougeurs-40-ml-soins-anti-rougeurs.jpg\",\"datePublished\":\"2025-12-12T17:24:42+00:00\",\"dateModified\":\"2025-12-12T17:24:44+00:00\",\"breadcrumb\":{\"@id\":\"https:\/\/paracherkaoui.ma\/index.php\/produit\/uriage-roseliane-masque-anti-rougeurs-40-ml-4\/#breadcrumb\"},\"inLanguage\":\"fr-FR\",\"potentialAction\":[{\"@type\":\"ReadAction\",\"target\":[\"https:\/\/paracherkaoui.ma\/index.php\/produit\/uriage-roseliane-masque-anti-rougeurs-40-ml-4\/\"]}]},{\"@type\":\"ImageObject\",\"inLanguage\":\"fr-FR\",\"@id\":\"https:\/\/paracherkaoui.ma\/index.php\/produit\/uriage-roseliane-masque-anti-rougeurs-40-ml-4\/#primaryimage\",\"url\":\"https:\/\/paracherkaoui.ma\/wp-content\/uploads\/2025\/12\/uriage-uriage-roseliane-masque-anti-rougeurs-40-ml-soins-anti-rougeurs.jpg\",\"contentUrl\":\"https:\/\/paracherkaoui.ma\/wp-content\/uploads\/2025\/12\/uriage-uriage-roseliane-masque-anti-rougeurs-40-ml-soins-anti-rougeurs.jpg\",\"width\":700,\"height\":700},{\"@type\":\"BreadcrumbList\",\"@id\":\"https:\/\/paracherkaoui.ma\/index.php\/produit\/uriage-roseliane-masque-anti-rougeurs-40-ml-4\/#breadcrumb\",\"itemListElement\":[{\"@type\":\"ListItem\",\"position\":1,\"name\":\"Accueil\",\"item\":\"https:\/\/paracherkaoui.ma\/\"},{\"@type\":\"ListItem\",\"position\":2,\"name\":\"Boutique\",\"item\":\"https:\/\/paracherkaoui.ma\/index.php\/boutique\/\"},{\"@type\":\"ListItem\",\"position\":3,\"name\":\"URIAGE ROSELIANE MASQUE ANTI-ROUGEURS 40 ML\"}]},{\"@type\":\"WebSite\",\"@id\":\"https:\/\/paracherkaoui.ma\/#website\",\"url\":\"https:\/\/paracherkaoui.ma\/\",\"name\":\"Paracherkaoui.ma\",\"description\":\"Achetez en ligne sur Paracherkaoui.ma\",\"potentialAction\":[{\"@type\":\"SearchAction\",\"target\":{\"@type\":\"EntryPoint\",\"urlTemplate\":\"https:\/\/paracherkaoui.ma\/?s={search_term_string}\"},\"query-input\":{\"@type\":\"PropertyValueSpecification\",\"valueRequired\":true,\"valueName\":\"search_term_string\"}}],\"inLanguage\":\"fr-FR\"}]}<\/script>\r\n<!-- \/ Yoast SEO plugin. -->","yoast_head_json":{"title":"URIAGE ROSELIANE MASQUE ANTI-ROUGEURS 40 ML - Paracherkaoui.ma","robots":{"index":"index","follow":"follow","max-snippet":"max-snippet:-1","max-image-preview":"max-image-preview:large","max-video-preview":"max-video-preview:-1"},"canonical":"https:\/\/paracherkaoui.ma\/index.php\/produit\/uriage-roseliane-masque-anti-rougeurs-40-ml-4\/","og_locale":"fr_FR","og_type":"article","og_title":"URIAGE ROSELIANE MASQUE ANTI-ROUGEURS 40 ML - Paracherkaoui.ma","og_description":"Uriage Ros\u00e9liane Masque Anti-Rougeurs &#8211; Tube (40 ml) DESCRIPTION &#038; INDICATIONS: Une cr\u00e8me aux multiples bienfaits qui limite les facteurs","og_url":"https:\/\/paracherkaoui.ma\/index.php\/produit\/uriage-roseliane-masque-anti-rougeurs-40-ml-4\/","og_site_name":"Paracherkaoui.ma","article_modified_time":"2025-12-12T17:24:44+00:00","og_image":[{"width":700,"height":700,"url":"https:\/\/paracherkaoui.ma\/wp-content\/uploads\/2025\/12\/uriage-uriage-roseliane-masque-anti-rougeurs-40-ml-soins-anti-rougeurs.jpg","type":"image\/jpeg"}],"twitter_card":"summary_large_image","twitter_misc":{"Dur\u00e9e de lecture estim\u00e9e":"1 minute"},"schema":{"@context":"https:\/\/schema.org","@graph":[{"@type":"WebPage","@id":"https:\/\/paracherkaoui.ma\/index.php\/produit\/uriage-roseliane-masque-anti-rougeurs-40-ml-4\/","url":"https:\/\/paracherkaoui.ma\/index.php\/produit\/uriage-roseliane-masque-anti-rougeurs-40-ml-4\/","name":"URIAGE ROSELIANE MASQUE ANTI-ROUGEURS 40 ML - Paracherkaoui.ma","isPartOf":{"@id":"https:\/\/paracherkaoui.ma\/#website"},"primaryImageOfPage":{"@id":"https:\/\/paracherkaoui.ma\/index.php\/produit\/uriage-roseliane-masque-anti-rougeurs-40-ml-4\/#primaryimage"},"image":{"@id":"https:\/\/paracherkaoui.ma\/index.php\/produit\/uriage-roseliane-masque-anti-rougeurs-40-ml-4\/#primaryimage"},"thumbnailUrl":"https:\/\/paracherkaoui.ma\/wp-content\/uploads\/2025\/12\/uriage-uriage-roseliane-masque-anti-rougeurs-40-ml-soins-anti-rougeurs.jpg","datePublished":"2025-12-12T17:24:42+00:00","dateModified":"2025-12-12T17:24:44+00:00","breadcrumb":{"@id":"https:\/\/paracherkaoui.ma\/index.php\/produit\/uriage-roseliane-masque-anti-rougeurs-40-ml-4\/#breadcrumb"},"inLanguage":"fr-FR","potentialAction":[{"@type":"ReadAction","target":["https:\/\/paracherkaoui.ma\/index.php\/produit\/uriage-roseliane-masque-anti-rougeurs-40-ml-4\/"]}]},{"@type":"ImageObject","inLanguage":"fr-FR","@id":"https:\/\/paracherkaoui.ma\/index.php\/produit\/uriage-roseliane-masque-anti-rougeurs-40-ml-4\/#primaryimage","url":"https:\/\/paracherkaoui.ma\/wp-content\/uploads\/2025\/12\/uriage-uriage-roseliane-masque-anti-rougeurs-40-ml-soins-anti-rougeurs.jpg","contentUrl":"https:\/\/paracherkaoui.ma\/wp-content\/uploads\/2025\/12\/uriage-uriage-roseliane-masque-anti-rougeurs-40-ml-soins-anti-rougeurs.jpg","width":700,"height":700},{"@type":"BreadcrumbList","@id":"https:\/\/paracherkaoui.ma\/index.php\/produit\/uriage-roseliane-masque-anti-rougeurs-40-ml-4\/#breadcrumb","itemListElement":[{"@type":"ListItem","position":1,"name":"Accueil","item":"https:\/\/paracherkaoui.ma\/"},{"@type":"ListItem","position":2,"name":"Boutique","item":"https:\/\/paracherkaoui.ma\/index.php\/boutique\/"},{"@type":"ListItem","position":3,"name":"URIAGE ROSELIANE MASQUE ANTI-ROUGEURS 40 ML"}]},{"@type":"WebSite","@id":"https:\/\/paracherkaoui.ma\/#website","url":"https:\/\/paracherkaoui.ma\/","name":"Paracherkaoui.ma","description":"Achetez en ligne sur Paracherkaoui.ma","potentialAction":[{"@type":"SearchAction","target":{"@type":"EntryPoint","urlTemplate":"https:\/\/paracherkaoui.ma\/?s={search_term_string}"},"query-input":{"@type":"PropertyValueSpecification","valueRequired":true,"valueName":"search_term_string"}}],"inLanguage":"fr-FR"}]}},"_links":{"self":[{"href":"https:\/\/paracherkaoui.ma\/index.php\/wp-json\/wp\/v2\/product\/26413","targetHints":{"allow":["GET"]}}],"collection":[{"href":"https:\/\/paracherkaoui.ma\/index.php\/wp-json\/wp\/v2\/product"}],"about":[{"href":"https:\/\/paracherkaoui.ma\/index.php\/wp-json\/wp\/v2\/types\/product"}],"replies":[{"embeddable":true,"href":"https:\/\/paracherkaoui.ma\/index.php\/wp-json\/wp\/v2\/comments?post=26413"}],"version-history":[{"count":1,"href":"https:\/\/paracherkaoui.ma\/index.php\/wp-json\/wp\/v2\/product\/26413\/revisions"}],"predecessor-version":[{"id":26444,"href":"https:\/\/paracherkaoui.ma\/index.php\/wp-json\/wp\/v2\/product\/26413\/revisions\/26444"}],"wp:featuredmedia":[{"embeddable":true,"href":"https:\/\/paracherkaoui.ma\/index.php\/wp-json\/wp\/v2\/media\/11733"}],"wp:attachment":[{"href":"https:\/\/paracherkaoui.ma\/index.php\/wp-json\/wp\/v2\/media?parent=26413"}],"wp:term":[{"taxonomy":"product_brand","embeddable":true,"href":"https:\/\/paracherkaoui.ma\/index.php\/wp-json\/wp\/v2\/product_brand?post=26413"},{"taxonomy":"product_cat","embeddable":true,"href":"https:\/\/paracherkaoui.ma\/index.php\/wp-json\/wp\/v2\/product_cat?post=26413"},{"taxonomy":"product_tag","embeddable":true,"href":"https:\/\/paracherkaoui.ma\/index.php\/wp-json\/wp\/v2\/product_tag?post=26413"}],"curies":[{"name":"wp","href":"https:\/\/api.w.org\/{rel}","templated":true}]}}